{"id":9969,"date":"2025-07-09T07:40:52","date_gmt":"2025-07-09T07:40:52","guid":{"rendered":"https:\/\/www.adiestradorcanino.com\/webdelperro\/asturias\/oviedo\/adiestramiento-canino-arbesu-educadores-caninos-en-oviedo-asturias\/"},"modified":"2025-07-09T07:40:52","modified_gmt":"2025-07-09T07:40:52","slug":"adiestramiento-canino-arbesu-educadores-caninos-en-oviedo-asturias","status":"publish","type":"page","link":"https:\/\/www.adiestradorcanino.com\/webdelperro\/asturias\/oviedo\/adiestramiento-canino-arbesu-educadores-caninos-en-oviedo-asturias\/","title":{"rendered":"Adiestramiento canino Arbes\u00fa Educadores Caninos en Oviedo, Asturias"},"content":{"rendered":"\n<p>Si est\u00e1s en la b\u00fasqueda de un sitio seguro id\u00f3neo para el adiestramiento canino dentro de Oviedo, este centro representa una alternativa destacada. Nuestra instalaci\u00f3n se especializa con mascotas de todas las edades y razas, usando t\u00e9cnicas respetuosos y tambi\u00e9n eficaces.<\/p>\n\n\n\n<h2 class=\"wp-block-heading has-text-align-left nombreclinica\">Arbes\u00fa Educadores Caninos<\/h2>\n\n\n\n<div class=\"wp-block-group is-layout-constrained wp-block-group-is-layout-constrained\">\n<div class=\"wp-block-columns nc-clase-ficha is-layout-flex wp-container-core-columns-is-layout-9d6595d7 wp-block-columns-is-layout-flex\">\n<div class=\"wp-block-column is-vertically-aligned-center is-layout-flow wp-block-column-is-layout-flow\">\n<figure class=\"wp-block-image size-full\"><img decoding=\"async\" src=\"https:\/\/www.adiestradorcanino.com\/webdelperro\/wp-content\/uploads\/2025\/07\/Arbesu-Educadores-Caninos.png\" alt=\"Arbes\u00fa Educadores Caninos\" class=\"wp-image-19766\"\/><\/figure>\n\n\n\n<p>Entre nuestros tratamientos m\u00e1s demandados est\u00e1n los obediencia b\u00e1sica, la correcci\u00f3n de conductas inapropiadas, la interacci\u00f3n con otros animales y las sesiones especiales para cachorros. Adem\u00e1s, en el centro se adaptan a las particularidades de cada familia y animal.<\/p>\n<\/div>\n\n\n\n<div class=\"wp-block-column is-vertically-aligned-center is-layout-flow wp-block-column-is-layout-flow\">\n<div class=\"su-service\"><div class=\"su-service-title\" style=\"padding-left:46px;min-height:32px;line-height:32px\"><i class=\"sui sui-user\" style=\"font-size:32px;color:#2471a3\"><\/i> <strong>Nombre<\/strong><\/div><div class=\"su-service-content su-u-clearfix su-u-trim\" style=\"padding-left:46px\">Arbes\u00fa Educadores Caninos<\/div><\/div>\n\n\n\n<div class=\"su-service\"><div class=\"su-service-title\" style=\"padding-left:46px;min-height:32px;line-height:32px\"><i class=\"sui sui-map-marker\" style=\"font-size:32px;color:#2471a3\"><\/i> <strong>Direcci\u00f3n<\/strong><\/div><div class=\"su-service-content su-u-clearfix su-u-trim\" style=\"padding-left:46px\">Guarder\u00eda canina \u00abLa Madriguera de L\u00faa, Molina 7, 33191 Molina, Asturias<\/div><\/div>\n\n\n\n<div class=\"su-service\"><div class=\"su-service-title\" style=\"padding-left:46px;min-height:32px;line-height:32px\"><i class=\"sui sui-volume-control-phone\" style=\"font-size:32px;color:#2471a3\"><\/i> <strong>Tel\u00e9fono<\/strong><\/div><div class=\"su-service-content su-u-clearfix su-u-trim\" style=\"padding-left:46px\">676 59 69 33<\/div><\/div>\n\n\n\n<div class=\"su-service\"><div class=\"su-service-title\" style=\"padding-left:46px;min-height:32px;line-height:32px\"><i class=\"sui sui-globe\" style=\"font-size:32px;color:#2471a3\"><\/i> <strong>Sitio web<\/strong><\/div><div class=\"su-service-content su-u-clearfix su-u-trim\" style=\"padding-left:46px\">https:\/\/arbesueducadorescaninos.es\/<\/div><\/div>\n\n\n\n<div class=\"su-service\"><div class=\"su-service-title\" style=\"padding-left:46px;min-height:32px;line-height:32px\"><i class=\"sui sui-star\" style=\"font-size:32px;color:#2471a3\"><\/i> Valoraci\u00f3n de los clientes<\/div><div class=\"su-service-content su-u-clearfix su-u-trim\" style=\"padding-left:46px\">4.9 \/ 5 (130)<\/div><\/div>\n<\/div>\n<\/div>\n<\/div>\n\n\n\n<div class=\"wp-block-columns is-layout-flex wp-container-core-columns-is-layout-9d6595d7 wp-block-columns-is-layout-flex\">\n<div class=\"wp-block-column mapa2 is-layout-flow wp-block-column-is-layout-flow\">\n<h2 class=\"wp-block-heading\">Ubicaci\u00f3n de Arbes\u00fa Educadores Caninos<\/h2>\n\n\n\n<div class=\"su-gmap su-u-responsive-media-yes mapa\"><iframe loading=\"lazy\" width=\"600\" height=\"280\" src=\"\/\/maps.google.com\/maps?q=Moscow&amp;output=embed&amp;z=20\" title=\"\"><\/iframe><\/div>\n\n\n\n<h2 class=\"wp-block-heading\">Horarios de Arbes\u00fa Educadores Caninos<\/h2>\n\n\n\n<figure class=\"wp-block-table\"><table><tbody><tr><td><strong>Lunes<\/strong><\/td><td>lunes: 10:00\u201313:00, 17:00\u201319:30<\/td><\/tr><tr><td><strong>Martes<\/strong><\/td><td>martes: 10:00\u201313:00, 17:00\u201319:30<\/td><\/tr><tr><td><strong>Mi\u00e9rcoles<\/strong><\/td><td>mi\u00e9rcoles: 10:00\u201313:00, 17:00\u201319:30<\/td><\/tr><tr><td><strong>Jueves<\/strong><\/td><td>jueves: 10:00\u201313:00, 17:00\u201319:30<\/td><\/tr><tr><td><strong>Viernes<\/strong><\/td><td>viernes: 10:00\u201313:00, 17:00\u201319:30<\/td><\/tr><tr><td><strong>S\u00e1bado<\/strong><\/td><td>s\u00e1bado: 10:00\u201313:00<\/td><\/tr><tr><td><strong>Domingo<\/strong><\/td><td>domingo: Cerrado<\/td><\/tr><\/tbody><\/table><\/figure>\n\n\n\n<h2 class=\"wp-block-heading\">Tel\u00e9fono de Arbes\u00fa Educadores Caninos<\/h2>\n\n\n\n<p>Si quieres comunicarte con <strong>Arbes\u00fa Educadores Caninos<\/strong>, puedes hacerlo directamente llamando al siguiente n\u00famero:<\/p>\n\n\n\n<div class=\"wp-block-buttons is-content-justification-center is-layout-flex wp-container-core-buttons-is-layout-16018d1d wp-block-buttons-is-layout-flex\">\n<div class=\"wp-block-button is-style-fill\"><a class=\"wp-block-button__link has-background has-medium-font-size has-custom-font-size wp-element-button\" href=\"tel:676 59 69 33\" style=\"border-radius:6px;background-color:#2471a3\">Llamar ahora<\/a><\/div>\n<\/div>\n\n\n\n<h2 class=\"wp-block-heading\">M\u00e1s informaci\u00f3n<\/h2>\n\n\n\n<p>En el centro de adiestramiento canino Arbes\u00fa Educadores Caninos, ubicado en la Guarder\u00eda canina \u00abLa Madriguera de L\u00faa\u00bb en Molina, Asturias, ofrecemos un enfoque integral y personalizado para adiestrar perros en Oviedo y sus alrededores. Nuestros adiestradores de perros en Asturias est\u00e1n especializados en t\u00e9cnicas de obediencia, socializaci\u00f3n y modificaci\u00f3n de conducta, garantizando que cada mascota reciba la atenci\u00f3n y el cuidado que necesita para desarrollarse de manera equilibrada y feliz. Lo que nos diferencia de otros centros es nuestro compromiso con el bienestar animal y la formaci\u00f3n continua de nuestro equipo, lo que nos permite adaptar nuestras metodolog\u00edas a las necesidades espec\u00edficas de cada perro y su propietario. Si buscas un servicio de calidad para adiestrar perros en un entorno profesional y cercano, Arbes\u00fa Educadores Caninos es tu mejor opci\u00f3n en Oviedo.<\/p>\n\n\n\n<p>Ubicado en Guarder\u00eda canina \u00abLa Madriguera de L\u00faa, Molina 7, 33191 Molina, Asturias, el centro de adiestramiento canino en Oviedo es famoso por su trato cercano, profesionalidad y logros visibles. Revisa las rese\u00f1as de otros usuarios para entender su experiencia.<\/p>\n<\/div>\n<\/div>\n\n\n\n<p><\/p>\n\n\n\n<p>Si necesitas conocer otros (PONER NEGOCIO, ej: asesor\u00eda legal, decoraci\u00f3n de eventos, instalaciones el\u00e9ctricas) puedes <strong><a href=\"\/\">visitar nuestra p\u00e1gina principal<\/a><\/strong>.<\/p>\n","protected":false},"excerpt":{"rendered":"<p>Si est\u00e1s en la b\u00fasqueda de un sitio seguro id\u00f3neo para el adiestramiento canino dentro de Oviedo, este centro representa una alternativa destacada. Nuestra instalaci\u00f3n se especializa con mascotas de todas las edades y razas, usando t\u00e9cnicas respetuosos y tambi\u00e9n eficaces. Arbes\u00fa Educadores Caninos Entre nuestros tratamientos m\u00e1s demandados est\u00e1n los obediencia b\u00e1sica, la correcci\u00f3n [&hellip;]<\/p>\n","protected":false},"author":2,"featured_media":0,"parent":7745,"menu_order":0,"comment_status":"closed","ping_status":"closed","template":"","meta":{"_et_pb_use_builder":"","_et_pb_old_content":"","_et_gb_content_width":"","footnotes":""},"tags":[1039],"class_list":["post-9969","page","type-page","status-publish","hentry","tag-oviedo"],"_links":{"self":[{"href":"https:\/\/www.adiestradorcanino.com\/webdelperro\/wp-json\/wp\/v2\/pages\/9969","targetHints":{"allow":["GET"]}}],"collection":[{"href":"https:\/\/www.adiestradorcanino.com\/webdelperro\/wp-json\/wp\/v2\/pages"}],"about":[{"href":"https:\/\/www.adiestradorcanino.com\/webdelperro\/wp-json\/wp\/v2\/types\/page"}],"author":[{"embeddable":true,"href":"https:\/\/www.adiestradorcanino.com\/webdelperro\/wp-json\/wp\/v2\/users\/2"}],"replies":[{"embeddable":true,"href":"https:\/\/www.adiestradorcanino.com\/webdelperro\/wp-json\/wp\/v2\/comments?post=9969"}],"version-history":[{"count":0,"href":"https:\/\/www.adiestradorcanino.com\/webdelperro\/wp-json\/wp\/v2\/pages\/9969\/revisions"}],"up":[{"embeddable":true,"href":"https:\/\/www.adiestradorcanino.com\/webdelperro\/wp-json\/wp\/v2\/pages\/7745"}],"wp:attachment":[{"href":"https:\/\/www.adiestradorcanino.com\/webdelperro\/wp-json\/wp\/v2\/media?parent=9969"}],"wp:term":[{"taxonomy":"post_tag","embeddable":true,"href":"https:\/\/www.adiestradorcanino.com\/webdelperro\/wp-json\/wp\/v2\/tags?post=9969"}],"curies":[{"name":"wp","href":"https:\/\/api.w.org\/{rel}","templated":true}]}}

Adiestramiento canino Arbesú Educadores Caninos en Oviedo, Asturias

<p>Si estás en la búsqueda de un sitio seguro idóneo para el adiestramiento canino dentro de Oviedo, este centro representa una alternativa destacada. Nuestra instalación se especializa con mascotas de todas las edades y razas, usando técnicas respetuosos y también eficaces.</p>



<h2 class="wp-block-heading has-text-align-left nombreclinica">Arbesú Educadores Caninos</h2>



<div class="wp-block-group is-layout-constrained wp-block-group-is-layout-constrained">
<div class="wp-block-columns nc-clase-ficha is-layout-flex wp-container-core-columns-is-layout-9d6595d7 wp-block-columns-is-layout-flex">
<div class="wp-block-column is-vertically-aligned-center is-layout-flow wp-block-column-is-layout-flow">
<figure class="wp-block-image size-full"><img decoding="async" src="https://www.adiestradorcanino.com/webdelperro/wp-content/uploads/2025/07/Arbesu-Educadores-Caninos.png" alt="Arbesú Educadores Caninos" class="wp-image-19766"/></figure>



<p>Entre nuestros tratamientos más demandados están los obediencia básica, la corrección de conductas inapropiadas, la interacción con otros animales y las sesiones especiales para cachorros. Además, en el centro se adaptan a las particularidades de cada familia y animal.</p>
</div>



<div class="wp-block-column is-vertically-aligned-center is-layout-flow wp-block-column-is-layout-flow">
<div class="su-service"><div class="su-service-title" style="padding-left:46px;min-height:32px;line-height:32px"><i class="sui sui-user" style="font-size:32px;color:#2471a3"></i> <strong>Nombre</strong></div><div class="su-service-content su-u-clearfix su-u-trim" style="padding-left:46px">Arbesú Educadores Caninos</div></div>



<div class="su-service"><div class="su-service-title" style="padding-left:46px;min-height:32px;line-height:32px"><i class="sui sui-map-marker" style="font-size:32px;color:#2471a3"></i> <strong>Dirección</strong></div><div class="su-service-content su-u-clearfix su-u-trim" style="padding-left:46px">Guardería canina «La Madriguera de Lúa, Molina 7, 33191 Molina, Asturias</div></div>



<div class="su-service"><div class="su-service-title" style="padding-left:46px;min-height:32px;line-height:32px"><i class="sui sui-volume-control-phone" style="font-size:32px;color:#2471a3"></i> <strong>Teléfono</strong></div><div class="su-service-content su-u-clearfix su-u-trim" style="padding-left:46px">676 59 69 33</div></div>



<div class="su-service"><div class="su-service-title" style="padding-left:46px;min-height:32px;line-height:32px"><i class="sui sui-globe" style="font-size:32px;color:#2471a3"></i> <strong>Sitio web</strong></div><div class="su-service-content su-u-clearfix su-u-trim" style="padding-left:46px">https://arbesueducadorescaninos.es/</div></div>



<div class="su-service"><div class="su-service-title" style="padding-left:46px;min-height:32px;line-height:32px"><i class="sui sui-star" style="font-size:32px;color:#2471a3"></i> Valoración de los clientes</div><div class="su-service-content su-u-clearfix su-u-trim" style="padding-left:46px">4.9 / 5 (130)</div></div>
</div>
</div>
</div>



<div class="wp-block-columns is-layout-flex wp-container-core-columns-is-layout-9d6595d7 wp-block-columns-is-layout-flex">
<div class="wp-block-column mapa2 is-layout-flow wp-block-column-is-layout-flow">
<h2 class="wp-block-heading">Ubicación de Arbesú Educadores Caninos</h2>



<div class="su-gmap su-u-responsive-media-yes mapa"><iframe loading="lazy" width="600" height="280" src="//maps.google.com/maps?q=Moscow&amp;output=embed&amp;z=20" title=""></iframe></div>



<h2 class="wp-block-heading">Horarios de Arbesú Educadores Caninos</h2>



<figure class="wp-block-table"><table><tbody><tr><td><strong>Lunes</strong></td><td>lunes: 10:00–13:00, 17:00–19:30</td></tr><tr><td><strong>Martes</strong></td><td>martes: 10:00–13:00, 17:00–19:30</td></tr><tr><td><strong>Miércoles</strong></td><td>miércoles: 10:00–13:00, 17:00–19:30</td></tr><tr><td><strong>Jueves</strong></td><td>jueves: 10:00–13:00, 17:00–19:30</td></tr><tr><td><strong>Viernes</strong></td><td>viernes: 10:00–13:00, 17:00–19:30</td></tr><tr><td><strong>Sábado</strong></td><td>sábado: 10:00–13:00</td></tr><tr><td><strong>Domingo</strong></td><td>domingo: Cerrado</td></tr></tbody></table></figure>



<h2 class="wp-block-heading">Teléfono de Arbesú Educadores Caninos</h2>



<p>Si quieres comunicarte con <strong>Arbesú Educadores Caninos</strong>, puedes hacerlo directamente llamando al siguiente número:</p>



<div class="wp-block-buttons is-content-justification-center is-layout-flex wp-container-core-buttons-is-layout-16018d1d wp-block-buttons-is-layout-flex">
<div class="wp-block-button is-style-fill"><a class="wp-block-button__link has-background has-medium-font-size has-custom-font-size wp-element-button" href="tel:676 59 69 33" style="border-radius:6px;background-color:#2471a3">Llamar ahora</a></div>
</div>



<h2 class="wp-block-heading">Más información</h2>



<p>En el centro de adiestramiento canino Arbesú Educadores Caninos, ubicado en la Guardería canina «La Madriguera de Lúa» en Molina, Asturias, ofrecemos un enfoque integral y personalizado para adiestrar perros en Oviedo y sus alrededores. Nuestros adiestradores de perros en Asturias están especializados en técnicas de obediencia, socialización y modificación de conducta, garantizando que cada mascota reciba la atención y el cuidado que necesita para desarrollarse de manera equilibrada y feliz. Lo que nos diferencia de otros centros es nuestro compromiso con el bienestar animal y la formación continua de nuestro equipo, lo que nos permite adaptar nuestras metodologías a las necesidades específicas de cada perro y su propietario. Si buscas un servicio de calidad para adiestrar perros en un entorno profesional y cercano, Arbesú Educadores Caninos es tu mejor opción en Oviedo.</p>



<p>Ubicado en Guardería canina «La Madriguera de Lúa, Molina 7, 33191 Molina, Asturias, el centro de adiestramiento canino en Oviedo es famoso por su trato cercano, profesionalidad y logros visibles. Revisa las reseñas de otros usuarios para entender su experiencia.</p>
</div>
</div>



<p></p>



<p>Si necesitas conocer otros (PONER NEGOCIO, ej: asesoría legal, decoración de eventos, instalaciones eléctricas) puedes <strong><a href="/">visitar nuestra página principal</a></strong>.</p>

<p>Si estás en la búsqueda de un sitio seguro idóneo para el adiestramiento canino dentro de Oviedo, este centro representa una alternativa destacada. Nuestra instalación se especializa con mascotas de todas las edades y razas, usando técnicas respetuosos y también eficaces. Arbesú Educadores Caninos Entre nuestros tratamientos más demandados están los obediencia básica, la corrección [&hellip;]</p>
