{"id":9925,"date":"2025-07-09T07:34:49","date_gmt":"2025-07-09T07:34:49","guid":{"rendered":"https:\/\/www.adiestradorcanino.com\/webdelperro\/alava\/arinez\/adiestramiento-canino-centro-canino-arinez-en-arinez-alava\/"},"modified":"2025-07-09T07:34:49","modified_gmt":"2025-07-09T07:34:49","slug":"adiestramiento-canino-centro-canino-arinez-en-arinez-alava","status":"publish","type":"page","link":"https:\/\/www.adiestradorcanino.com\/webdelperro\/alava\/arinez\/adiestramiento-canino-centro-canino-arinez-en-arinez-alava\/","title":{"rendered":"Adiestramiento canino Centro Canino Ari\u00f1ez en Ari\u00f1ez, \u00c1lava"},"content":{"rendered":"\n<p>Si acaso buscas en la b\u00fasqueda de un sitio seguro para el el adiestramiento canino en Ari\u00f1ez,  Centro Canino Ari\u00f1ez se presenta como una excelente opci\u00f3n. Este lugar se dedica con perros sin importar la raza o edad, siempre t\u00e9cnicas \u00e9ticos y tambi\u00e9n \u00fatiles.<\/p>\n\n\n\n<h2 class=\"wp-block-heading has-text-align-left nombreclinica\">Centro Canino Ari\u00f1ez<\/h2>\n\n\n\n<div class=\"wp-block-group is-layout-constrained wp-block-group-is-layout-constrained\">\n<div class=\"wp-block-columns nc-clase-ficha is-layout-flex wp-container-core-columns-is-layout-9d6595d7 wp-block-columns-is-layout-flex\">\n<div class=\"wp-block-column is-vertically-aligned-center is-layout-flow wp-block-column-is-layout-flow\">\n<figure class=\"wp-block-image size-full\"><img decoding=\"async\" src=\"https:\/\/www.adiestradorcanino.com\/webdelperro\/wp-content\/uploads\/2025\/07\/Centro-Canino-Arinez.png\" alt=\"Centro Canino Ari\u00f1ez\" class=\"wp-image-19766\"\/><\/figure>\n\n\n\n<p>Dentro de los tratamientos m\u00e1s solicitados est\u00e1n la entrenamiento de obediencia, la modificaci\u00f3n de comportamientos no deseados, la socializaci\u00f3n con otros animales y las clases dirigidas a cachorros. Adem\u00e1s, en el centro se adaptan a las necesidades concretas de cada hogar y su animal.<\/p>\n<\/div>\n\n\n\n<div class=\"wp-block-column is-vertically-aligned-center is-layout-flow wp-block-column-is-layout-flow\">\n<div class=\"su-service\"><div class=\"su-service-title\" style=\"padding-left:46px;min-height:32px;line-height:32px\"><i class=\"sui sui-user\" style=\"font-size:32px;color:#2471a3\"><\/i> <strong>Nombre<\/strong><\/div><div class=\"su-service-content su-u-clearfix su-u-trim\" style=\"padding-left:46px\">Centro Canino Ari\u00f1ez<\/div><\/div>\n\n\n\n<div class=\"su-service\"><div class=\"su-service-title\" style=\"padding-left:46px;min-height:32px;line-height:32px\"><i class=\"sui sui-map-marker\" style=\"font-size:32px;color:#2471a3\"><\/i> <strong>Direcci\u00f3n<\/strong><\/div><div class=\"su-service-content su-u-clearfix su-u-trim\" style=\"padding-left:46px\">C. Entzia, 5 (Carretra, km 8, 01195 Zumelzu, \u00c1lava<\/div><\/div>\n\n\n\n<div class=\"su-service\"><div class=\"su-service-title\" style=\"padding-left:46px;min-height:32px;line-height:32px\"><i class=\"sui sui-volume-control-phone\" style=\"font-size:32px;color:#2471a3\"><\/i> <strong>Tel\u00e9fono<\/strong><\/div><div class=\"su-service-content su-u-clearfix su-u-trim\" style=\"padding-left:46px\">680 14 78 58<\/div><\/div>\n\n\n\n<div class=\"su-service\"><div class=\"su-service-title\" style=\"padding-left:46px;min-height:32px;line-height:32px\"><i class=\"sui sui-globe\" style=\"font-size:32px;color:#2471a3\"><\/i> <strong>Sitio web<\/strong><\/div><div class=\"su-service-content su-u-clearfix su-u-trim\" style=\"padding-left:46px\">http:\/\/www.centrocaninoarinez.com\/<\/div><\/div>\n\n\n\n<div class=\"su-service\"><div class=\"su-service-title\" style=\"padding-left:46px;min-height:32px;line-height:32px\"><i class=\"sui sui-star\" style=\"font-size:32px;color:#2471a3\"><\/i> Valoraci\u00f3n de los clientes<\/div><div class=\"su-service-content su-u-clearfix su-u-trim\" style=\"padding-left:46px\">4.6 \/ 5 (85)<\/div><\/div>\n<\/div>\n<\/div>\n<\/div>\n\n\n\n<div class=\"wp-block-columns is-layout-flex wp-container-core-columns-is-layout-9d6595d7 wp-block-columns-is-layout-flex\">\n<div class=\"wp-block-column mapa2 is-layout-flow wp-block-column-is-layout-flow\">\n<h2 class=\"wp-block-heading\">Ubicaci\u00f3n de Centro Canino Ari\u00f1ez<\/h2>\n\n\n\n<div class=\"su-gmap su-u-responsive-media-yes mapa\"><iframe loading=\"lazy\" width=\"600\" height=\"280\" src=\"\/\/maps.google.com\/maps?q=Centro%20Canino%20Ari%C3%B1ez%2C%20C.%20Entzia%2C%205%20%28Carretra%2C%20km%208%2C%2001195%20Zumelzu%2C%20%C3%81lava&amp;output=embed&amp;z=20\" title=\"\"><\/iframe><\/div>\n\n\n\n<h2 class=\"wp-block-heading\">Horarios de Centro Canino Ari\u00f1ez<\/h2>\n\n\n\n<figure class=\"wp-block-table\"><table><tbody><tr><td><strong>Lunes<\/strong><\/td><td>lunes: 11:00\u201313:00, 18:00\u201320:00<\/td><\/tr><tr><td><strong>Martes<\/strong><\/td><td>martes: 11:00\u201313:00, 18:00\u201320:00<\/td><\/tr><tr><td><strong>Mi\u00e9rcoles<\/strong><\/td><td>mi\u00e9rcoles: Cerrado<\/td><\/tr><tr><td><strong>Jueves<\/strong><\/td><td>jueves: 11:00\u201313:00, 18:00\u201320:00<\/td><\/tr><tr><td><strong>Viernes<\/strong><\/td><td>viernes: 11:00\u201313:00, 18:00\u201320:00<\/td><\/tr><tr><td><strong>S\u00e1bado<\/strong><\/td><td>s\u00e1bado: 11:00\u201313:00<\/td><\/tr><tr><td><strong>Domingo<\/strong><\/td><td>domingo: 18:00\u201320:00<\/td><\/tr><\/tbody><\/table><\/figure>\n\n\n\n<h2 class=\"wp-block-heading\">Tel\u00e9fono de Centro Canino Ari\u00f1ez<\/h2>\n\n\n\n<p>Si quieres comunicarte con <strong>Centro Canino Ari\u00f1ez<\/strong>, puedes hacerlo directamente llamando al siguiente n\u00famero:<\/p>\n\n\n\n<div class=\"wp-block-buttons is-content-justification-center is-layout-flex wp-container-core-buttons-is-layout-16018d1d wp-block-buttons-is-layout-flex\">\n<div class=\"wp-block-button is-style-fill\"><a class=\"wp-block-button__link has-background has-medium-font-size has-custom-font-size wp-element-button\" href=\"tel:680 14 78 58\" style=\"border-radius:6px;background-color:#2471a3\">Llamar ahora<\/a><\/div>\n<\/div>\n\n\n\n<h2 class=\"wp-block-heading\">M\u00e1s informaci\u00f3n<\/h2>\n\n\n\n<p>En el Centro Canino Ari\u00f1ez, ubicado en C. Entzia, 5 (Carretera, km 8, 01195 Zumelzu, \u00c1lava), ofrecemos un servicio integral de adiestramiento canino en Ari\u00f1ez, dise\u00f1ado para satisfacer las necesidades de cada perro y su due\u00f1o. Nuestros adiestradores de perros en \u00c1lava se especializan en t\u00e9cnicas de obediencia, socializaci\u00f3n y modificaci\u00f3n de conducta, garantizando un enfoque personalizado que promueve el bienestar y la felicidad de tu mascota. Lo que nos diferencia de otros centros es nuestro compromiso con la educaci\u00f3n positiva y el v\u00ednculo emocional entre el perro y su propietario, lo que facilita un aprendizaje efectivo y duradero. Si buscas adiestrar perros en un ambiente profesional, cercano y adaptado a las caracter\u00edsticas de tu peludo, el Centro Canino Ari\u00f1ez es la elecci\u00f3n ideal para ti.<\/p>\n\n\n\n<p>Ubicado en C. Entzia, 5 (Carretra, km 8, 01195 Zumelzu, \u00c1lava, este centro de adiestramiento canino en Ari\u00f1ez es destacado por su atenci\u00f3n afectuoso, expertise y logros visibles. Consulta las valoraciones de otros due\u00f1os de mascotas para descubrir su opini\u00f3n.<\/p>\n<\/div>\n<\/div>\n\n\n\n<p><\/p>\n\n\n\n<p>Si necesitas conocer otros (PONER NEGOCIO, ej: asesor\u00eda legal, decoraci\u00f3n de eventos, instalaciones el\u00e9ctricas) puedes <strong><a href=\"\/\">visitar nuestra p\u00e1gina principal<\/a><\/strong>.<\/p>\n","protected":false},"excerpt":{"rendered":"<p>Si acaso buscas en la b\u00fasqueda de un sitio seguro para el el adiestramiento canino en Ari\u00f1ez, Centro Canino Ari\u00f1ez se presenta como una excelente opci\u00f3n. Este lugar se dedica con perros sin importar la raza o edad, siempre t\u00e9cnicas \u00e9ticos y tambi\u00e9n \u00fatiles. Centro Canino Ari\u00f1ez Dentro de los tratamientos m\u00e1s solicitados est\u00e1n la [&hellip;]<\/p>\n","protected":false},"author":2,"featured_media":0,"parent":7634,"menu_order":0,"comment_status":"closed","ping_status":"closed","template":"","meta":{"_et_pb_use_builder":"","_et_pb_old_content":"","_et_gb_content_width":"","footnotes":""},"tags":[1007],"class_list":["post-9925","page","type-page","status-publish","hentry","tag-arinez"],"_links":{"self":[{"href":"https:\/\/www.adiestradorcanino.com\/webdelperro\/wp-json\/wp\/v2\/pages\/9925","targetHints":{"allow":["GET"]}}],"collection":[{"href":"https:\/\/www.adiestradorcanino.com\/webdelperro\/wp-json\/wp\/v2\/pages"}],"about":[{"href":"https:\/\/www.adiestradorcanino.com\/webdelperro\/wp-json\/wp\/v2\/types\/page"}],"author":[{"embeddable":true,"href":"https:\/\/www.adiestradorcanino.com\/webdelperro\/wp-json\/wp\/v2\/users\/2"}],"replies":[{"embeddable":true,"href":"https:\/\/www.adiestradorcanino.com\/webdelperro\/wp-json\/wp\/v2\/comments?post=9925"}],"version-history":[{"count":0,"href":"https:\/\/www.adiestradorcanino.com\/webdelperro\/wp-json\/wp\/v2\/pages\/9925\/revisions"}],"up":[{"embeddable":true,"href":"https:\/\/www.adiestradorcanino.com\/webdelperro\/wp-json\/wp\/v2\/pages\/7634"}],"wp:attachment":[{"href":"https:\/\/www.adiestradorcanino.com\/webdelperro\/wp-json\/wp\/v2\/media?parent=9925"}],"wp:term":[{"taxonomy":"post_tag","embeddable":true,"href":"https:\/\/www.adiestradorcanino.com\/webdelperro\/wp-json\/wp\/v2\/tags?post=9925"}],"curies":[{"name":"wp","href":"https:\/\/api.w.org\/{rel}","templated":true}]}}

Adiestramiento canino Centro Canino Ariñez en Ariñez, Álava

<p>Si acaso buscas en la búsqueda de un sitio seguro para el el adiestramiento canino en Ariñez,  Centro Canino Ariñez se presenta como una excelente opción. Este lugar se dedica con perros sin importar la raza o edad, siempre técnicas éticos y también útiles.</p>



<h2 class="wp-block-heading has-text-align-left nombreclinica">Centro Canino Ariñez</h2>



<div class="wp-block-group is-layout-constrained wp-block-group-is-layout-constrained">
<div class="wp-block-columns nc-clase-ficha is-layout-flex wp-container-core-columns-is-layout-9d6595d7 wp-block-columns-is-layout-flex">
<div class="wp-block-column is-vertically-aligned-center is-layout-flow wp-block-column-is-layout-flow">
<figure class="wp-block-image size-full"><img decoding="async" src="https://www.adiestradorcanino.com/webdelperro/wp-content/uploads/2025/07/Centro-Canino-Arinez.png" alt="Centro Canino Ariñez" class="wp-image-19766"/></figure>



<p>Dentro de los tratamientos más solicitados están la entrenamiento de obediencia, la modificación de comportamientos no deseados, la socialización con otros animales y las clases dirigidas a cachorros. Además, en el centro se adaptan a las necesidades concretas de cada hogar y su animal.</p>
</div>



<div class="wp-block-column is-vertically-aligned-center is-layout-flow wp-block-column-is-layout-flow">
<div class="su-service"><div class="su-service-title" style="padding-left:46px;min-height:32px;line-height:32px"><i class="sui sui-user" style="font-size:32px;color:#2471a3"></i> <strong>Nombre</strong></div><div class="su-service-content su-u-clearfix su-u-trim" style="padding-left:46px">Centro Canino Ariñez</div></div>



<div class="su-service"><div class="su-service-title" style="padding-left:46px;min-height:32px;line-height:32px"><i class="sui sui-map-marker" style="font-size:32px;color:#2471a3"></i> <strong>Dirección</strong></div><div class="su-service-content su-u-clearfix su-u-trim" style="padding-left:46px">C. Entzia, 5 (Carretra, km 8, 01195 Zumelzu, Álava</div></div>



<div class="su-service"><div class="su-service-title" style="padding-left:46px;min-height:32px;line-height:32px"><i class="sui sui-volume-control-phone" style="font-size:32px;color:#2471a3"></i> <strong>Teléfono</strong></div><div class="su-service-content su-u-clearfix su-u-trim" style="padding-left:46px">680 14 78 58</div></div>



<div class="su-service"><div class="su-service-title" style="padding-left:46px;min-height:32px;line-height:32px"><i class="sui sui-globe" style="font-size:32px;color:#2471a3"></i> <strong>Sitio web</strong></div><div class="su-service-content su-u-clearfix su-u-trim" style="padding-left:46px">http://www.centrocaninoarinez.com/</div></div>



<div class="su-service"><div class="su-service-title" style="padding-left:46px;min-height:32px;line-height:32px"><i class="sui sui-star" style="font-size:32px;color:#2471a3"></i> Valoración de los clientes</div><div class="su-service-content su-u-clearfix su-u-trim" style="padding-left:46px">4.6 / 5 (85)</div></div>
</div>
</div>
</div>



<div class="wp-block-columns is-layout-flex wp-container-core-columns-is-layout-9d6595d7 wp-block-columns-is-layout-flex">
<div class="wp-block-column mapa2 is-layout-flow wp-block-column-is-layout-flow">
<h2 class="wp-block-heading">Ubicación de Centro Canino Ariñez</h2>



<div class="su-gmap su-u-responsive-media-yes mapa"><iframe loading="lazy" width="600" height="280" src="//maps.google.com/maps?q=Centro%20Canino%20Ari%C3%B1ez%2C%20C.%20Entzia%2C%205%20%28Carretra%2C%20km%208%2C%2001195%20Zumelzu%2C%20%C3%81lava&amp;output=embed&amp;z=20" title=""></iframe></div>



<h2 class="wp-block-heading">Horarios de Centro Canino Ariñez</h2>



<figure class="wp-block-table"><table><tbody><tr><td><strong>Lunes</strong></td><td>lunes: 11:00–13:00, 18:00–20:00</td></tr><tr><td><strong>Martes</strong></td><td>martes: 11:00–13:00, 18:00–20:00</td></tr><tr><td><strong>Miércoles</strong></td><td>miércoles: Cerrado</td></tr><tr><td><strong>Jueves</strong></td><td>jueves: 11:00–13:00, 18:00–20:00</td></tr><tr><td><strong>Viernes</strong></td><td>viernes: 11:00–13:00, 18:00–20:00</td></tr><tr><td><strong>Sábado</strong></td><td>sábado: 11:00–13:00</td></tr><tr><td><strong>Domingo</strong></td><td>domingo: 18:00–20:00</td></tr></tbody></table></figure>



<h2 class="wp-block-heading">Teléfono de Centro Canino Ariñez</h2>



<p>Si quieres comunicarte con <strong>Centro Canino Ariñez</strong>, puedes hacerlo directamente llamando al siguiente número:</p>



<div class="wp-block-buttons is-content-justification-center is-layout-flex wp-container-core-buttons-is-layout-16018d1d wp-block-buttons-is-layout-flex">
<div class="wp-block-button is-style-fill"><a class="wp-block-button__link has-background has-medium-font-size has-custom-font-size wp-element-button" href="tel:680 14 78 58" style="border-radius:6px;background-color:#2471a3">Llamar ahora</a></div>
</div>



<h2 class="wp-block-heading">Más información</h2>



<p>En el Centro Canino Ariñez, ubicado en C. Entzia, 5 (Carretera, km 8, 01195 Zumelzu, Álava), ofrecemos un servicio integral de adiestramiento canino en Ariñez, diseñado para satisfacer las necesidades de cada perro y su dueño. Nuestros adiestradores de perros en Álava se especializan en técnicas de obediencia, socialización y modificación de conducta, garantizando un enfoque personalizado que promueve el bienestar y la felicidad de tu mascota. Lo que nos diferencia de otros centros es nuestro compromiso con la educación positiva y el vínculo emocional entre el perro y su propietario, lo que facilita un aprendizaje efectivo y duradero. Si buscas adiestrar perros en un ambiente profesional, cercano y adaptado a las características de tu peludo, el Centro Canino Ariñez es la elección ideal para ti.</p>



<p>Ubicado en C. Entzia, 5 (Carretra, km 8, 01195 Zumelzu, Álava, este centro de adiestramiento canino en Ariñez es destacado por su atención afectuoso, expertise y logros visibles. Consulta las valoraciones de otros dueños de mascotas para descubrir su opinión.</p>
</div>
</div>



<p></p>



<p>Si necesitas conocer otros (PONER NEGOCIO, ej: asesoría legal, decoración de eventos, instalaciones eléctricas) puedes <strong><a href="/">visitar nuestra página principal</a></strong>.</p>

<p>Si acaso buscas en la búsqueda de un sitio seguro para el el adiestramiento canino en Ariñez, Centro Canino Ariñez se presenta como una excelente opción. Este lugar se dedica con perros sin importar la raza o edad, siempre técnicas éticos y también útiles. Centro Canino Ariñez Dentro de los tratamientos más solicitados están la [&hellip;]</p>
