{"id":9911,"date":"2025-07-09T07:32:56","date_gmt":"2025-07-09T07:32:56","guid":{"rendered":"https:\/\/www.adiestradorcanino.com\/webdelperro\/alava\/vitoria-gasteiz\/adiestramiento-canino-codo-con-pata-intervenciones-asistidas-con-animales-y-educacion-canina-en-vitoria-gasteiz-alava\/"},"modified":"2025-07-09T07:32:56","modified_gmt":"2025-07-09T07:32:56","slug":"adiestramiento-canino-codo-con-pata-intervenciones-asistidas-con-animales-y-educacion-canina-en-vitoria-gasteiz-alava","status":"publish","type":"page","link":"https:\/\/www.adiestradorcanino.com\/webdelperro\/alava\/vitoria-gasteiz\/adiestramiento-canino-codo-con-pata-intervenciones-asistidas-con-animales-y-educacion-canina-en-vitoria-gasteiz-alava\/","title":{"rendered":"Adiestramiento canino Codo Con Pata &#8211; Intervenciones Asistidas Con Animales Y Educaci\u00f3n Canina en Vitoria-gasteiz, \u00c1lava"},"content":{"rendered":"\n<p>Si buscas en la b\u00fasqueda un sitio seguro para adiestramiento de perros dentro de Vitoria-gasteiz,  Codo Con Pata &#8211; Intervenciones Asistidas Con Animales Y Educaci\u00f3n Canina es una alternativa destacada. Este centro se especializa con perros de todas las edades y razas, siempre con respetuosos y \u00fatiles.<\/p>\n\n\n\n<h2 class=\"wp-block-heading has-text-align-left nombreclinica\">Codo Con Pata &#8211; Intervenciones Asistidas Con Animales Y Educaci\u00f3n Canina<\/h2>\n\n\n\n<div class=\"wp-block-group is-layout-constrained wp-block-group-is-layout-constrained\">\n<div class=\"wp-block-columns nc-clase-ficha is-layout-flex wp-container-core-columns-is-layout-9d6595d7 wp-block-columns-is-layout-flex\">\n<div class=\"wp-block-column is-vertically-aligned-center is-layout-flow wp-block-column-is-layout-flow\">\n<figure class=\"wp-block-image size-full\"><img decoding=\"async\" src=\"https:\/\/www.adiestradorcanino.com\/webdelperro\/wp-content\/uploads\/2025\/07\/Codo-Con-Pata-Intervenciones-Asistidas-Con-Animales-Y-Educacion-Canina.jpg\" alt=\"Codo Con Pata - Intervenciones Asistidas Con Animales Y Educaci\u00f3n Canina\" class=\"wp-image-19766\"\/><\/figure>\n\n\n\n<p>Entre los servicios m\u00e1s demandados se encuentran los entrenamiento de obediencia, la correcci\u00f3n de conductas no deseadas, la interacci\u00f3n con otros animales y las sesiones especiales para cachorros. Asimismo, en nuestro centro nos adaptamos a las necesidades concretas de cada familia y su mascota.<\/p>\n<\/div>\n\n\n\n<div class=\"wp-block-column is-vertically-aligned-center is-layout-flow wp-block-column-is-layout-flow\">\n<div class=\"su-service\"><div class=\"su-service-title\" style=\"padding-left:46px;min-height:32px;line-height:32px\"><i class=\"sui sui-user\" style=\"font-size:32px;color:#2471a3\"><\/i> <strong>Nombre<\/strong><\/div><div class=\"su-service-content su-u-clearfix su-u-trim\" style=\"padding-left:46px\">Codo Con Pata &#8211; Intervenciones Asistidas Con Animales Y Educaci\u00f3n Canina<\/div><\/div>\n\n\n\n<div class=\"su-service\"><div class=\"su-service-title\" style=\"padding-left:46px;min-height:32px;line-height:32px\"><i class=\"sui sui-map-marker\" style=\"font-size:32px;color:#2471a3\"><\/i> <strong>Direcci\u00f3n<\/strong><\/div><div class=\"su-service-content su-u-clearfix su-u-trim\" style=\"padding-left:46px\">Salburua, 01003 Vitoria-Gasteiz, \u00c1lava<\/div><\/div>\n\n\n\n<div class=\"su-service\"><div class=\"su-service-title\" style=\"padding-left:46px;min-height:32px;line-height:32px\"><i class=\"sui sui-volume-control-phone\" style=\"font-size:32px;color:#2471a3\"><\/i> <strong>Tel\u00e9fono<\/strong><\/div><div class=\"su-service-content su-u-clearfix su-u-trim\" style=\"padding-left:46px\">664 50 63 02<\/div><\/div>\n\n\n\n<div class=\"su-service\"><div class=\"su-service-title\" style=\"padding-left:46px;min-height:32px;line-height:32px\"><i class=\"sui sui-globe\" style=\"font-size:32px;color:#2471a3\"><\/i> <strong>Sitio web<\/strong><\/div><div class=\"su-service-content su-u-clearfix su-u-trim\" style=\"padding-left:46px\">http:\/\/codoconpata.com\/<\/div><\/div>\n\n\n\n<div class=\"su-service\"><div class=\"su-service-title\" style=\"padding-left:46px;min-height:32px;line-height:32px\"><i class=\"sui sui-star\" style=\"font-size:32px;color:#2471a3\"><\/i> Valoraci\u00f3n de los clientes<\/div><div class=\"su-service-content su-u-clearfix su-u-trim\" style=\"padding-left:46px\">5 \/ 5 (5)<\/div><\/div>\n<\/div>\n<\/div>\n<\/div>\n\n\n\n<div class=\"wp-block-columns is-layout-flex wp-container-core-columns-is-layout-9d6595d7 wp-block-columns-is-layout-flex\">\n<div class=\"wp-block-column mapa2 is-layout-flow wp-block-column-is-layout-flow\">\n<h2 class=\"wp-block-heading\">Ubicaci\u00f3n de Codo Con Pata &#8211; Intervenciones Asistidas Con Animales Y Educaci\u00f3n Canina<\/h2>\n\n\n\n<div class=\"su-gmap su-u-responsive-media-yes mapa\"><iframe loading=\"lazy\" width=\"600\" height=\"280\" src=\"\/\/maps.google.com\/maps?q=Codo%20Con%20Pata%20-%20Intervenciones%20Asistidas%20Con%20Animales%20Y%20Educaci%C3%B3n%20Canina%2C%20Salburua%2C%2001003%20Vitoria-Gasteiz%2C%20%C3%81lava&amp;output=embed&amp;z=20\" title=\"\"><\/iframe><\/div>\n\n\n\n<h2 class=\"wp-block-heading\">Horarios de Codo Con Pata &#8211; Intervenciones Asistidas Con Animales Y Educaci\u00f3n Canina<\/h2>\n\n\n\n<figure class=\"wp-block-table\"><table><tbody><tr><td><strong>Lunes<\/strong><\/td><td>lunes: 10:00\u201320:00<\/td><\/tr><tr><td><strong>Martes<\/strong><\/td><td>martes: 10:00\u201320:00<\/td><\/tr><tr><td><strong>Mi\u00e9rcoles<\/strong><\/td><td>mi\u00e9rcoles: 10:00\u201320:00<\/td><\/tr><tr><td><strong>Jueves<\/strong><\/td><td>jueves: 10:00\u201320:00<\/td><\/tr><tr><td><strong>Viernes<\/strong><\/td><td>viernes: 10:00\u201320:00<\/td><\/tr><tr><td><strong>S\u00e1bado<\/strong><\/td><td>s\u00e1bado: Cerrado<\/td><\/tr><tr><td><strong>Domingo<\/strong><\/td><td>domingo: Cerrado<\/td><\/tr><\/tbody><\/table><\/figure>\n\n\n\n<h2 class=\"wp-block-heading\">Tel\u00e9fono de Codo Con Pata &#8211; Intervenciones Asistidas Con Animales Y Educaci\u00f3n Canina<\/h2>\n\n\n\n<p>Si quieres comunicarte con <strong>Codo Con Pata &#8211; Intervenciones Asistidas Con Animales Y Educaci\u00f3n Canina<\/strong>, puedes hacerlo directamente llamando al siguiente n\u00famero:<\/p>\n\n\n\n<div class=\"wp-block-buttons is-content-justification-center is-layout-flex wp-container-core-buttons-is-layout-16018d1d wp-block-buttons-is-layout-flex\">\n<div class=\"wp-block-button is-style-fill\"><a class=\"wp-block-button__link has-background has-medium-font-size has-custom-font-size wp-element-button\" href=\"tel:664 50 63 02\" style=\"border-radius:6px;background-color:#2471a3\">Llamar ahora<\/a><\/div>\n<\/div>\n\n\n\n<h2 class=\"wp-block-heading\">M\u00e1s informaci\u00f3n<\/h2>\n\n\n\n<p>Codo Con Pata &#8211; Intervenciones Asistidas Con Animales Y Educaci\u00f3n Canina, ubicado en Salburua, 01003 Vitoria-Gasteiz, \u00c1lava, se destaca como un referente en adiestramiento canino en Vitoria-Gasteiz. Nuestro centro ofrece una amplia gama de servicios que incluyen la obediencia b\u00e1sica, socializaci\u00f3n, modificaci\u00f3n de conducta y entrenamiento especializado para perros de todas las edades. Contamos con un equipo de adiestradores de perros en \u00c1lava altamente capacitados que emplean m\u00e9todos positivos y personalizados, garantizando as\u00ed una educaci\u00f3n positiva y respetuosa. Lo que nos diferencia es nuestro enfoque hol\u00edstico que integra intervenciones asistidas con animales, promoviendo no solo la educaci\u00f3n del perro, sino tambi\u00e9n el bienestar emocional de todos los involucrados. Si buscas adiestrar perros de manera positiva y con un enfoque profesional y cercano, Codo Con Pata es tu mejor opci\u00f3n en Vitoria-Gasteiz.<\/p>\n\n\n\n<p>Situado en Salburua, 01003 Vitoria-Gasteiz, \u00c1lava, el centro de adiestramiento canino en Vitoria-gasteiz se considera reconocido por su trato cercano, expertise y logros notables. Mira las valoraciones de otros due\u00f1os de mascotas para conocer su experiencia.<\/p>\n<\/div>\n<\/div>\n\n\n\n<p><\/p>\n\n\n\n<p>Si necesitas conocer otros (PONER NEGOCIO, ej: asesor\u00eda legal, decoraci\u00f3n de eventos, instalaciones el\u00e9ctricas) puedes <strong><a href=\"\/\">visitar nuestra p\u00e1gina principal<\/a><\/strong>.<\/p>\n","protected":false},"excerpt":{"rendered":"<p>Si buscas en la b\u00fasqueda un sitio seguro para adiestramiento de perros dentro de Vitoria-gasteiz, Codo Con Pata &#8211; Intervenciones Asistidas Con Animales Y Educaci\u00f3n Canina es una alternativa destacada. Este centro se especializa con perros de todas las edades y razas, siempre con respetuosos y \u00fatiles. Codo Con Pata &#8211; Intervenciones Asistidas Con Animales [&hellip;]<\/p>\n","protected":false},"author":2,"featured_media":0,"parent":7607,"menu_order":0,"comment_status":"closed","ping_status":"closed","template":"","meta":{"_et_pb_use_builder":"","_et_pb_old_content":"","_et_gb_content_width":"","footnotes":""},"tags":[911],"class_list":["post-9911","page","type-page","status-publish","hentry","tag-vitoria-gasteiz"],"_links":{"self":[{"href":"https:\/\/www.adiestradorcanino.com\/webdelperro\/wp-json\/wp\/v2\/pages\/9911","targetHints":{"allow":["GET"]}}],"collection":[{"href":"https:\/\/www.adiestradorcanino.com\/webdelperro\/wp-json\/wp\/v2\/pages"}],"about":[{"href":"https:\/\/www.adiestradorcanino.com\/webdelperro\/wp-json\/wp\/v2\/types\/page"}],"author":[{"embeddable":true,"href":"https:\/\/www.adiestradorcanino.com\/webdelperro\/wp-json\/wp\/v2\/users\/2"}],"replies":[{"embeddable":true,"href":"https:\/\/www.adiestradorcanino.com\/webdelperro\/wp-json\/wp\/v2\/comments?post=9911"}],"version-history":[{"count":0,"href":"https:\/\/www.adiestradorcanino.com\/webdelperro\/wp-json\/wp\/v2\/pages\/9911\/revisions"}],"up":[{"embeddable":true,"href":"https:\/\/www.adiestradorcanino.com\/webdelperro\/wp-json\/wp\/v2\/pages\/7607"}],"wp:attachment":[{"href":"https:\/\/www.adiestradorcanino.com\/webdelperro\/wp-json\/wp\/v2\/media?parent=9911"}],"wp:term":[{"taxonomy":"post_tag","embeddable":true,"href":"https:\/\/www.adiestradorcanino.com\/webdelperro\/wp-json\/wp\/v2\/tags?post=9911"}],"curies":[{"name":"wp","href":"https:\/\/api.w.org\/{rel}","templated":true}]}}