{"id":9891,"date":"2025-07-09T07:29:57","date_gmt":"2025-07-09T07:29:57","guid":{"rendered":"https:\/\/www.adiestradorcanino.com\/webdelperro\/alicante\/mutxamiel\/adiestramiento-canino-escuela-canina-perros-terapeuticos-perro-school-en-mutxamiel-alicante\/"},"modified":"2025-07-09T07:29:57","modified_gmt":"2025-07-09T07:29:57","slug":"adiestramiento-canino-escuela-canina-perros-terapeuticos-perro-school-en-mutxamiel-alicante","status":"publish","type":"page","link":"https:\/\/www.adiestradorcanino.com\/webdelperro\/alicante\/mutxamiel\/adiestramiento-canino-escuela-canina-perros-terapeuticos-perro-school-en-mutxamiel-alicante\/","title":{"rendered":"Adiestramiento canino Escuela Canina Perros Terap\u00e9uticos Perro School en Mutxamiel, Alicante"},"content":{"rendered":"\n<p>En caso de que est\u00e1s en la b\u00fasqueda un espacio confiable id\u00f3neo para entrenamiento canino dentro de Mutxamiel,  Escuela Canina Perros Terap\u00e9uticos Perro School representa una opci\u00f3n destacada. Este lugar se especializa en el manejo de perros de cualquier edad y raza, siempre m\u00e9todos amigables y tambi\u00e9n eficaces.<\/p>\n\n\n\n<h2 class=\"wp-block-heading has-text-align-left nombreclinica\">Escuela Canina Perros Terap\u00e9uticos Perro School<\/h2>\n\n\n\n<div class=\"wp-block-group is-layout-constrained wp-block-group-is-layout-constrained\">\n<div class=\"wp-block-columns nc-clase-ficha is-layout-flex wp-container-core-columns-is-layout-9d6595d7 wp-block-columns-is-layout-flex\">\n<div class=\"wp-block-column is-vertically-aligned-center is-layout-flow wp-block-column-is-layout-flow\">\n<figure class=\"wp-block-image size-full\"><img decoding=\"async\" src=\"https:\/\/www.adiestradorcanino.com\/webdelperro\/wp-content\/uploads\/2025\/07\/Escuela-Canina-Perros-Terapeuticos-Perro-School.png\" alt=\"Escuela Canina Perros Terap\u00e9uticos Perro School\" class=\"wp-image-19766\"\/><\/figure>\n\n\n\n<p>Entre nuestros servicios m\u00e1s demandados est\u00e1n la obediencia b\u00e1sica, la correcci\u00f3n de conductas inapropiadas, la interacci\u00f3n con otros animales y las clases dirigidas a cachorros. Asimismo, en nombre nos adaptamos a las necesidades concretas de cada familia y animal.<\/p>\n<\/div>\n\n\n\n<div class=\"wp-block-column is-vertically-aligned-center is-layout-flow wp-block-column-is-layout-flow\">\n<div class=\"su-service\"><div class=\"su-service-title\" style=\"padding-left:46px;min-height:32px;line-height:32px\"><i class=\"sui sui-user\" style=\"font-size:32px;color:#2471a3\"><\/i> <strong>Nombre<\/strong><\/div><div class=\"su-service-content su-u-clearfix su-u-trim\" style=\"padding-left:46px\">Escuela Canina Perros Terap\u00e9uticos Perro School<\/div><\/div>\n\n\n\n<div class=\"su-service\"><div class=\"su-service-title\" style=\"padding-left:46px;min-height:32px;line-height:32px\"><i class=\"sui sui-map-marker\" style=\"font-size:32px;color:#2471a3\"><\/i> <strong>Direcci\u00f3n<\/strong><\/div><div class=\"su-service-content su-u-clearfix su-u-trim\" style=\"padding-left:46px\">C\/Arquitecto Antonio Gaud\u00ed, s\/n, 03110 Mutxamiel, Alicante<\/div><\/div>\n\n\n\n<div class=\"su-service\"><div class=\"su-service-title\" style=\"padding-left:46px;min-height:32px;line-height:32px\"><i class=\"sui sui-volume-control-phone\" style=\"font-size:32px;color:#2471a3\"><\/i> <strong>Tel\u00e9fono<\/strong><\/div><div class=\"su-service-content su-u-clearfix su-u-trim\" style=\"padding-left:46px\">692 53 52 85<\/div><\/div>\n\n\n\n<div class=\"su-service\"><div class=\"su-service-title\" style=\"padding-left:46px;min-height:32px;line-height:32px\"><i class=\"sui sui-globe\" style=\"font-size:32px;color:#2471a3\"><\/i> <strong>Sitio web<\/strong><\/div><div class=\"su-service-content su-u-clearfix su-u-trim\" style=\"padding-left:46px\">http:\/\/www.perrosterapeuticos.es\/<\/div><\/div>\n\n\n\n<div class=\"su-service\"><div class=\"su-service-title\" style=\"padding-left:46px;min-height:32px;line-height:32px\"><i class=\"sui sui-star\" style=\"font-size:32px;color:#2471a3\"><\/i> Valoraci\u00f3n de los clientes<\/div><div class=\"su-service-content su-u-clearfix su-u-trim\" style=\"padding-left:46px\">4.7 \/ 5 (49)<\/div><\/div>\n<\/div>\n<\/div>\n<\/div>\n\n\n\n<div class=\"wp-block-columns is-layout-flex wp-container-core-columns-is-layout-9d6595d7 wp-block-columns-is-layout-flex\">\n<div class=\"wp-block-column mapa2 is-layout-flow wp-block-column-is-layout-flow\">\n<h2 class=\"wp-block-heading\">Ubicaci\u00f3n de Escuela Canina Perros Terap\u00e9uticos Perro School<\/h2>\n\n\n\n<div class=\"su-gmap su-u-responsive-media-yes mapa\"><iframe loading=\"lazy\" width=\"600\" height=\"280\" src=\"\/\/maps.google.com\/maps?q=Escuela%20Canina%20Perros%20Terap%C3%A9uticos%20Perro%20School%2C%20C%2FArquitecto%20Antonio%20Gaud%C3%AD%2C%20s%2Fn%2C%2003110%20Mutxamiel%2C%20Alicante&amp;output=embed&amp;z=20\" title=\"\"><\/iframe><\/div>\n\n\n\n<h2 class=\"wp-block-heading\">Horarios de Escuela Canina Perros Terap\u00e9uticos Perro School<\/h2>\n\n\n\n<figure class=\"wp-block-table\"><table><tbody><tr><td><strong>Lunes<\/strong><\/td><td><\/td><\/tr><tr><td><strong>Martes<\/strong><\/td><td><\/td><\/tr><tr><td><strong>Mi\u00e9rcoles<\/strong><\/td><td><\/td><\/tr><tr><td><strong>Jueves<\/strong><\/td><td><\/td><\/tr><tr><td><strong>Viernes<\/strong><\/td><td><\/td><\/tr><tr><td><strong>S\u00e1bado<\/strong><\/td><td><\/td><\/tr><tr><td><strong>Domingo<\/strong><\/td><td><\/td><\/tr><\/tbody><\/table><\/figure>\n\n\n\n<h2 class=\"wp-block-heading\">Tel\u00e9fono de Escuela Canina Perros Terap\u00e9uticos Perro School<\/h2>\n\n\n\n<p>Si quieres comunicarte con <strong>Escuela Canina Perros Terap\u00e9uticos Perro School<\/strong>, puedes hacerlo directamente llamando al siguiente n\u00famero:<\/p>\n\n\n\n<div class=\"wp-block-buttons is-content-justification-center is-layout-flex wp-container-core-buttons-is-layout-16018d1d wp-block-buttons-is-layout-flex\">\n<div class=\"wp-block-button is-style-fill\"><a class=\"wp-block-button__link has-background has-medium-font-size has-custom-font-size wp-element-button\" href=\"tel:692 53 52 85\" style=\"border-radius:6px;background-color:#2471a3\">Llamar ahora<\/a><\/div>\n<\/div>\n\n\n\n<h2 class=\"wp-block-heading\">M\u00e1s informaci\u00f3n<\/h2>\n\n\n\n<p>La Escuela Canina Perros Terap\u00e9uticos Perro School, situada en C\/Arquitecto Antonio Gaud\u00ed, s\/n, 03110 Mutxamiel, Alicante, se destaca como un referente en adiestramiento canino en Mutxamiel. Nuestro enfoque integral abarca programas de obediencia, socializaci\u00f3n y modificaci\u00f3n de conducta, dise\u00f1ados espec\u00edficamente para satisfacer las necesidades de cada perro y su due\u00f1o. Contamos con un equipo de adiestradores de perros en Alicante altamente capacitados, que utilizan m\u00e9todos positivos y efectivos para garantizar un aprendizaje ameno y duradero. En Perro School, no solo adiestramos perros, sino que tambi\u00e9n fomentamos un v\u00ednculo fuerte y saludable entre el can y su propietario, lo que nos convierte en la mejor opci\u00f3n para aquellos que buscan un servicio de calidad y un entorno familiar y profesional. Con nosotros, tu perro aprender\u00e1 a ser un compa\u00f1ero equilibrado y feliz.<\/p>\n\n\n\n<p>Localizado en C\/Arquitecto Antonio Gaud\u00ed, s\/n, 03110 Mutxamiel, Alicante, este centro de adiestramiento canino en Mutxamiel ha sido famoso por su trato personal, profesionalidad y resultados notables. Consulta las valoraciones de otros usuarios para descubrir su opini\u00f3n.<\/p>\n<\/div>\n<\/div>\n\n\n\n<p><\/p>\n\n\n\n<p>Si necesitas conocer otros (PONER NEGOCIO, ej: asesor\u00eda legal, decoraci\u00f3n de eventos, instalaciones el\u00e9ctricas) puedes <strong><a href=\"\/\">visitar nuestra p\u00e1gina principal<\/a><\/strong>.<\/p>\n","protected":false},"excerpt":{"rendered":"<p>En caso de que est\u00e1s en la b\u00fasqueda un espacio confiable id\u00f3neo para entrenamiento canino dentro de Mutxamiel, Escuela Canina Perros Terap\u00e9uticos Perro School representa una opci\u00f3n destacada. Este lugar se especializa en el manejo de perros de cualquier edad y raza, siempre m\u00e9todos amigables y tambi\u00e9n eficaces. Escuela Canina Perros Terap\u00e9uticos Perro School Entre [&hellip;]<\/p>\n","protected":false},"author":2,"featured_media":0,"parent":7568,"menu_order":0,"comment_status":"closed","ping_status":"closed","template":"","meta":{"_et_pb_use_builder":"","_et_pb_old_content":"","_et_gb_content_width":"","footnotes":""},"tags":[993],"class_list":["post-9891","page","type-page","status-publish","hentry","tag-mutxamiel"],"_links":{"self":[{"href":"https:\/\/www.adiestradorcanino.com\/webdelperro\/wp-json\/wp\/v2\/pages\/9891","targetHints":{"allow":["GET"]}}],"collection":[{"href":"https:\/\/www.adiestradorcanino.com\/webdelperro\/wp-json\/wp\/v2\/pages"}],"about":[{"href":"https:\/\/www.adiestradorcanino.com\/webdelperro\/wp-json\/wp\/v2\/types\/page"}],"author":[{"embeddable":true,"href":"https:\/\/www.adiestradorcanino.com\/webdelperro\/wp-json\/wp\/v2\/users\/2"}],"replies":[{"embeddable":true,"href":"https:\/\/www.adiestradorcanino.com\/webdelperro\/wp-json\/wp\/v2\/comments?post=9891"}],"version-history":[{"count":0,"href":"https:\/\/www.adiestradorcanino.com\/webdelperro\/wp-json\/wp\/v2\/pages\/9891\/revisions"}],"up":[{"embeddable":true,"href":"https:\/\/www.adiestradorcanino.com\/webdelperro\/wp-json\/wp\/v2\/pages\/7568"}],"wp:attachment":[{"href":"https:\/\/www.adiestradorcanino.com\/webdelperro\/wp-json\/wp\/v2\/media?parent=9891"}],"wp:term":[{"taxonomy":"post_tag","embeddable":true,"href":"https:\/\/www.adiestradorcanino.com\/webdelperro\/wp-json\/wp\/v2\/tags?post=9891"}],"curies":[{"name":"wp","href":"https:\/\/api.w.org\/{rel}","templated":true}]}}