{"id":9885,"date":"2025-07-09T07:29:03","date_gmt":"2025-07-09T07:29:03","guid":{"rendered":"https:\/\/www.adiestradorcanino.com\/webdelperro\/alicante\/sant-vicent-del-raspeig\/adiestramiento-canino-laykan-educacion-canina-en-sant-vicent-del-raspeig-alicante\/"},"modified":"2025-07-09T07:29:03","modified_gmt":"2025-07-09T07:29:03","slug":"adiestramiento-canino-laykan-educacion-canina-en-sant-vicent-del-raspeig-alicante","status":"publish","type":"page","link":"https:\/\/www.adiestradorcanino.com\/webdelperro\/alicante\/sant-vicent-del-raspeig\/adiestramiento-canino-laykan-educacion-canina-en-sant-vicent-del-raspeig-alicante\/","title":{"rendered":"Adiestramiento canino Layk\u00e1n Educaci\u00f3n Canina en Sant Vicent Del Raspeig, Alicante"},"content":{"rendered":"\n<p>En caso de que buscas buscando un espacio de confianza para el adiestramiento canino en Sant Vicent Del Raspeig,  Layk\u00e1n Educaci\u00f3n Canina es una excelente opci\u00f3n. Nuestra instalaci\u00f3n trabaja con perros de todas las edades y razas, usando con respetuosos y eficaces.<\/p>\n\n\n\n<h2 class=\"wp-block-heading has-text-align-left nombreclinica\">Layk\u00e1n Educaci\u00f3n Canina<\/h2>\n\n\n\n<div class=\"wp-block-group is-layout-constrained wp-block-group-is-layout-constrained\">\n<div class=\"wp-block-columns nc-clase-ficha is-layout-flex wp-container-core-columns-is-layout-9d6595d7 wp-block-columns-is-layout-flex\">\n<div class=\"wp-block-column is-vertically-aligned-center is-layout-flow wp-block-column-is-layout-flow\">\n<figure class=\"wp-block-image size-full\"><img decoding=\"async\" src=\"https:\/\/www.adiestradorcanino.com\/webdelperro\/wp-content\/uploads\/2025\/07\/Laykan-Educacion-Canina.jpg\" alt=\"Layk\u00e1n Educaci\u00f3n Canina\" class=\"wp-image-19766\"\/><\/figure>\n\n\n\n<p>Entre los tratamientos m\u00e1s solicitados est\u00e1n los cursos de obediencia b\u00e1sica, la correcci\u00f3n de conductas inapropiadas, la interacci\u00f3n con otros animales y las clases dirigidas a cachorros. Adem\u00e1s, en nombre nos adaptamos a las particularidades de cada familia y animal.<\/p>\n<\/div>\n\n\n\n<div class=\"wp-block-column is-vertically-aligned-center is-layout-flow wp-block-column-is-layout-flow\">\n<div class=\"su-service\"><div class=\"su-service-title\" style=\"padding-left:46px;min-height:32px;line-height:32px\"><i class=\"sui sui-user\" style=\"font-size:32px;color:#2471a3\"><\/i> <strong>Nombre<\/strong><\/div><div class=\"su-service-content su-u-clearfix su-u-trim\" style=\"padding-left:46px\">Layk\u00e1n Educaci\u00f3n Canina<\/div><\/div>\n\n\n\n<div class=\"su-service\"><div class=\"su-service-title\" style=\"padding-left:46px;min-height:32px;line-height:32px\"><i class=\"sui sui-map-marker\" style=\"font-size:32px;color:#2471a3\"><\/i> <strong>Direcci\u00f3n<\/strong><\/div><div class=\"su-service-content su-u-clearfix su-u-trim\" style=\"padding-left:46px\">Avenida de la Alzamazara, sn, 03690 Sant Vicent del Raspeig, Alicante<\/div><\/div>\n\n\n\n<div class=\"su-service\"><div class=\"su-service-title\" style=\"padding-left:46px;min-height:32px;line-height:32px\"><i class=\"sui sui-volume-control-phone\" style=\"font-size:32px;color:#2471a3\"><\/i> <strong>Tel\u00e9fono<\/strong><\/div><div class=\"su-service-content su-u-clearfix su-u-trim\" style=\"padding-left:46px\"><\/div><\/div>\n\n\n\n<div class=\"su-service\"><div class=\"su-service-title\" style=\"padding-left:46px;min-height:32px;line-height:32px\"><i class=\"sui sui-globe\" style=\"font-size:32px;color:#2471a3\"><\/i> <strong>Sitio web<\/strong><\/div><div class=\"su-service-content su-u-clearfix su-u-trim\" style=\"padding-left:46px\">https:\/\/www.laykan.es\/<\/div><\/div>\n\n\n\n<div class=\"su-service\"><div class=\"su-service-title\" style=\"padding-left:46px;min-height:32px;line-height:32px\"><i class=\"sui sui-star\" style=\"font-size:32px;color:#2471a3\"><\/i> Valoraci\u00f3n de los clientes<\/div><div class=\"su-service-content su-u-clearfix su-u-trim\" style=\"padding-left:46px\">4.6 \/ 5 (55)<\/div><\/div>\n<\/div>\n<\/div>\n<\/div>\n\n\n\n<div class=\"wp-block-columns is-layout-flex wp-container-core-columns-is-layout-9d6595d7 wp-block-columns-is-layout-flex\">\n<div class=\"wp-block-column mapa2 is-layout-flow wp-block-column-is-layout-flow\">\n<h2 class=\"wp-block-heading\">Ubicaci\u00f3n de Layk\u00e1n Educaci\u00f3n Canina<\/h2>\n\n\n\n<div class=\"su-gmap su-u-responsive-media-yes mapa\"><iframe loading=\"lazy\" width=\"600\" height=\"280\" src=\"\/\/maps.google.com\/maps?q=Layk%C3%A1n%20Educaci%C3%B3n%20Canina%2C%20Avenida%20de%20la%20Alzamazara%2C%20sn%2C%2003690%20Sant%20Vicent%20del%20Raspeig%2C%20Alicante&amp;output=embed&amp;z=20\" title=\"\"><\/iframe><\/div>\n\n\n\n<h2 class=\"wp-block-heading\">Horarios de Layk\u00e1n Educaci\u00f3n Canina<\/h2>\n\n\n\n<figure class=\"wp-block-table\"><table><tbody><tr><td><strong>Lunes<\/strong><\/td><td>lunes: 8:00\u201322:00<\/td><\/tr><tr><td><strong>Martes<\/strong><\/td><td>martes: 8:00\u201322:00<\/td><\/tr><tr><td><strong>Mi\u00e9rcoles<\/strong><\/td><td>mi\u00e9rcoles: 8:00\u201322:00<\/td><\/tr><tr><td><strong>Jueves<\/strong><\/td><td>jueves: 8:00\u201322:00<\/td><\/tr><tr><td><strong>Viernes<\/strong><\/td><td>viernes: 8:00\u201322:00<\/td><\/tr><tr><td><strong>S\u00e1bado<\/strong><\/td><td>s\u00e1bado: 8:00\u201314:00<\/td><\/tr><tr><td><strong>Domingo<\/strong><\/td><td>domingo: Cerrado<\/td><\/tr><\/tbody><\/table><\/figure>\n\n\n\n<h2 class=\"wp-block-heading\">Tel\u00e9fono de Layk\u00e1n Educaci\u00f3n Canina<\/h2>\n\n\n\n<p>Si quieres comunicarte con <strong>Layk\u00e1n Educaci\u00f3n Canina<\/strong>, puedes hacerlo directamente llamando al siguiente n\u00famero:<\/p>\n\n\n\n<div class=\"wp-block-buttons is-content-justification-center is-layout-flex wp-container-core-buttons-is-layout-16018d1d wp-block-buttons-is-layout-flex\">\n<div class=\"wp-block-button is-style-fill\"><a class=\"wp-block-button__link has-background has-medium-font-size has-custom-font-size wp-element-button\" href=\"tel:\" style=\"border-radius:6px;background-color:#2471a3\">Llamar ahora<\/a><\/div>\n<\/div>\n\n\n\n<h2 class=\"wp-block-heading\">M\u00e1s informaci\u00f3n<\/h2>\n\n\n\n<p>En el centro de adiestramiento canino Layk\u00e1n Educaci\u00f3n Canina, ubicado en Avenida de la Alzamazara, sn, 03690 Sant Vicent del Raspeig, Alicante, ofrecemos una amplia gama de servicios especializados para adiestrar perros de todas las razas y edades. Nuestro enfoque se centra en la obediencia, la socializaci\u00f3n y la modificaci\u00f3n de conducta, garantizando que cada perro se convierta en un compa\u00f1ero equilibrado y feliz. Nuestros adiestradores de perros en Alicante cuentan con una formaci\u00f3n s\u00f3lida y experiencia, lo que les permite personalizar cada programa de adiestramiento seg\u00fan las necesidades espec\u00edficas de cada mascota y su propietario. Lo que nos diferencia de otros centros de adiestramiento canino en Sant Vicent del Raspeig es nuestro compromiso con un m\u00e9todo de ense\u00f1anza positivo y respetuoso, fomentando una relaci\u00f3n basada en la confianza y el entendimiento entre el perro y su due\u00f1o. Si buscas un servicio de calidad para educar a tu perro, en Layk\u00e1n Educaci\u00f3n Canina encontrar\u00e1s el apoyo y la orientaci\u00f3n que necesitas para disfrutar de una convivencia armoniosa.<\/p>\n\n\n\n<p>Situado en Avenida de la Alzamazara, sn, 03690 Sant Vicent del Raspeig, Alicante, el centro de adiestramiento canino en Sant Vicent Del Raspeig ha sido destacado por su trato personal, expertise y resultados visibles. Mira las valoraciones de otros clientes para conocer su testimonio.<\/p>\n<\/div>\n<\/div>\n\n\n\n<p><\/p>\n\n\n\n<p>Si necesitas conocer otros (PONER NEGOCIO, ej: asesor\u00eda legal, decoraci\u00f3n de eventos, instalaciones el\u00e9ctricas) puedes <strong><a href=\"\/\">visitar nuestra p\u00e1gina principal<\/a><\/strong>.<\/p>\n","protected":false},"excerpt":{"rendered":"<p>En caso de que buscas buscando un espacio de confianza para el adiestramiento canino en Sant Vicent Del Raspeig, Layk\u00e1n Educaci\u00f3n Canina es una excelente opci\u00f3n. Nuestra instalaci\u00f3n trabaja con perros de todas las edades y razas, usando con respetuosos y eficaces. Layk\u00e1n Educaci\u00f3n Canina Entre los tratamientos m\u00e1s solicitados est\u00e1n los cursos de obediencia [&hellip;]<\/p>\n","protected":false},"author":2,"featured_media":0,"parent":7556,"menu_order":0,"comment_status":"closed","ping_status":"closed","template":"","meta":{"_et_pb_use_builder":"","_et_pb_old_content":"","_et_gb_content_width":"","footnotes":""},"tags":[991],"class_list":["post-9885","page","type-page","status-publish","hentry","tag-sant-vicent-del-raspeig"],"_links":{"self":[{"href":"https:\/\/www.adiestradorcanino.com\/webdelperro\/wp-json\/wp\/v2\/pages\/9885","targetHints":{"allow":["GET"]}}],"collection":[{"href":"https:\/\/www.adiestradorcanino.com\/webdelperro\/wp-json\/wp\/v2\/pages"}],"about":[{"href":"https:\/\/www.adiestradorcanino.com\/webdelperro\/wp-json\/wp\/v2\/types\/page"}],"author":[{"embeddable":true,"href":"https:\/\/www.adiestradorcanino.com\/webdelperro\/wp-json\/wp\/v2\/users\/2"}],"replies":[{"embeddable":true,"href":"https:\/\/www.adiestradorcanino.com\/webdelperro\/wp-json\/wp\/v2\/comments?post=9885"}],"version-history":[{"count":0,"href":"https:\/\/www.adiestradorcanino.com\/webdelperro\/wp-json\/wp\/v2\/pages\/9885\/revisions"}],"up":[{"embeddable":true,"href":"https:\/\/www.adiestradorcanino.com\/webdelperro\/wp-json\/wp\/v2\/pages\/7556"}],"wp:attachment":[{"href":"https:\/\/www.adiestradorcanino.com\/webdelperro\/wp-json\/wp\/v2\/media?parent=9885"}],"wp:term":[{"taxonomy":"post_tag","embeddable":true,"href":"https:\/\/www.adiestradorcanino.com\/webdelperro\/wp-json\/wp\/v2\/tags?post=9885"}],"curies":[{"name":"wp","href":"https:\/\/api.w.org\/{rel}","templated":true}]}}

Adiestramiento canino Laykán Educación Canina en Sant Vicent Del Raspeig, Alicante

<p>En caso de que buscas buscando un espacio de confianza para el adiestramiento canino en Sant Vicent Del Raspeig,  Laykán Educación Canina es una excelente opción. Nuestra instalación trabaja con perros de todas las edades y razas, usando con respetuosos y eficaces.</p>



<h2 class="wp-block-heading has-text-align-left nombreclinica">Laykán Educación Canina</h2>



<div class="wp-block-group is-layout-constrained wp-block-group-is-layout-constrained">
<div class="wp-block-columns nc-clase-ficha is-layout-flex wp-container-core-columns-is-layout-9d6595d7 wp-block-columns-is-layout-flex">
<div class="wp-block-column is-vertically-aligned-center is-layout-flow wp-block-column-is-layout-flow">
<figure class="wp-block-image size-full"><img decoding="async" src="https://www.adiestradorcanino.com/webdelperro/wp-content/uploads/2025/07/Laykan-Educacion-Canina.jpg" alt="Laykán Educación Canina" class="wp-image-19766"/></figure>



<p>Entre los tratamientos más solicitados están los cursos de obediencia básica, la corrección de conductas inapropiadas, la interacción con otros animales y las clases dirigidas a cachorros. Además, en nombre nos adaptamos a las particularidades de cada familia y animal.</p>
</div>



<div class="wp-block-column is-vertically-aligned-center is-layout-flow wp-block-column-is-layout-flow">
<div class="su-service"><div class="su-service-title" style="padding-left:46px;min-height:32px;line-height:32px"><i class="sui sui-user" style="font-size:32px;color:#2471a3"></i> <strong>Nombre</strong></div><div class="su-service-content su-u-clearfix su-u-trim" style="padding-left:46px">Laykán Educación Canina</div></div>



<div class="su-service"><div class="su-service-title" style="padding-left:46px;min-height:32px;line-height:32px"><i class="sui sui-map-marker" style="font-size:32px;color:#2471a3"></i> <strong>Dirección</strong></div><div class="su-service-content su-u-clearfix su-u-trim" style="padding-left:46px">Avenida de la Alzamazara, sn, 03690 Sant Vicent del Raspeig, Alicante</div></div>



<div class="su-service"><div class="su-service-title" style="padding-left:46px;min-height:32px;line-height:32px"><i class="sui sui-volume-control-phone" style="font-size:32px;color:#2471a3"></i> <strong>Teléfono</strong></div><div class="su-service-content su-u-clearfix su-u-trim" style="padding-left:46px"></div></div>



<div class="su-service"><div class="su-service-title" style="padding-left:46px;min-height:32px;line-height:32px"><i class="sui sui-globe" style="font-size:32px;color:#2471a3"></i> <strong>Sitio web</strong></div><div class="su-service-content su-u-clearfix su-u-trim" style="padding-left:46px">https://www.laykan.es/</div></div>



<div class="su-service"><div class="su-service-title" style="padding-left:46px;min-height:32px;line-height:32px"><i class="sui sui-star" style="font-size:32px;color:#2471a3"></i> Valoración de los clientes</div><div class="su-service-content su-u-clearfix su-u-trim" style="padding-left:46px">4.6 / 5 (55)</div></div>
</div>
</div>
</div>



<div class="wp-block-columns is-layout-flex wp-container-core-columns-is-layout-9d6595d7 wp-block-columns-is-layout-flex">
<div class="wp-block-column mapa2 is-layout-flow wp-block-column-is-layout-flow">
<h2 class="wp-block-heading">Ubicación de Laykán Educación Canina</h2>



<div class="su-gmap su-u-responsive-media-yes mapa"><iframe loading="lazy" width="600" height="280" src="//maps.google.com/maps?q=Layk%C3%A1n%20Educaci%C3%B3n%20Canina%2C%20Avenida%20de%20la%20Alzamazara%2C%20sn%2C%2003690%20Sant%20Vicent%20del%20Raspeig%2C%20Alicante&amp;output=embed&amp;z=20" title=""></iframe></div>



<h2 class="wp-block-heading">Horarios de Laykán Educación Canina</h2>



<figure class="wp-block-table"><table><tbody><tr><td><strong>Lunes</strong></td><td>lunes: 8:00–22:00</td></tr><tr><td><strong>Martes</strong></td><td>martes: 8:00–22:00</td></tr><tr><td><strong>Miércoles</strong></td><td>miércoles: 8:00–22:00</td></tr><tr><td><strong>Jueves</strong></td><td>jueves: 8:00–22:00</td></tr><tr><td><strong>Viernes</strong></td><td>viernes: 8:00–22:00</td></tr><tr><td><strong>Sábado</strong></td><td>sábado: 8:00–14:00</td></tr><tr><td><strong>Domingo</strong></td><td>domingo: Cerrado</td></tr></tbody></table></figure>



<h2 class="wp-block-heading">Teléfono de Laykán Educación Canina</h2>



<p>Si quieres comunicarte con <strong>Laykán Educación Canina</strong>, puedes hacerlo directamente llamando al siguiente número:</p>



<div class="wp-block-buttons is-content-justification-center is-layout-flex wp-container-core-buttons-is-layout-16018d1d wp-block-buttons-is-layout-flex">
<div class="wp-block-button is-style-fill"><a class="wp-block-button__link has-background has-medium-font-size has-custom-font-size wp-element-button" href="tel:" style="border-radius:6px;background-color:#2471a3">Llamar ahora</a></div>
</div>



<h2 class="wp-block-heading">Más información</h2>



<p>En el centro de adiestramiento canino Laykán Educación Canina, ubicado en Avenida de la Alzamazara, sn, 03690 Sant Vicent del Raspeig, Alicante, ofrecemos una amplia gama de servicios especializados para adiestrar perros de todas las razas y edades. Nuestro enfoque se centra en la obediencia, la socialización y la modificación de conducta, garantizando que cada perro se convierta en un compañero equilibrado y feliz. Nuestros adiestradores de perros en Alicante cuentan con una formación sólida y experiencia, lo que les permite personalizar cada programa de adiestramiento según las necesidades específicas de cada mascota y su propietario. Lo que nos diferencia de otros centros de adiestramiento canino en Sant Vicent del Raspeig es nuestro compromiso con un método de enseñanza positivo y respetuoso, fomentando una relación basada en la confianza y el entendimiento entre el perro y su dueño. Si buscas un servicio de calidad para educar a tu perro, en Laykán Educación Canina encontrarás el apoyo y la orientación que necesitas para disfrutar de una convivencia armoniosa.</p>



<p>Situado en Avenida de la Alzamazara, sn, 03690 Sant Vicent del Raspeig, Alicante, el centro de adiestramiento canino en Sant Vicent Del Raspeig ha sido destacado por su trato personal, expertise y resultados visibles. Mira las valoraciones de otros clientes para conocer su testimonio.</p>
</div>
</div>



<p></p>



<p>Si necesitas conocer otros (PONER NEGOCIO, ej: asesoría legal, decoración de eventos, instalaciones eléctricas) puedes <strong><a href="/">visitar nuestra página principal</a></strong>.</p>

<p>En caso de que buscas buscando un espacio de confianza para el adiestramiento canino en Sant Vicent Del Raspeig, Laykán Educación Canina es una excelente opción. Nuestra instalación trabaja con perros de todas las edades y razas, usando con respetuosos y eficaces. Laykán Educación Canina Entre los tratamientos más solicitados están los cursos de obediencia [&hellip;]</p>
