{"id":8311,"date":"2025-07-08T13:27:53","date_gmt":"2025-07-08T13:27:53","guid":{"rendered":"https:\/\/www.adiestradorcanino.com\/webdelperro\/malaga\/la-cala-del-moral\/"},"modified":"2025-07-08T13:27:54","modified_gmt":"2025-07-08T13:27:54","slug":"la-cala-del-moral","status":"publish","type":"page","link":"https:\/\/www.adiestradorcanino.com\/webdelperro\/malaga\/la-cala-del-moral\/","title":{"rendered":"Adiestramiento canino en La Cala Del Moral"},"content":{"rendered":"<div class=\"descripcion\">El educaci\u00f3n canino en La Cala Del Moral se considera fundamental para mejorar la interacci\u00f3n con tu perro. En este sitio tendr\u00e1s la oportunidad de localizar adiestradores y escuelas especializados que te asistir\u00e1n a adiestrar a tu perro con m\u00e9todos fundamentados en el trato respetuoso y la comunicaci\u00f3n. <br \/><br \/>Tanto si necesites entrenamiento b\u00e1sica para un perrito o la correcci\u00f3n de conductas problem\u00e1ticas en perros mayores, en La Cala Del Moral se encuentran expertos capacitados para cada necesidad, trabajando con programas adaptados.<\/div>\n<h2 class=\"wp-block-heading\"><strong>Mumbie Bienestar Y Educaci\u00f3n Canina Amable<\/strong><\/h2>\n\n\n\n<div class=\"wp-block-columns nc-fichas-en-categorias is-layout-flex wp-container-core-columns-is-layout-9d6595d7 wp-block-columns-is-layout-flex\">\n<div class=\"wp-block-column is-vertically-aligned-center is-layout-flow wp-block-column-is-layout-flow\">\n<figure class=\"wp-block-image size-full\"><img decoding=\"async\" src=\"https:\/\/www.adiestradorcanino.com\/webdelperro\/wp-content\/uploads\/2025\/07\/Mumbie-Bienestar-Y-Educacion-Canina-Amable.jpg\" alt=\"Negocio Mumbie Bienestar Y Educaci\u00f3n Canina Amable\" class=\"wp-image-19766\"\/><\/figure>\n\n\n\n<p><\/p>\n<\/div>\n\n\n\n<div class=\"wp-block-column is-vertically-aligned-center is-layout-flow wp-block-column-is-layout-flow\">\n<div class=\"su-service\"><div class=\"su-service-title\" style=\"padding-left:46px;min-height:32px;line-height:32px\"><i class=\"sui sui-user\" style=\"font-size:32px;color:#2471a3\"><\/i> <strong>Nombre<\/strong><\/div><div class=\"su-service-content su-u-clearfix su-u-trim\" style=\"padding-left:46px\">Mumbie Bienestar Y Educaci\u00f3n Canina Amable<\/div><\/div>\n\n\n\n<div class=\"su-service\"><div class=\"su-service-title\" style=\"padding-left:46px;min-height:32px;line-height:32px\"><i class=\"sui sui-map-marker\" style=\"font-size:32px;color:#2471a3\"><\/i> <strong>Direcci\u00f3n<\/strong><\/div><div class=\"su-service-content su-u-clearfix su-u-trim\" style=\"padding-left:46px\">C. Arroyo Total\u00e1n, M\u00e1laga-Este, 29719 La Cala del Moral, M\u00e1laga<\/div><\/div>\n\n\n\n<div class=\"su-service\"><div class=\"su-service-title\" style=\"padding-left:46px;min-height:32px;line-height:32px\"><i class=\"sui sui-volume-control-phone\" style=\"font-size:32px;color:#2471a3\"><\/i> <strong>Tel\u00e9fono<\/strong><\/div><div class=\"su-service-content su-u-clearfix su-u-trim\" style=\"padding-left:46px\">623 02 16 62<\/div><\/div>\n\n\n\n<div class=\"su-service\"><div class=\"su-service-title\" style=\"padding-left:46px;min-height:32px;line-height:32px\"><i class=\"sui sui-globe\" style=\"font-size:32px;color:#2471a3\"><\/i> <strong>Sitio web<\/strong><\/div><div class=\"su-service-content su-u-clearfix su-u-trim\" style=\"padding-left:46px\">https:\/\/www.mumbie.es\/<\/div><\/div>\n\n\n\n<p class=\"has-text-align-left\"><div class=\"su-service\"><div class=\"su-service-title\" style=\"padding-left:46px;min-height:32px;line-height:32px\"><i class=\"sui sui-clock-o\" style=\"font-size:32px;color:#2471a3\"><\/i> <strong>Horarios<\/strong><\/div><div class=\"su-service-content su-u-clearfix su-u-trim\" style=\"padding-left:46px\">\n\n\n\n<figure class=\"wp-block-table\"><table><tbody><tr><td><strong>Lunes<\/strong><\/td><td>lunes: Cerrado<\/td><\/tr><tr><td><strong>Martes<\/strong><\/td><td>martes: 10:00\u201321:00<\/td><\/tr><tr><td><strong>Mi\u00e9rcoles<\/strong><\/td><td>mi\u00e9rcoles: 10:00\u201321:30<\/td><\/tr><tr><td><strong>Jueves<\/strong><\/td><td>jueves: 10:00\u201321:00<\/td><\/tr><tr><td><strong>Viernes<\/strong><\/td><td>viernes: 10:00\u201320:00<\/td><\/tr><tr><td><strong>S\u00e1bado<\/strong><\/td><td>s\u00e1bado: Cerrado<\/td><\/tr><tr><td><strong>Domingo<\/strong><\/td><td>domingo: Cerrado<\/td><\/tr><\/tbody><\/table><\/figure>\n\n\n\n<\/div><\/div>\n\n\n\n<div class=\"su-service\"><div class=\"su-service-title\" style=\"padding-left:46px;min-height:32px;line-height:32px\"><i class=\"sui sui-star\" style=\"font-size:32px;color:#2471a3\"><\/i> Valoraci\u00f3n de los clientes<\/div><div class=\"su-service-content su-u-clearfix su-u-trim\" style=\"padding-left:46px\">4.9 \/ 5 (70 votos) <\/div><\/div>\n<\/div>\n<\/div>\n\n\n\n<div class=\"wp-block-columns is-layout-flex wp-container-core-columns-is-layout-9d6595d7 wp-block-columns-is-layout-flex\">\n<div class=\"wp-block-column mapa2 is-layout-flow wp-block-column-is-layout-flow\">\n<div class=\"su-gmap su-u-responsive-media-yes mapa\"><iframe loading=\"lazy\" width=\"600\" height=\"280\" src=\"\/\/maps.google.com\/maps?q=Mumbie%20Bienestar%20Y%20Educaci%C3%B3n%20Canina%20Amable%2C%20C.%20Arroyo%20Total%C3%A1n%2C%20M%C3%A1laga-Este%2C%2029719%20La%20Cala%20del%20Moral%2C%20M%C3%A1laga&amp;output=embed&amp;z=20\" title=\"\"><\/iframe><\/div>\n<\/div>\n<\/div>\n\n\n\n<div class=\"wp-block-columns is-layout-flex wp-container-core-columns-is-layout-9d6595d7 wp-block-columns-is-layout-flex\">\n<div class=\"wp-block-column is-layout-flow wp-block-column-is-layout-flow\"><a href=\"https:\/\/www.adiestradorcanino.com\/webdelperro\/malaga\/la-cala-del-moral\/adiestramiento-canino-mumbie-bienestar-y-educacion-canina-amable-en-la-cala-del-moral-malaga\/\" style=\"width:100%;text-align:center;border-radius:6px;background-color:#2471a3;color:#ffffff;padding:16px 26px;text-decoration:none;display:inline-block;font-weight:600;\">Ver negocio<\/a>\n<\/div>\n<\/div>\n\n<div class=\"concl\">En este directorio podr\u00e1s ver soluciones fiables y valoradas de adiestramiento canino en La Cala Del Moral. Incrementa el salud de tu perro y fomenta una conexi\u00f3n sana y plena desde hoy.<br \/><br \/>Investiga las m\u00e1s recomendadas alternativas de formaci\u00f3n canina en La Cala Del Moral y halla al experto id\u00f3neo para ayudarte a conocer mejor a tu perro y lograr una vida juntos en paz.<\/div>","protected":false},"excerpt":{"rendered":"<p>El educaci\u00f3n canino en La Cala Del Moral se considera fundamental para mejorar la interacci\u00f3n con tu perro. En este sitio tendr\u00e1s la oportunidad de localizar adiestradores y escuelas especializados que te asistir\u00e1n a adiestrar a tu perro con m\u00e9todos fundamentados en el trato respetuoso y la comunicaci\u00f3n. Tanto si necesites entrenamiento b\u00e1sica para un [&hellip;]<\/p>\n","protected":false},"author":2,"featured_media":0,"parent":8297,"menu_order":0,"comment_status":"closed","ping_status":"closed","template":"","meta":{"_et_pb_use_builder":"","_et_pb_old_content":"","_et_gb_content_width":"","footnotes":""},"tags":[870],"class_list":["post-8311","page","type-page","status-publish","hentry","tag-malaga"],"_links":{"self":[{"href":"https:\/\/www.adiestradorcanino.com\/webdelperro\/wp-json\/wp\/v2\/pages\/8311","targetHints":{"allow":["GET"]}}],"collection":[{"href":"https:\/\/www.adiestradorcanino.com\/webdelperro\/wp-json\/wp\/v2\/pages"}],"about":[{"href":"https:\/\/www.adiestradorcanino.com\/webdelperro\/wp-json\/wp\/v2\/types\/page"}],"author":[{"embeddable":true,"href":"https:\/\/www.adiestradorcanino.com\/webdelperro\/wp-json\/wp\/v2\/users\/2"}],"replies":[{"embeddable":true,"href":"https:\/\/www.adiestradorcanino.com\/webdelperro\/wp-json\/wp\/v2\/comments?post=8311"}],"version-history":[{"count":0,"href":"https:\/\/www.adiestradorcanino.com\/webdelperro\/wp-json\/wp\/v2\/pages\/8311\/revisions"}],"up":[{"embeddable":true,"href":"https:\/\/www.adiestradorcanino.com\/webdelperro\/wp-json\/wp\/v2\/pages\/8297"}],"wp:attachment":[{"href":"https:\/\/www.adiestradorcanino.com\/webdelperro\/wp-json\/wp\/v2\/media?parent=8311"}],"wp:term":[{"taxonomy":"post_tag","embeddable":true,"href":"https:\/\/www.adiestradorcanino.com\/webdelperro\/wp-json\/wp\/v2\/tags?post=8311"}],"curies":[{"name":"wp","href":"https:\/\/api.w.org\/{rel}","templated":true}]}}

<div class="descripcion">El educación canino en La Cala Del Moral se considera fundamental para mejorar la interacción con tu perro. En este sitio tendrás la oportunidad de localizar adiestradores y escuelas especializados que te asistirán a adiestrar a tu perro con métodos fundamentados en el trato respetuoso y la comunicación. <br /><br />Tanto si necesites entrenamiento básica para un perrito o la corrección de conductas problemáticas en perros mayores, en La Cala Del Moral se encuentran expertos capacitados para cada necesidad, trabajando con programas adaptados.</div>
<h2 class="wp-block-heading"><strong>Mumbie Bienestar Y Educación Canina Amable</strong></h2>



<div class="wp-block-columns nc-fichas-en-categorias is-layout-flex wp-container-core-columns-is-layout-9d6595d7 wp-block-columns-is-layout-flex">
<div class="wp-block-column is-vertically-aligned-center is-layout-flow wp-block-column-is-layout-flow">
<figure class="wp-block-image size-full"><img decoding="async" src="https://www.adiestradorcanino.com/webdelperro/wp-content/uploads/2025/07/Mumbie-Bienestar-Y-Educacion-Canina-Amable.jpg" alt="Negocio Mumbie Bienestar Y Educación Canina Amable" class="wp-image-19766"/></figure>



<p></p>
</div>



<div class="wp-block-column is-vertically-aligned-center is-layout-flow wp-block-column-is-layout-flow">
<div class="su-service"><div class="su-service-title" style="padding-left:46px;min-height:32px;line-height:32px"><i class="sui sui-user" style="font-size:32px;color:#2471a3"></i> <strong>Nombre</strong></div><div class="su-service-content su-u-clearfix su-u-trim" style="padding-left:46px">Mumbie Bienestar Y Educación Canina Amable</div></div>



<div class="su-service"><div class="su-service-title" style="padding-left:46px;min-height:32px;line-height:32px"><i class="sui sui-map-marker" style="font-size:32px;color:#2471a3"></i> <strong>Dirección</strong></div><div class="su-service-content su-u-clearfix su-u-trim" style="padding-left:46px">C. Arroyo Totalán, Málaga-Este, 29719 La Cala del Moral, Málaga</div></div>



<div class="su-service"><div class="su-service-title" style="padding-left:46px;min-height:32px;line-height:32px"><i class="sui sui-volume-control-phone" style="font-size:32px;color:#2471a3"></i> <strong>Teléfono</strong></div><div class="su-service-content su-u-clearfix su-u-trim" style="padding-left:46px">623 02 16 62</div></div>



<div class="su-service"><div class="su-service-title" style="padding-left:46px;min-height:32px;line-height:32px"><i class="sui sui-globe" style="font-size:32px;color:#2471a3"></i> <strong>Sitio web</strong></div><div class="su-service-content su-u-clearfix su-u-trim" style="padding-left:46px">https://www.mumbie.es/</div></div>



<p class="has-text-align-left"><div class="su-service"><div class="su-service-title" style="padding-left:46px;min-height:32px;line-height:32px"><i class="sui sui-clock-o" style="font-size:32px;color:#2471a3"></i> <strong>Horarios</strong></div><div class="su-service-content su-u-clearfix su-u-trim" style="padding-left:46px">



<figure class="wp-block-table"><table><tbody><tr><td><strong>Lunes</strong></td><td>lunes: Cerrado</td></tr><tr><td><strong>Martes</strong></td><td>martes: 10:00–21:00</td></tr><tr><td><strong>Miércoles</strong></td><td>miércoles: 10:00–21:30</td></tr><tr><td><strong>Jueves</strong></td><td>jueves: 10:00–21:00</td></tr><tr><td><strong>Viernes</strong></td><td>viernes: 10:00–20:00</td></tr><tr><td><strong>Sábado</strong></td><td>sábado: Cerrado</td></tr><tr><td><strong>Domingo</strong></td><td>domingo: Cerrado</td></tr></tbody></table></figure>



</div></div>



<div class="su-service"><div class="su-service-title" style="padding-left:46px;min-height:32px;line-height:32px"><i class="sui sui-star" style="font-size:32px;color:#2471a3"></i> Valoración de los clientes</div><div class="su-service-content su-u-clearfix su-u-trim" style="padding-left:46px">4.9 / 5 (70 votos) </div></div>
</div>
</div>



<div class="wp-block-columns is-layout-flex wp-container-core-columns-is-layout-9d6595d7 wp-block-columns-is-layout-flex">
<div class="wp-block-column mapa2 is-layout-flow wp-block-column-is-layout-flow">
<div class="su-gmap su-u-responsive-media-yes mapa"><iframe loading="lazy" width="600" height="280" src="//maps.google.com/maps?q=Mumbie%20Bienestar%20Y%20Educaci%C3%B3n%20Canina%20Amable%2C%20C.%20Arroyo%20Total%C3%A1n%2C%20M%C3%A1laga-Este%2C%2029719%20La%20Cala%20del%20Moral%2C%20M%C3%A1laga&amp;output=embed&amp;z=20" title=""></iframe></div>
</div>
</div>



<div class="wp-block-columns is-layout-flex wp-container-core-columns-is-layout-9d6595d7 wp-block-columns-is-layout-flex">
<div class="wp-block-column is-layout-flow wp-block-column-is-layout-flow"><a href="https://www.adiestradorcanino.com/webdelperro/malaga/la-cala-del-moral/adiestramiento-canino-mumbie-bienestar-y-educacion-canina-amable-en-la-cala-del-moral-malaga/" style="width:100%;text-align:center;border-radius:6px;background-color:#2471a3;color:#ffffff;padding:16px 26px;text-decoration:none;display:inline-block;font-weight:600;">Ver negocio</a>
</div>
</div>

<div class="concl">En este directorio podrás ver soluciones fiables y valoradas de adiestramiento canino en La Cala Del Moral. Incrementa el salud de tu perro y fomenta una conexión sana y plena desde hoy.<br /><br />Investiga las más recomendadas alternativas de formación canina en La Cala Del Moral y halla al experto idóneo para ayudarte a conocer mejor a tu perro y lograr una vida juntos en paz.</div>

<p>El educación canino en La Cala Del Moral se considera fundamental para mejorar la interacción con tu perro. En este sitio tendrás la oportunidad de localizar adiestradores y escuelas especializados que te asistirán a adiestrar a tu perro con métodos fundamentados en el trato respetuoso y la comunicación. Tanto si necesites entrenamiento básica para un [&hellip;]</p>
