{"id":8119,"date":"2025-07-08T13:15:18","date_gmt":"2025-07-08T13:15:18","guid":{"rendered":"https:\/\/www.adiestradorcanino.com\/webdelperro\/girona\/blanes\/"},"modified":"2025-07-08T13:15:19","modified_gmt":"2025-07-08T13:15:19","slug":"blanes","status":"publish","type":"page","link":"https:\/\/www.adiestradorcanino.com\/webdelperro\/girona\/blanes\/","title":{"rendered":"Adiestramiento canino en Blanes"},"content":{"rendered":"<div class=\"descripcion\">El educaci\u00f3n de perros en Blanes resulta esencial para mejorar la interacci\u00f3n con tu mascota. En este lugar tendr\u00e1s la oportunidad de descubrir adiestradores y escuelas dedicados que te apoyar\u00e1n a educar a tu mascota con t\u00e9cnicas fundamentados en el trato respetuoso y la interacci\u00f3n. <br \/><br \/>Ya sea que necesites obediencia fundamental para un cachorro o la correcci\u00f3n de conductas problem\u00e1ticas en canes mayores, en Blanes se encuentran expertos cualificados para toda necesidad, trabajando con programas adaptados.<\/div>\n<h2 class=\"wp-block-heading\"><strong>Educador Canino &#8211; Fali Nondedeu<\/strong><\/h2>\n\n\n\n<div class=\"wp-block-columns nc-fichas-en-categorias is-layout-flex wp-container-core-columns-is-layout-9d6595d7 wp-block-columns-is-layout-flex\">\n<div class=\"wp-block-column is-vertically-aligned-center is-layout-flow wp-block-column-is-layout-flow\">\n<figure class=\"wp-block-image size-full\"><img decoding=\"async\" src=\"https:\/\/www.adiestradorcanino.com\/webdelperro\/wp-content\/uploads\/2025\/07\/Educador-Canino-Fali-Nondedeu.png\" alt=\"Negocio Educador Canino - Fali Nondedeu\" class=\"wp-image-19766\"\/><\/figure>\n\n\n\n<p><\/p>\n<\/div>\n\n\n\n<div class=\"wp-block-column is-vertically-aligned-center is-layout-flow wp-block-column-is-layout-flow\">\n<div class=\"su-service\"><div class=\"su-service-title\" style=\"padding-left:46px;min-height:32px;line-height:32px\"><i class=\"sui sui-user\" style=\"font-size:32px;color:#2471a3\"><\/i> <strong>Nombre<\/strong><\/div><div class=\"su-service-content su-u-clearfix su-u-trim\" style=\"padding-left:46px\">Educador Canino &#8211; Fali Nondedeu<\/div><\/div>\n\n\n\n<div class=\"su-service\"><div class=\"su-service-title\" style=\"padding-left:46px;min-height:32px;line-height:32px\"><i class=\"sui sui-map-marker\" style=\"font-size:32px;color:#2471a3\"><\/i> <strong>Direcci\u00f3n<\/strong><\/div><div class=\"su-service-content su-u-clearfix su-u-trim\" style=\"padding-left:46px\">C\/ d&#8217;Anselm Clav\u00e9, 99, oficina 11, 17300 Blanes, Girona<\/div><\/div>\n\n\n\n<div class=\"su-service\"><div class=\"su-service-title\" style=\"padding-left:46px;min-height:32px;line-height:32px\"><i class=\"sui sui-volume-control-phone\" style=\"font-size:32px;color:#2471a3\"><\/i> <strong>Tel\u00e9fono<\/strong><\/div><div class=\"su-service-content su-u-clearfix su-u-trim\" style=\"padding-left:46px\">606 68 10 71<\/div><\/div>\n\n\n\n<div class=\"su-service\"><div class=\"su-service-title\" style=\"padding-left:46px;min-height:32px;line-height:32px\"><i class=\"sui sui-globe\" style=\"font-size:32px;color:#2471a3\"><\/i> <strong>Sitio web<\/strong><\/div><div class=\"su-service-content su-u-clearfix su-u-trim\" style=\"padding-left:46px\">https:\/\/www.educadorcanino.es\/<\/div><\/div>\n\n\n\n<p class=\"has-text-align-left\"><div class=\"su-service\"><div class=\"su-service-title\" style=\"padding-left:46px;min-height:32px;line-height:32px\"><i class=\"sui sui-clock-o\" style=\"font-size:32px;color:#2471a3\"><\/i> <strong>Horarios<\/strong><\/div><div class=\"su-service-content su-u-clearfix su-u-trim\" style=\"padding-left:46px\">\n\n\n\n<figure class=\"wp-block-table\"><table><tbody><tr><td><strong>Lunes<\/strong><\/td><td>lunes: 9:00\u201320:00<\/td><\/tr><tr><td><strong>Martes<\/strong><\/td><td>martes: 9:00\u201320:00<\/td><\/tr><tr><td><strong>Mi\u00e9rcoles<\/strong><\/td><td>mi\u00e9rcoles: 9:00\u201320:00<\/td><\/tr><tr><td><strong>Jueves<\/strong><\/td><td>jueves: 9:00\u201320:00<\/td><\/tr><tr><td><strong>Viernes<\/strong><\/td><td>viernes: 9:00\u201320:00<\/td><\/tr><tr><td><strong>S\u00e1bado<\/strong><\/td><td>s\u00e1bado: 9:00\u201314:00<\/td><\/tr><tr><td><strong>Domingo<\/strong><\/td><td>domingo: Cerrado<\/td><\/tr><\/tbody><\/table><\/figure>\n\n\n\n<\/div><\/div>\n\n\n\n<div class=\"su-service\"><div class=\"su-service-title\" style=\"padding-left:46px;min-height:32px;line-height:32px\"><i class=\"sui sui-star\" style=\"font-size:32px;color:#2471a3\"><\/i> Valoraci\u00f3n de los clientes<\/div><div class=\"su-service-content su-u-clearfix su-u-trim\" style=\"padding-left:46px\">5 \/ 5 (20 votos) <\/div><\/div>\n<\/div>\n<\/div>\n\n\n\n<div class=\"wp-block-columns is-layout-flex wp-container-core-columns-is-layout-9d6595d7 wp-block-columns-is-layout-flex\">\n<div class=\"wp-block-column mapa2 is-layout-flow wp-block-column-is-layout-flow\">\n<div class=\"su-gmap su-u-responsive-media-yes mapa\"><iframe loading=\"lazy\" width=\"600\" height=\"280\" src=\"\/\/maps.google.com\/maps?q=Educador%20Canino%20-%20Fali%20Nondedeu%2C%20C%2F%20d%26%23039%3BAnselm%20Clav%C3%A9%2C%2099%2C%20oficina%2011%2C%2017300%20Blanes%2C%20Girona&amp;output=embed&amp;z=20\" title=\"\"><\/iframe><\/div>\n<\/div>\n<\/div>\n\n\n\n<div class=\"wp-block-columns is-layout-flex wp-container-core-columns-is-layout-9d6595d7 wp-block-columns-is-layout-flex\">\n<div class=\"wp-block-column is-layout-flow wp-block-column-is-layout-flow\"><a href=\"https:\/\/www.adiestradorcanino.com\/webdelperro\/girona\/blanes\/adiestramiento-canino-educador-canino-fali-nondedeu-en-blanes-girona\/\" style=\"width:100%;text-align:center;border-radius:6px;background-color:#2471a3;color:#ffffff;padding:16px 26px;text-decoration:none;display:inline-block;font-weight:600;\">Ver negocio<\/a>\n<\/div>\n<\/div>\n\n<div class=\"concl\">En este directorio podr\u00e1s ver alternativas confiables y apreciadas de adiestramiento canino en Blanes. Potencia el salud de tu perro y fomenta una conexi\u00f3n equilibrada y feliz inmediatamente.<br \/><br \/>Explora las m\u00e1s recomendadas alternativas de entrenamiento de perros en Blanes y localiza al experto adecuado para colaborar contigo a conocer mejor a tu perro y alcanzar una vida juntos en equilibrio.<\/div>","protected":false},"excerpt":{"rendered":"<p>El educaci\u00f3n de perros en Blanes resulta esencial para mejorar la interacci\u00f3n con tu mascota. En este lugar tendr\u00e1s la oportunidad de descubrir adiestradores y escuelas dedicados que te apoyar\u00e1n a educar a tu mascota con t\u00e9cnicas fundamentados en el trato respetuoso y la interacci\u00f3n. Ya sea que necesites obediencia fundamental para un cachorro o [&hellip;]<\/p>\n","protected":false},"author":2,"featured_media":0,"parent":8096,"menu_order":0,"comment_status":"closed","ping_status":"closed","template":"","meta":{"_et_pb_use_builder":"","_et_pb_old_content":"","_et_gb_content_width":"","footnotes":""},"tags":[857],"class_list":["post-8119","page","type-page","status-publish","hentry","tag-girona"],"_links":{"self":[{"href":"https:\/\/www.adiestradorcanino.com\/webdelperro\/wp-json\/wp\/v2\/pages\/8119","targetHints":{"allow":["GET"]}}],"collection":[{"href":"https:\/\/www.adiestradorcanino.com\/webdelperro\/wp-json\/wp\/v2\/pages"}],"about":[{"href":"https:\/\/www.adiestradorcanino.com\/webdelperro\/wp-json\/wp\/v2\/types\/page"}],"author":[{"embeddable":true,"href":"https:\/\/www.adiestradorcanino.com\/webdelperro\/wp-json\/wp\/v2\/users\/2"}],"replies":[{"embeddable":true,"href":"https:\/\/www.adiestradorcanino.com\/webdelperro\/wp-json\/wp\/v2\/comments?post=8119"}],"version-history":[{"count":0,"href":"https:\/\/www.adiestradorcanino.com\/webdelperro\/wp-json\/wp\/v2\/pages\/8119\/revisions"}],"up":[{"embeddable":true,"href":"https:\/\/www.adiestradorcanino.com\/webdelperro\/wp-json\/wp\/v2\/pages\/8096"}],"wp:attachment":[{"href":"https:\/\/www.adiestradorcanino.com\/webdelperro\/wp-json\/wp\/v2\/media?parent=8119"}],"wp:term":[{"taxonomy":"post_tag","embeddable":true,"href":"https:\/\/www.adiestradorcanino.com\/webdelperro\/wp-json\/wp\/v2\/tags?post=8119"}],"curies":[{"name":"wp","href":"https:\/\/api.w.org\/{rel}","templated":true}]}}

<div class="descripcion">El educación de perros en Blanes resulta esencial para mejorar la interacción con tu mascota. En este lugar tendrás la oportunidad de descubrir adiestradores y escuelas dedicados que te apoyarán a educar a tu mascota con técnicas fundamentados en el trato respetuoso y la interacción. <br /><br />Ya sea que necesites obediencia fundamental para un cachorro o la corrección de conductas problemáticas en canes mayores, en Blanes se encuentran expertos cualificados para toda necesidad, trabajando con programas adaptados.</div>
<h2 class="wp-block-heading"><strong>Educador Canino &#8211; Fali Nondedeu</strong></h2>



<div class="wp-block-columns nc-fichas-en-categorias is-layout-flex wp-container-core-columns-is-layout-9d6595d7 wp-block-columns-is-layout-flex">
<div class="wp-block-column is-vertically-aligned-center is-layout-flow wp-block-column-is-layout-flow">
<figure class="wp-block-image size-full"><img decoding="async" src="https://www.adiestradorcanino.com/webdelperro/wp-content/uploads/2025/07/Educador-Canino-Fali-Nondedeu.png" alt="Negocio Educador Canino - Fali Nondedeu" class="wp-image-19766"/></figure>



<p></p>
</div>



<div class="wp-block-column is-vertically-aligned-center is-layout-flow wp-block-column-is-layout-flow">
<div class="su-service"><div class="su-service-title" style="padding-left:46px;min-height:32px;line-height:32px"><i class="sui sui-user" style="font-size:32px;color:#2471a3"></i> <strong>Nombre</strong></div><div class="su-service-content su-u-clearfix su-u-trim" style="padding-left:46px">Educador Canino &#8211; Fali Nondedeu</div></div>



<div class="su-service"><div class="su-service-title" style="padding-left:46px;min-height:32px;line-height:32px"><i class="sui sui-map-marker" style="font-size:32px;color:#2471a3"></i> <strong>Dirección</strong></div><div class="su-service-content su-u-clearfix su-u-trim" style="padding-left:46px">C/ d&#8217;Anselm Clavé, 99, oficina 11, 17300 Blanes, Girona</div></div>



<div class="su-service"><div class="su-service-title" style="padding-left:46px;min-height:32px;line-height:32px"><i class="sui sui-volume-control-phone" style="font-size:32px;color:#2471a3"></i> <strong>Teléfono</strong></div><div class="su-service-content su-u-clearfix su-u-trim" style="padding-left:46px">606 68 10 71</div></div>



<div class="su-service"><div class="su-service-title" style="padding-left:46px;min-height:32px;line-height:32px"><i class="sui sui-globe" style="font-size:32px;color:#2471a3"></i> <strong>Sitio web</strong></div><div class="su-service-content su-u-clearfix su-u-trim" style="padding-left:46px">https://www.educadorcanino.es/</div></div>



<p class="has-text-align-left"><div class="su-service"><div class="su-service-title" style="padding-left:46px;min-height:32px;line-height:32px"><i class="sui sui-clock-o" style="font-size:32px;color:#2471a3"></i> <strong>Horarios</strong></div><div class="su-service-content su-u-clearfix su-u-trim" style="padding-left:46px">



<figure class="wp-block-table"><table><tbody><tr><td><strong>Lunes</strong></td><td>lunes: 9:00–20:00</td></tr><tr><td><strong>Martes</strong></td><td>martes: 9:00–20:00</td></tr><tr><td><strong>Miércoles</strong></td><td>miércoles: 9:00–20:00</td></tr><tr><td><strong>Jueves</strong></td><td>jueves: 9:00–20:00</td></tr><tr><td><strong>Viernes</strong></td><td>viernes: 9:00–20:00</td></tr><tr><td><strong>Sábado</strong></td><td>sábado: 9:00–14:00</td></tr><tr><td><strong>Domingo</strong></td><td>domingo: Cerrado</td></tr></tbody></table></figure>



</div></div>



<div class="su-service"><div class="su-service-title" style="padding-left:46px;min-height:32px;line-height:32px"><i class="sui sui-star" style="font-size:32px;color:#2471a3"></i> Valoración de los clientes</div><div class="su-service-content su-u-clearfix su-u-trim" style="padding-left:46px">5 / 5 (20 votos) </div></div>
</div>
</div>



<div class="wp-block-columns is-layout-flex wp-container-core-columns-is-layout-9d6595d7 wp-block-columns-is-layout-flex">
<div class="wp-block-column mapa2 is-layout-flow wp-block-column-is-layout-flow">
<div class="su-gmap su-u-responsive-media-yes mapa"><iframe loading="lazy" width="600" height="280" src="//maps.google.com/maps?q=Educador%20Canino%20-%20Fali%20Nondedeu%2C%20C%2F%20d%26%23039%3BAnselm%20Clav%C3%A9%2C%2099%2C%20oficina%2011%2C%2017300%20Blanes%2C%20Girona&amp;output=embed&amp;z=20" title=""></iframe></div>
</div>
</div>



<div class="wp-block-columns is-layout-flex wp-container-core-columns-is-layout-9d6595d7 wp-block-columns-is-layout-flex">
<div class="wp-block-column is-layout-flow wp-block-column-is-layout-flow"><a href="https://www.adiestradorcanino.com/webdelperro/girona/blanes/adiestramiento-canino-educador-canino-fali-nondedeu-en-blanes-girona/" style="width:100%;text-align:center;border-radius:6px;background-color:#2471a3;color:#ffffff;padding:16px 26px;text-decoration:none;display:inline-block;font-weight:600;">Ver negocio</a>
</div>
</div>

<div class="concl">En este directorio podrás ver alternativas confiables y apreciadas de adiestramiento canino en Blanes. Potencia el salud de tu perro y fomenta una conexión equilibrada y feliz inmediatamente.<br /><br />Explora las más recomendadas alternativas de entrenamiento de perros en Blanes y localiza al experto adecuado para colaborar contigo a conocer mejor a tu perro y alcanzar una vida juntos en equilibrio.</div>

<p>El educación de perros en Blanes resulta esencial para mejorar la interacción con tu mascota. En este lugar tendrás la oportunidad de descubrir adiestradores y escuelas dedicados que te apoyarán a educar a tu mascota con técnicas fundamentados en el trato respetuoso y la interacción. Ya sea que necesites obediencia fundamental para un cachorro o [&hellip;]</p>
