{"id":7862,"date":"2025-07-08T12:58:49","date_gmt":"2025-07-08T12:58:49","guid":{"rendered":"https:\/\/www.adiestradorcanino.com\/webdelperro\/barcelona\/lametlla-del-valles\/"},"modified":"2025-07-08T12:58:50","modified_gmt":"2025-07-08T12:58:50","slug":"lametlla-del-valles","status":"publish","type":"page","link":"https:\/\/www.adiestradorcanino.com\/webdelperro\/barcelona\/lametlla-del-valles\/","title":{"rendered":"Adiestramiento canino en L&#8217;ametlla Del Vall\u00e8s"},"content":{"rendered":"<div class=\"descripcion\">La educaci\u00f3n de perros en L&#8217;ametlla Del Vall\u00e8s resulta clave para optimizar la interacci\u00f3n con tu mascota. En este sitio puedes descubrir adiestradores y centros especializados que te ayudar\u00e1n a educar a su perro con t\u00e9cnicas basados en un respeto y la comunicaci\u00f3n. <br \/><br \/>Independientemente de si busques obediencia fundamental para un cachorro o la modificaci\u00f3n de conductas complejos en perros mayores, en L&#8217;ametlla Del Vall\u00e8s existen profesionales capacitados para cada necesidad, colaborando con programas personalizados.<\/div>\n<h2 class=\"wp-block-heading\"><strong>Esencia Canina<\/strong><\/h2>\n\n\n\n<div class=\"wp-block-columns nc-fichas-en-categorias is-layout-flex wp-container-core-columns-is-layout-9d6595d7 wp-block-columns-is-layout-flex\">\n<div class=\"wp-block-column is-vertically-aligned-center is-layout-flow wp-block-column-is-layout-flow\">\n<figure class=\"wp-block-image size-full\"><img decoding=\"async\" src=\"https:\/\/www.adiestradorcanino.com\/webdelperro\/wp-content\/uploads\/2025\/07\/Esencia-Canina.png\" alt=\"Negocio Esencia Canina\" class=\"wp-image-19766\"\/><\/figure>\n\n\n\n<p><\/p>\n<\/div>\n\n\n\n<div class=\"wp-block-column is-vertically-aligned-center is-layout-flow wp-block-column-is-layout-flow\">\n<div class=\"su-service\"><div class=\"su-service-title\" style=\"padding-left:46px;min-height:32px;line-height:32px\"><i class=\"sui sui-user\" style=\"font-size:32px;color:#2471a3\"><\/i> <strong>Nombre<\/strong><\/div><div class=\"su-service-content su-u-clearfix su-u-trim\" style=\"padding-left:46px\">Esencia Canina<\/div><\/div>\n\n\n\n<div class=\"su-service\"><div class=\"su-service-title\" style=\"padding-left:46px;min-height:32px;line-height:32px\"><i class=\"sui sui-map-marker\" style=\"font-size:32px;color:#2471a3\"><\/i> <strong>Direcci\u00f3n<\/strong><\/div><div class=\"su-service-content su-u-clearfix su-u-trim\" style=\"padding-left:46px\">Carrer Tramuntana, 08480 L&#8217;Ametlla del Vall\u00e8s, Barcelona<\/div><\/div>\n\n\n\n<div class=\"su-service\"><div class=\"su-service-title\" style=\"padding-left:46px;min-height:32px;line-height:32px\"><i class=\"sui sui-volume-control-phone\" style=\"font-size:32px;color:#2471a3\"><\/i> <strong>Tel\u00e9fono<\/strong><\/div><div class=\"su-service-content su-u-clearfix su-u-trim\" style=\"padding-left:46px\">616 88 31 16<\/div><\/div>\n\n\n\n<div class=\"su-service\"><div class=\"su-service-title\" style=\"padding-left:46px;min-height:32px;line-height:32px\"><i class=\"sui sui-globe\" style=\"font-size:32px;color:#2471a3\"><\/i> <strong>Sitio web<\/strong><\/div><div class=\"su-service-content su-u-clearfix su-u-trim\" style=\"padding-left:46px\">http:\/\/www.esenciacanina.es\/<\/div><\/div>\n\n\n\n<p class=\"has-text-align-left\"><div class=\"su-service\"><div class=\"su-service-title\" style=\"padding-left:46px;min-height:32px;line-height:32px\"><i class=\"sui sui-clock-o\" style=\"font-size:32px;color:#2471a3\"><\/i> <strong>Horarios<\/strong><\/div><div class=\"su-service-content su-u-clearfix su-u-trim\" style=\"padding-left:46px\">\n\n\n\n<figure class=\"wp-block-table\"><table><tbody><tr><td><strong>Lunes<\/strong><\/td><td><\/td><\/tr><tr><td><strong>Martes<\/strong><\/td><td><\/td><\/tr><tr><td><strong>Mi\u00e9rcoles<\/strong><\/td><td><\/td><\/tr><tr><td><strong>Jueves<\/strong><\/td><td><\/td><\/tr><tr><td><strong>Viernes<\/strong><\/td><td><\/td><\/tr><tr><td><strong>S\u00e1bado<\/strong><\/td><td><\/td><\/tr><tr><td><strong>Domingo<\/strong><\/td><td><\/td><\/tr><\/tbody><\/table><\/figure>\n\n\n\n<\/div><\/div>\n\n\n\n<div class=\"su-service\"><div class=\"su-service-title\" style=\"padding-left:46px;min-height:32px;line-height:32px\"><i class=\"sui sui-star\" style=\"font-size:32px;color:#2471a3\"><\/i> Valoraci\u00f3n de los clientes<\/div><div class=\"su-service-content su-u-clearfix su-u-trim\" style=\"padding-left:46px\">4.7 \/ 5 (71 votos) <\/div><\/div>\n<\/div>\n<\/div>\n\n\n\n<div class=\"wp-block-columns is-layout-flex wp-container-core-columns-is-layout-9d6595d7 wp-block-columns-is-layout-flex\">\n<div class=\"wp-block-column mapa2 is-layout-flow wp-block-column-is-layout-flow\">\n<div class=\"su-gmap su-u-responsive-media-yes mapa\"><iframe loading=\"lazy\" width=\"600\" height=\"280\" src=\"\/\/maps.google.com\/maps?q=Esencia%20Canina%2C%20Carrer%20Tramuntana%2C%2008480%20L%26%23039%3BAmetlla%20del%20Vall%C3%A8s%2C%20Barcelona&amp;output=embed&amp;z=20\" title=\"\"><\/iframe><\/div>\n<\/div>\n<\/div>\n\n\n\n<div class=\"wp-block-columns is-layout-flex wp-container-core-columns-is-layout-9d6595d7 wp-block-columns-is-layout-flex\">\n<div class=\"wp-block-column is-layout-flow wp-block-column-is-layout-flow\"><a href=\"https:\/\/www.adiestradorcanino.com\/webdelperro\/barcelona\/lametlla-del-valles\/adiestramiento-canino-esencia-canina-en-lametlla-del-valles-barcelona\/\" style=\"width:100%;text-align:center;border-radius:6px;background-color:#2471a3;color:#ffffff;padding:16px 26px;text-decoration:none;display:inline-block;font-weight:600;\">Ver negocio<\/a>\n<\/div>\n<\/div>\n\n<div class=\"concl\">En este espacio descubrir\u00e1s opciones fiables y valoradas de entrenamiento de perros en L&#8217;ametlla Del Vall\u00e8s. Mejora el cuidado de tu perro y fomenta una conexi\u00f3n equilibrada y feliz inmediatamente.<br \/><br \/>Explora las mejores opciones de entrenamiento de perros en L&#8217;ametlla Del Vall\u00e8s y localiza al profesional adecuado para asistirte a comprender mejor a tu perro y conseguir una vida juntos en paz.<\/div>","protected":false},"excerpt":{"rendered":"<p>La educaci\u00f3n de perros en L&#8217;ametlla Del Vall\u00e8s resulta clave para optimizar la interacci\u00f3n con tu mascota. En este sitio puedes descubrir adiestradores y centros especializados que te ayudar\u00e1n a educar a su perro con t\u00e9cnicas basados en un respeto y la comunicaci\u00f3n. Independientemente de si busques obediencia fundamental para un cachorro o la modificaci\u00f3n [&hellip;]<\/p>\n","protected":false},"author":2,"featured_media":0,"parent":7827,"menu_order":0,"comment_status":"closed","ping_status":"closed","template":"","meta":{"_et_pb_use_builder":"","_et_pb_old_content":"","_et_gb_content_width":"","footnotes":""},"tags":[845],"class_list":["post-7862","page","type-page","status-publish","hentry","tag-barcelona"],"_links":{"self":[{"href":"https:\/\/www.adiestradorcanino.com\/webdelperro\/wp-json\/wp\/v2\/pages\/7862","targetHints":{"allow":["GET"]}}],"collection":[{"href":"https:\/\/www.adiestradorcanino.com\/webdelperro\/wp-json\/wp\/v2\/pages"}],"about":[{"href":"https:\/\/www.adiestradorcanino.com\/webdelperro\/wp-json\/wp\/v2\/types\/page"}],"author":[{"embeddable":true,"href":"https:\/\/www.adiestradorcanino.com\/webdelperro\/wp-json\/wp\/v2\/users\/2"}],"replies":[{"embeddable":true,"href":"https:\/\/www.adiestradorcanino.com\/webdelperro\/wp-json\/wp\/v2\/comments?post=7862"}],"version-history":[{"count":0,"href":"https:\/\/www.adiestradorcanino.com\/webdelperro\/wp-json\/wp\/v2\/pages\/7862\/revisions"}],"up":[{"embeddable":true,"href":"https:\/\/www.adiestradorcanino.com\/webdelperro\/wp-json\/wp\/v2\/pages\/7827"}],"wp:attachment":[{"href":"https:\/\/www.adiestradorcanino.com\/webdelperro\/wp-json\/wp\/v2\/media?parent=7862"}],"wp:term":[{"taxonomy":"post_tag","embeddable":true,"href":"https:\/\/www.adiestradorcanino.com\/webdelperro\/wp-json\/wp\/v2\/tags?post=7862"}],"curies":[{"name":"wp","href":"https:\/\/api.w.org\/{rel}","templated":true}]}}

Adiestramiento canino en L&#8217;ametlla Del Vallès

<div class="descripcion">La educación de perros en L&#8217;ametlla Del Vallès resulta clave para optimizar la interacción con tu mascota. En este sitio puedes descubrir adiestradores y centros especializados que te ayudarán a educar a su perro con técnicas basados en un respeto y la comunicación. <br /><br />Independientemente de si busques obediencia fundamental para un cachorro o la modificación de conductas complejos en perros mayores, en L&#8217;ametlla Del Vallès existen profesionales capacitados para cada necesidad, colaborando con programas personalizados.</div>
<h2 class="wp-block-heading"><strong>Esencia Canina</strong></h2>



<div class="wp-block-columns nc-fichas-en-categorias is-layout-flex wp-container-core-columns-is-layout-9d6595d7 wp-block-columns-is-layout-flex">
<div class="wp-block-column is-vertically-aligned-center is-layout-flow wp-block-column-is-layout-flow">
<figure class="wp-block-image size-full"><img decoding="async" src="https://www.adiestradorcanino.com/webdelperro/wp-content/uploads/2025/07/Esencia-Canina.png" alt="Negocio Esencia Canina" class="wp-image-19766"/></figure>



<p></p>
</div>



<div class="wp-block-column is-vertically-aligned-center is-layout-flow wp-block-column-is-layout-flow">
<div class="su-service"><div class="su-service-title" style="padding-left:46px;min-height:32px;line-height:32px"><i class="sui sui-user" style="font-size:32px;color:#2471a3"></i> <strong>Nombre</strong></div><div class="su-service-content su-u-clearfix su-u-trim" style="padding-left:46px">Esencia Canina</div></div>



<div class="su-service"><div class="su-service-title" style="padding-left:46px;min-height:32px;line-height:32px"><i class="sui sui-map-marker" style="font-size:32px;color:#2471a3"></i> <strong>Dirección</strong></div><div class="su-service-content su-u-clearfix su-u-trim" style="padding-left:46px">Carrer Tramuntana, 08480 L&#8217;Ametlla del Vallès, Barcelona</div></div>



<div class="su-service"><div class="su-service-title" style="padding-left:46px;min-height:32px;line-height:32px"><i class="sui sui-volume-control-phone" style="font-size:32px;color:#2471a3"></i> <strong>Teléfono</strong></div><div class="su-service-content su-u-clearfix su-u-trim" style="padding-left:46px">616 88 31 16</div></div>



<div class="su-service"><div class="su-service-title" style="padding-left:46px;min-height:32px;line-height:32px"><i class="sui sui-globe" style="font-size:32px;color:#2471a3"></i> <strong>Sitio web</strong></div><div class="su-service-content su-u-clearfix su-u-trim" style="padding-left:46px">http://www.esenciacanina.es/</div></div>



<p class="has-text-align-left"><div class="su-service"><div class="su-service-title" style="padding-left:46px;min-height:32px;line-height:32px"><i class="sui sui-clock-o" style="font-size:32px;color:#2471a3"></i> <strong>Horarios</strong></div><div class="su-service-content su-u-clearfix su-u-trim" style="padding-left:46px">



<figure class="wp-block-table"><table><tbody><tr><td><strong>Lunes</strong></td><td></td></tr><tr><td><strong>Martes</strong></td><td></td></tr><tr><td><strong>Miércoles</strong></td><td></td></tr><tr><td><strong>Jueves</strong></td><td></td></tr><tr><td><strong>Viernes</strong></td><td></td></tr><tr><td><strong>Sábado</strong></td><td></td></tr><tr><td><strong>Domingo</strong></td><td></td></tr></tbody></table></figure>



</div></div>



<div class="su-service"><div class="su-service-title" style="padding-left:46px;min-height:32px;line-height:32px"><i class="sui sui-star" style="font-size:32px;color:#2471a3"></i> Valoración de los clientes</div><div class="su-service-content su-u-clearfix su-u-trim" style="padding-left:46px">4.7 / 5 (71 votos) </div></div>
</div>
</div>



<div class="wp-block-columns is-layout-flex wp-container-core-columns-is-layout-9d6595d7 wp-block-columns-is-layout-flex">
<div class="wp-block-column mapa2 is-layout-flow wp-block-column-is-layout-flow">
<div class="su-gmap su-u-responsive-media-yes mapa"><iframe loading="lazy" width="600" height="280" src="//maps.google.com/maps?q=Esencia%20Canina%2C%20Carrer%20Tramuntana%2C%2008480%20L%26%23039%3BAmetlla%20del%20Vall%C3%A8s%2C%20Barcelona&amp;output=embed&amp;z=20" title=""></iframe></div>
</div>
</div>



<div class="wp-block-columns is-layout-flex wp-container-core-columns-is-layout-9d6595d7 wp-block-columns-is-layout-flex">
<div class="wp-block-column is-layout-flow wp-block-column-is-layout-flow"><a href="https://www.adiestradorcanino.com/webdelperro/barcelona/lametlla-del-valles/adiestramiento-canino-esencia-canina-en-lametlla-del-valles-barcelona/" style="width:100%;text-align:center;border-radius:6px;background-color:#2471a3;color:#ffffff;padding:16px 26px;text-decoration:none;display:inline-block;font-weight:600;">Ver negocio</a>
</div>
</div>

<div class="concl">En este espacio descubrirás opciones fiables y valoradas de entrenamiento de perros en L&#8217;ametlla Del Vallès. Mejora el cuidado de tu perro y fomenta una conexión equilibrada y feliz inmediatamente.<br /><br />Explora las mejores opciones de entrenamiento de perros en L&#8217;ametlla Del Vallès y localiza al profesional adecuado para asistirte a comprender mejor a tu perro y conseguir una vida juntos en paz.</div>

<p>La educación de perros en L&#8217;ametlla Del Vallès resulta clave para optimizar la interacción con tu mascota. En este sitio puedes descubrir adiestradores y centros especializados que te ayudarán a educar a su perro con técnicas basados en un respeto y la comunicación. Independientemente de si busques obediencia fundamental para un cachorro o la modificación [&hellip;]</p>
