{"id":7853,"date":"2025-07-08T12:58:01","date_gmt":"2025-07-08T12:58:01","guid":{"rendered":"https:\/\/www.adiestradorcanino.com\/webdelperro\/barcelona\/viladecans\/"},"modified":"2025-07-08T12:58:02","modified_gmt":"2025-07-08T12:58:02","slug":"viladecans","status":"publish","type":"page","link":"https:\/\/www.adiestradorcanino.com\/webdelperro\/barcelona\/viladecans\/","title":{"rendered":"Adiestramiento canino en Viladecans"},"content":{"rendered":"<div class=\"descripcion\">La educaci\u00f3n canino en Viladecans resulta clave para incrementar la convivencia con su perro. Aqu\u00ed puedes descubrir adiestradores y centros especializados que te asistir\u00e1n a adiestrar a su perro con m\u00e9todos fundamentados en un respeto y la comunicaci\u00f3n. <br \/><br \/>Independientemente de si est\u00e9s buscando entrenamiento fundamental para un cachorro o la modificaci\u00f3n de conductas complejos en perros adultos, en Viladecans hay profesionales cualificados para toda necesidad, trabajando con planes personalizados.<\/div>\n<h2 class=\"wp-block-heading\"><strong>Petjades &#8211; Educaci\u00f3 Canina<\/strong><\/h2>\n\n\n\n<div class=\"wp-block-columns nc-fichas-en-categorias is-layout-flex wp-container-core-columns-is-layout-9d6595d7 wp-block-columns-is-layout-flex\">\n<div class=\"wp-block-column is-vertically-aligned-center is-layout-flow wp-block-column-is-layout-flow\">\n<figure class=\"wp-block-image size-full\"><img decoding=\"async\" src=\"https:\/\/www.adiestradorcanino.com\/webdelperro\/wp-content\/uploads\/2025\/07\/Petjades-Educacio-Canina.png\" alt=\"Negocio Petjades - Educaci\u00f3 Canina\" class=\"wp-image-19766\"\/><\/figure>\n\n\n\n<p><\/p>\n<\/div>\n\n\n\n<div class=\"wp-block-column is-vertically-aligned-center is-layout-flow wp-block-column-is-layout-flow\">\n<div class=\"su-service\"><div class=\"su-service-title\" style=\"padding-left:46px;min-height:32px;line-height:32px\"><i class=\"sui sui-user\" style=\"font-size:32px;color:#2471a3\"><\/i> <strong>Nombre<\/strong><\/div><div class=\"su-service-content su-u-clearfix su-u-trim\" style=\"padding-left:46px\">Petjades &#8211; Educaci\u00f3 Canina<\/div><\/div>\n\n\n\n<div class=\"su-service\"><div class=\"su-service-title\" style=\"padding-left:46px;min-height:32px;line-height:32px\"><i class=\"sui sui-map-marker\" style=\"font-size:32px;color:#2471a3\"><\/i> <strong>Direcci\u00f3n<\/strong><\/div><div class=\"su-service-content su-u-clearfix su-u-trim\" style=\"padding-left:46px\">Passeig del Tamariu, 9, 08840 Viladecans, Barcelona<\/div><\/div>\n\n\n\n<div class=\"su-service\"><div class=\"su-service-title\" style=\"padding-left:46px;min-height:32px;line-height:32px\"><i class=\"sui sui-volume-control-phone\" style=\"font-size:32px;color:#2471a3\"><\/i> <strong>Tel\u00e9fono<\/strong><\/div><div class=\"su-service-content su-u-clearfix su-u-trim\" style=\"padding-left:46px\">654 85 78 30<\/div><\/div>\n\n\n\n<div class=\"su-service\"><div class=\"su-service-title\" style=\"padding-left:46px;min-height:32px;line-height:32px\"><i class=\"sui sui-globe\" style=\"font-size:32px;color:#2471a3\"><\/i> <strong>Sitio web<\/strong><\/div><div class=\"su-service-content su-u-clearfix su-u-trim\" style=\"padding-left:46px\">http:\/\/www.petjades.cat\/<\/div><\/div>\n\n\n\n<p class=\"has-text-align-left\"><div class=\"su-service\"><div class=\"su-service-title\" style=\"padding-left:46px;min-height:32px;line-height:32px\"><i class=\"sui sui-clock-o\" style=\"font-size:32px;color:#2471a3\"><\/i> <strong>Horarios<\/strong><\/div><div class=\"su-service-content su-u-clearfix su-u-trim\" style=\"padding-left:46px\">\n\n\n\n<figure class=\"wp-block-table\"><table><tbody><tr><td><strong>Lunes<\/strong><\/td><td>lunes: 9:00\u201320:00<\/td><\/tr><tr><td><strong>Martes<\/strong><\/td><td>martes: 9:00\u201320:00<\/td><\/tr><tr><td><strong>Mi\u00e9rcoles<\/strong><\/td><td>mi\u00e9rcoles: 9:00\u201320:00<\/td><\/tr><tr><td><strong>Jueves<\/strong><\/td><td>jueves: 9:00\u201320:00<\/td><\/tr><tr><td><strong>Viernes<\/strong><\/td><td>viernes: 9:00\u201320:00<\/td><\/tr><tr><td><strong>S\u00e1bado<\/strong><\/td><td>s\u00e1bado: 9:00\u201313:00<\/td><\/tr><tr><td><strong>Domingo<\/strong><\/td><td>domingo: Cerrado<\/td><\/tr><\/tbody><\/table><\/figure>\n\n\n\n<\/div><\/div>\n\n\n\n<div class=\"su-service\"><div class=\"su-service-title\" style=\"padding-left:46px;min-height:32px;line-height:32px\"><i class=\"sui sui-star\" style=\"font-size:32px;color:#2471a3\"><\/i> Valoraci\u00f3n de los clientes<\/div><div class=\"su-service-content su-u-clearfix su-u-trim\" style=\"padding-left:46px\">5 \/ 5 (39 votos) <\/div><\/div>\n<\/div>\n<\/div>\n\n\n\n<div class=\"wp-block-columns is-layout-flex wp-container-core-columns-is-layout-9d6595d7 wp-block-columns-is-layout-flex\">\n<div class=\"wp-block-column mapa2 is-layout-flow wp-block-column-is-layout-flow\">\n<div class=\"su-gmap su-u-responsive-media-yes mapa\"><iframe loading=\"lazy\" width=\"600\" height=\"280\" src=\"\/\/maps.google.com\/maps?q=Petjades%20-%20Educaci%C3%B3%20Canina%2C%20Passeig%20del%20Tamariu%2C%209%2C%2008840%20Viladecans%2C%20Barcelona&amp;output=embed&amp;z=20\" title=\"\"><\/iframe><\/div>\n<\/div>\n<\/div>\n\n\n\n<div class=\"wp-block-columns is-layout-flex wp-container-core-columns-is-layout-9d6595d7 wp-block-columns-is-layout-flex\">\n<div class=\"wp-block-column is-layout-flow wp-block-column-is-layout-flow\"><a href=\"https:\/\/www.adiestradorcanino.com\/webdelperro\/barcelona\/viladecans\/adiestramiento-canino-petjades-educacio-canina-en-viladecans-barcelona\/\" style=\"width:100%;text-align:center;border-radius:6px;background-color:#2471a3;color:#ffffff;padding:16px 26px;text-decoration:none;display:inline-block;font-weight:600;\">Ver negocio<\/a>\n<\/div>\n<\/div>\n\n<h2 class=\"wp-block-heading\"><strong>Z-kan Educaci\u00f3n Canina<\/strong><\/h2>\n\n\n\n<div class=\"wp-block-columns nc-fichas-en-categorias is-layout-flex wp-container-core-columns-is-layout-9d6595d7 wp-block-columns-is-layout-flex\">\n<div class=\"wp-block-column is-vertically-aligned-center is-layout-flow wp-block-column-is-layout-flow\">\n\n\n<p><\/p>\n<\/div>\n\n\n\n<div class=\"wp-block-column is-vertically-aligned-center is-layout-flow wp-block-column-is-layout-flow\">\n<div class=\"su-service\"><div class=\"su-service-title\" style=\"padding-left:46px;min-height:32px;line-height:32px\"><i class=\"sui sui-user\" style=\"font-size:32px;color:#2471a3\"><\/i> <strong>Nombre<\/strong><\/div><div class=\"su-service-content su-u-clearfix su-u-trim\" style=\"padding-left:46px\">Z-kan Educaci\u00f3n Canina<\/div><\/div>\n\n\n\n<div class=\"su-service\"><div class=\"su-service-title\" style=\"padding-left:46px;min-height:32px;line-height:32px\"><i class=\"sui sui-map-marker\" style=\"font-size:32px;color:#2471a3\"><\/i> <strong>Direcci\u00f3n<\/strong><\/div><div class=\"su-service-content su-u-clearfix su-u-trim\" style=\"padding-left:46px\">Carrer de la Mare de D\u00e9u de Sales, 67, 08840 Viladecans, Barcelona<\/div><\/div>\n\n\n\n<div class=\"su-service\"><div class=\"su-service-title\" style=\"padding-left:46px;min-height:32px;line-height:32px\"><i class=\"sui sui-volume-control-phone\" style=\"font-size:32px;color:#2471a3\"><\/i> <strong>Tel\u00e9fono<\/strong><\/div><div class=\"su-service-content su-u-clearfix su-u-trim\" style=\"padding-left:46px\">687 99 10 24<\/div><\/div>\n\n\n\n<div class=\"su-service\"><div class=\"su-service-title\" style=\"padding-left:46px;min-height:32px;line-height:32px\"><i class=\"sui sui-globe\" style=\"font-size:32px;color:#2471a3\"><\/i> <strong>Sitio web<\/strong><\/div><div class=\"su-service-content su-u-clearfix su-u-trim\" style=\"padding-left:46px\">http:\/\/www.z-kan.com\/<\/div><\/div>\n\n\n\n<p class=\"has-text-align-left\"><div class=\"su-service\"><div class=\"su-service-title\" style=\"padding-left:46px;min-height:32px;line-height:32px\"><i class=\"sui sui-clock-o\" style=\"font-size:32px;color:#2471a3\"><\/i> <strong>Horarios<\/strong><\/div><div class=\"su-service-content su-u-clearfix su-u-trim\" style=\"padding-left:46px\">\n\n\n\n<figure class=\"wp-block-table\"><table><tbody><tr><td><strong>Lunes<\/strong><\/td><td>lunes: 9:00\u201321:00<\/td><\/tr><tr><td><strong>Martes<\/strong><\/td><td>martes: 9:00\u201321:00<\/td><\/tr><tr><td><strong>Mi\u00e9rcoles<\/strong><\/td><td>mi\u00e9rcoles: 9:00\u201321:00<\/td><\/tr><tr><td><strong>Jueves<\/strong><\/td><td>jueves: 9:00\u201321:00<\/td><\/tr><tr><td><strong>Viernes<\/strong><\/td><td>viernes: 9:00\u201321:00<\/td><\/tr><tr><td><strong>S\u00e1bado<\/strong><\/td><td>s\u00e1bado: 9:00\u201314:00<\/td><\/tr><tr><td><strong>Domingo<\/strong><\/td><td>domingo: Cerrado<\/td><\/tr><\/tbody><\/table><\/figure>\n\n\n\n<\/div><\/div>\n\n\n\n<div class=\"su-service\"><div class=\"su-service-title\" style=\"padding-left:46px;min-height:32px;line-height:32px\"><i class=\"sui sui-star\" style=\"font-size:32px;color:#2471a3\"><\/i> Valoraci\u00f3n de los clientes<\/div><div class=\"su-service-content su-u-clearfix su-u-trim\" style=\"padding-left:46px\">5 \/ 5 (6 votos) <\/div><\/div>\n<\/div>\n<\/div>\n\n\n\n<div class=\"wp-block-columns is-layout-flex wp-container-core-columns-is-layout-9d6595d7 wp-block-columns-is-layout-flex\">\n<div class=\"wp-block-column mapa2 is-layout-flow wp-block-column-is-layout-flow\">\n<div class=\"su-gmap su-u-responsive-media-yes mapa\"><iframe loading=\"lazy\" width=\"600\" height=\"280\" src=\"\/\/maps.google.com\/maps?q=Z-kan%20Educaci%C3%B3n%20Canina%2C%20Carrer%20de%20la%20Mare%20de%20D%C3%A9u%20de%20Sales%2C%2067%2C%2008840%20Viladecans%2C%20Barcelona&amp;output=embed&amp;z=20\" title=\"\"><\/iframe><\/div>\n<\/div>\n<\/div>\n\n\n\n<div class=\"wp-block-columns is-layout-flex wp-container-core-columns-is-layout-9d6595d7 wp-block-columns-is-layout-flex\">\n<div class=\"wp-block-column is-layout-flow wp-block-column-is-layout-flow\"><a href=\"https:\/\/www.adiestradorcanino.com\/webdelperro\/barcelona\/viladecans\/adiestramiento-canino-z-kan-educacion-canina-en-viladecans-barcelona\/\" style=\"width:100%;text-align:center;border-radius:6px;background-color:#2471a3;color:#ffffff;padding:16px 26px;text-decoration:none;display:inline-block;font-weight:600;\">Ver negocio<\/a>\n<\/div>\n<\/div>\n\n<div class=\"concl\">En este espacio encontrar\u00e1s opciones validadas y apreciadas de entrenamiento de perros en Viladecans. Incrementa el cuidado de tu perro y desarrolla una conexi\u00f3n arm\u00f3nica y feliz a partir de ahora.<br \/><br \/>Explora las m\u00e1s recomendadas alternativas de entrenamiento de perros en Viladecans y halla al profesional id\u00f3neo para colaborar contigo a entender mejor a tu perro y lograr una vida juntos armoniosa.<\/div>","protected":false},"excerpt":{"rendered":"<p>La educaci\u00f3n canino en Viladecans resulta clave para incrementar la convivencia con su perro. Aqu\u00ed puedes descubrir adiestradores y centros especializados que te asistir\u00e1n a adiestrar a su perro con m\u00e9todos fundamentados en un respeto y la comunicaci\u00f3n. Independientemente de si est\u00e9s buscando entrenamiento fundamental para un cachorro o la modificaci\u00f3n de conductas complejos en [&hellip;]<\/p>\n","protected":false},"author":2,"featured_media":0,"parent":7827,"menu_order":0,"comment_status":"closed","ping_status":"closed","template":"","meta":{"_et_pb_use_builder":"","_et_pb_old_content":"","_et_gb_content_width":"","footnotes":""},"tags":[845],"class_list":["post-7853","page","type-page","status-publish","hentry","tag-barcelona"],"_links":{"self":[{"href":"https:\/\/www.adiestradorcanino.com\/webdelperro\/wp-json\/wp\/v2\/pages\/7853","targetHints":{"allow":["GET"]}}],"collection":[{"href":"https:\/\/www.adiestradorcanino.com\/webdelperro\/wp-json\/wp\/v2\/pages"}],"about":[{"href":"https:\/\/www.adiestradorcanino.com\/webdelperro\/wp-json\/wp\/v2\/types\/page"}],"author":[{"embeddable":true,"href":"https:\/\/www.adiestradorcanino.com\/webdelperro\/wp-json\/wp\/v2\/users\/2"}],"replies":[{"embeddable":true,"href":"https:\/\/www.adiestradorcanino.com\/webdelperro\/wp-json\/wp\/v2\/comments?post=7853"}],"version-history":[{"count":0,"href":"https:\/\/www.adiestradorcanino.com\/webdelperro\/wp-json\/wp\/v2\/pages\/7853\/revisions"}],"up":[{"embeddable":true,"href":"https:\/\/www.adiestradorcanino.com\/webdelperro\/wp-json\/wp\/v2\/pages\/7827"}],"wp:attachment":[{"href":"https:\/\/www.adiestradorcanino.com\/webdelperro\/wp-json\/wp\/v2\/media?parent=7853"}],"wp:term":[{"taxonomy":"post_tag","embeddable":true,"href":"https:\/\/www.adiestradorcanino.com\/webdelperro\/wp-json\/wp\/v2\/tags?post=7853"}],"curies":[{"name":"wp","href":"https:\/\/api.w.org\/{rel}","templated":true}]}}

<div class="descripcion">La educación canino en Viladecans resulta clave para incrementar la convivencia con su perro. Aquí puedes descubrir adiestradores y centros especializados que te asistirán a adiestrar a su perro con métodos fundamentados en un respeto y la comunicación. <br /><br />Independientemente de si estés buscando entrenamiento fundamental para un cachorro o la modificación de conductas complejos en perros adultos, en Viladecans hay profesionales cualificados para toda necesidad, trabajando con planes personalizados.</div>
<h2 class="wp-block-heading"><strong>Petjades &#8211; Educació Canina</strong></h2>



<div class="wp-block-columns nc-fichas-en-categorias is-layout-flex wp-container-core-columns-is-layout-9d6595d7 wp-block-columns-is-layout-flex">
<div class="wp-block-column is-vertically-aligned-center is-layout-flow wp-block-column-is-layout-flow">
<figure class="wp-block-image size-full"><img decoding="async" src="https://www.adiestradorcanino.com/webdelperro/wp-content/uploads/2025/07/Petjades-Educacio-Canina.png" alt="Negocio Petjades - Educació Canina" class="wp-image-19766"/></figure>



<p></p>
</div>



<div class="wp-block-column is-vertically-aligned-center is-layout-flow wp-block-column-is-layout-flow">
<div class="su-service"><div class="su-service-title" style="padding-left:46px;min-height:32px;line-height:32px"><i class="sui sui-user" style="font-size:32px;color:#2471a3"></i> <strong>Nombre</strong></div><div class="su-service-content su-u-clearfix su-u-trim" style="padding-left:46px">Petjades &#8211; Educació Canina</div></div>



<div class="su-service"><div class="su-service-title" style="padding-left:46px;min-height:32px;line-height:32px"><i class="sui sui-map-marker" style="font-size:32px;color:#2471a3"></i> <strong>Dirección</strong></div><div class="su-service-content su-u-clearfix su-u-trim" style="padding-left:46px">Passeig del Tamariu, 9, 08840 Viladecans, Barcelona</div></div>



<div class="su-service"><div class="su-service-title" style="padding-left:46px;min-height:32px;line-height:32px"><i class="sui sui-volume-control-phone" style="font-size:32px;color:#2471a3"></i> <strong>Teléfono</strong></div><div class="su-service-content su-u-clearfix su-u-trim" style="padding-left:46px">654 85 78 30</div></div>



<div class="su-service"><div class="su-service-title" style="padding-left:46px;min-height:32px;line-height:32px"><i class="sui sui-globe" style="font-size:32px;color:#2471a3"></i> <strong>Sitio web</strong></div><div class="su-service-content su-u-clearfix su-u-trim" style="padding-left:46px">http://www.petjades.cat/</div></div>



<p class="has-text-align-left"><div class="su-service"><div class="su-service-title" style="padding-left:46px;min-height:32px;line-height:32px"><i class="sui sui-clock-o" style="font-size:32px;color:#2471a3"></i> <strong>Horarios</strong></div><div class="su-service-content su-u-clearfix su-u-trim" style="padding-left:46px">



<figure class="wp-block-table"><table><tbody><tr><td><strong>Lunes</strong></td><td>lunes: 9:00–20:00</td></tr><tr><td><strong>Martes</strong></td><td>martes: 9:00–20:00</td></tr><tr><td><strong>Miércoles</strong></td><td>miércoles: 9:00–20:00</td></tr><tr><td><strong>Jueves</strong></td><td>jueves: 9:00–20:00</td></tr><tr><td><strong>Viernes</strong></td><td>viernes: 9:00–20:00</td></tr><tr><td><strong>Sábado</strong></td><td>sábado: 9:00–13:00</td></tr><tr><td><strong>Domingo</strong></td><td>domingo: Cerrado</td></tr></tbody></table></figure>



</div></div>



<div class="su-service"><div class="su-service-title" style="padding-left:46px;min-height:32px;line-height:32px"><i class="sui sui-star" style="font-size:32px;color:#2471a3"></i> Valoración de los clientes</div><div class="su-service-content su-u-clearfix su-u-trim" style="padding-left:46px">5 / 5 (39 votos) </div></div>
</div>
</div>



<div class="wp-block-columns is-layout-flex wp-container-core-columns-is-layout-9d6595d7 wp-block-columns-is-layout-flex">
<div class="wp-block-column mapa2 is-layout-flow wp-block-column-is-layout-flow">
<div class="su-gmap su-u-responsive-media-yes mapa"><iframe loading="lazy" width="600" height="280" src="//maps.google.com/maps?q=Petjades%20-%20Educaci%C3%B3%20Canina%2C%20Passeig%20del%20Tamariu%2C%209%2C%2008840%20Viladecans%2C%20Barcelona&amp;output=embed&amp;z=20" title=""></iframe></div>
</div>
</div>



<div class="wp-block-columns is-layout-flex wp-container-core-columns-is-layout-9d6595d7 wp-block-columns-is-layout-flex">
<div class="wp-block-column is-layout-flow wp-block-column-is-layout-flow"><a href="https://www.adiestradorcanino.com/webdelperro/barcelona/viladecans/adiestramiento-canino-petjades-educacio-canina-en-viladecans-barcelona/" style="width:100%;text-align:center;border-radius:6px;background-color:#2471a3;color:#ffffff;padding:16px 26px;text-decoration:none;display:inline-block;font-weight:600;">Ver negocio</a>
</div>
</div>

<h2 class="wp-block-heading"><strong>Z-kan Educación Canina</strong></h2>



<div class="wp-block-columns nc-fichas-en-categorias is-layout-flex wp-container-core-columns-is-layout-9d6595d7 wp-block-columns-is-layout-flex">
<div class="wp-block-column is-vertically-aligned-center is-layout-flow wp-block-column-is-layout-flow">


<p></p>
</div>



<div class="wp-block-column is-vertically-aligned-center is-layout-flow wp-block-column-is-layout-flow">
<div class="su-service"><div class="su-service-title" style="padding-left:46px;min-height:32px;line-height:32px"><i class="sui sui-user" style="font-size:32px;color:#2471a3"></i> <strong>Nombre</strong></div><div class="su-service-content su-u-clearfix su-u-trim" style="padding-left:46px">Z-kan Educación Canina</div></div>



<div class="su-service"><div class="su-service-title" style="padding-left:46px;min-height:32px;line-height:32px"><i class="sui sui-map-marker" style="font-size:32px;color:#2471a3"></i> <strong>Dirección</strong></div><div class="su-service-content su-u-clearfix su-u-trim" style="padding-left:46px">Carrer de la Mare de Déu de Sales, 67, 08840 Viladecans, Barcelona</div></div>



<div class="su-service"><div class="su-service-title" style="padding-left:46px;min-height:32px;line-height:32px"><i class="sui sui-volume-control-phone" style="font-size:32px;color:#2471a3"></i> <strong>Teléfono</strong></div><div class="su-service-content su-u-clearfix su-u-trim" style="padding-left:46px">687 99 10 24</div></div>



<div class="su-service"><div class="su-service-title" style="padding-left:46px;min-height:32px;line-height:32px"><i class="sui sui-globe" style="font-size:32px;color:#2471a3"></i> <strong>Sitio web</strong></div><div class="su-service-content su-u-clearfix su-u-trim" style="padding-left:46px">http://www.z-kan.com/</div></div>



<p class="has-text-align-left"><div class="su-service"><div class="su-service-title" style="padding-left:46px;min-height:32px;line-height:32px"><i class="sui sui-clock-o" style="font-size:32px;color:#2471a3"></i> <strong>Horarios</strong></div><div class="su-service-content su-u-clearfix su-u-trim" style="padding-left:46px">



<figure class="wp-block-table"><table><tbody><tr><td><strong>Lunes</strong></td><td>lunes: 9:00–21:00</td></tr><tr><td><strong>Martes</strong></td><td>martes: 9:00–21:00</td></tr><tr><td><strong>Miércoles</strong></td><td>miércoles: 9:00–21:00</td></tr><tr><td><strong>Jueves</strong></td><td>jueves: 9:00–21:00</td></tr><tr><td><strong>Viernes</strong></td><td>viernes: 9:00–21:00</td></tr><tr><td><strong>Sábado</strong></td><td>sábado: 9:00–14:00</td></tr><tr><td><strong>Domingo</strong></td><td>domingo: Cerrado</td></tr></tbody></table></figure>



</div></div>



<div class="su-service"><div class="su-service-title" style="padding-left:46px;min-height:32px;line-height:32px"><i class="sui sui-star" style="font-size:32px;color:#2471a3"></i> Valoración de los clientes</div><div class="su-service-content su-u-clearfix su-u-trim" style="padding-left:46px">5 / 5 (6 votos) </div></div>
</div>
</div>



<div class="wp-block-columns is-layout-flex wp-container-core-columns-is-layout-9d6595d7 wp-block-columns-is-layout-flex">
<div class="wp-block-column mapa2 is-layout-flow wp-block-column-is-layout-flow">
<div class="su-gmap su-u-responsive-media-yes mapa"><iframe loading="lazy" width="600" height="280" src="//maps.google.com/maps?q=Z-kan%20Educaci%C3%B3n%20Canina%2C%20Carrer%20de%20la%20Mare%20de%20D%C3%A9u%20de%20Sales%2C%2067%2C%2008840%20Viladecans%2C%20Barcelona&amp;output=embed&amp;z=20" title=""></iframe></div>
</div>
</div>



<div class="wp-block-columns is-layout-flex wp-container-core-columns-is-layout-9d6595d7 wp-block-columns-is-layout-flex">
<div class="wp-block-column is-layout-flow wp-block-column-is-layout-flow"><a href="https://www.adiestradorcanino.com/webdelperro/barcelona/viladecans/adiestramiento-canino-z-kan-educacion-canina-en-viladecans-barcelona/" style="width:100%;text-align:center;border-radius:6px;background-color:#2471a3;color:#ffffff;padding:16px 26px;text-decoration:none;display:inline-block;font-weight:600;">Ver negocio</a>
</div>
</div>

<div class="concl">En este espacio encontrarás opciones validadas y apreciadas de entrenamiento de perros en Viladecans. Incrementa el cuidado de tu perro y desarrolla una conexión armónica y feliz a partir de ahora.<br /><br />Explora las más recomendadas alternativas de entrenamiento de perros en Viladecans y halla al profesional idóneo para colaborar contigo a entender mejor a tu perro y lograr una vida juntos armoniosa.</div>

<p>La educación canino en Viladecans resulta clave para incrementar la convivencia con su perro. Aquí puedes descubrir adiestradores y centros especializados que te asistirán a adiestrar a su perro con métodos fundamentados en un respeto y la comunicación. Independientemente de si estés buscando entrenamiento fundamental para un cachorro o la modificación de conductas complejos en [&hellip;]</p>
