{"id":10405,"date":"2025-07-09T08:26:39","date_gmt":"2025-07-09T08:26:39","guid":{"rendered":"https:\/\/www.adiestradorcanino.com\/webdelperro\/santa-cruz-de-tenerife\/las-chafiras\/adiestramiento-canino-don-perro-veterinario-adiestrador-hotel-canino-en-tenerife-en-las-chafiras-santa-cruz-de-tenerife\/"},"modified":"2025-07-09T08:26:39","modified_gmt":"2025-07-09T08:26:39","slug":"adiestramiento-canino-don-perro-veterinario-adiestrador-hotel-canino-en-tenerife-en-las-chafiras-santa-cruz-de-tenerife","status":"publish","type":"page","link":"https:\/\/www.adiestradorcanino.com\/webdelperro\/santa-cruz-de-tenerife\/las-chafiras\/adiestramiento-canino-don-perro-veterinario-adiestrador-hotel-canino-en-tenerife-en-las-chafiras-santa-cruz-de-tenerife\/","title":{"rendered":"Adiestramiento canino Don Perro &#8211; Veterinario &#8211; Adiestrador &#8211; Hotel Canino En Tenerife en Las Chafiras, Santa Cruz De Tenerife"},"content":{"rendered":"\n<p>Si buscas buscando un sitio confiable id\u00f3neo para adiestramiento de perros en el \u00e1rea de Las Chafiras, nuestra instituci\u00f3n es una excelente opci\u00f3n. Este centro se dedica en el entrenamiento de mascotas de todas las edades y razas, siempre con respetuosos adem\u00e1s de efectivos.<\/p>\n\n\n\n<h2 class=\"wp-block-heading has-text-align-left nombreclinica\">Don Perro &#8211; Veterinario &#8211; Adiestrador &#8211; Hotel Canino En Tenerife<\/h2>\n\n\n\n<div class=\"wp-block-group is-layout-constrained wp-block-group-is-layout-constrained\">\n<div class=\"wp-block-columns nc-clase-ficha is-layout-flex wp-container-core-columns-is-layout-9d6595d7 wp-block-columns-is-layout-flex\">\n<div class=\"wp-block-column is-vertically-aligned-center is-layout-flow wp-block-column-is-layout-flow\">\n<figure class=\"wp-block-image size-full\"><img decoding=\"async\" src=\"https:\/\/www.adiestradorcanino.com\/webdelperro\/wp-content\/uploads\/2025\/07\/Don-Perro-Veterinario-Adiestrador-Hotel-Canino-En-Tenerife.jpg\" alt=\"Don Perro - Veterinario - Adiestrador - Hotel Canino En Tenerife\" class=\"wp-image-19766\"\/><\/figure>\n\n\n\n<p>Dentro de nuestros tratamientos m\u00e1s demandados est\u00e1n la entrenamiento de obediencia, la correcci\u00f3n de conductas inapropiadas, la socializaci\u00f3n con otros perros y las clases espec\u00edficas para cachorros. Asimismo, en nuestro centro nos adaptamos a las particularidades de cada familia y su mascota.<\/p>\n<\/div>\n\n\n\n<div class=\"wp-block-column is-vertically-aligned-center is-layout-flow wp-block-column-is-layout-flow\">\n<div class=\"su-service\"><div class=\"su-service-title\" style=\"padding-left:46px;min-height:32px;line-height:32px\"><i class=\"sui sui-user\" style=\"font-size:32px;color:#2471a3\"><\/i> <strong>Nombre<\/strong><\/div><div class=\"su-service-content su-u-clearfix su-u-trim\" style=\"padding-left:46px\">Don Perro &#8211; Veterinario &#8211; Adiestrador &#8211; Hotel Canino En Tenerife<\/div><\/div>\n\n\n\n<div class=\"su-service\"><div class=\"su-service-title\" style=\"padding-left:46px;min-height:32px;line-height:32px\"><i class=\"sui sui-map-marker\" style=\"font-size:32px;color:#2471a3\"><\/i> <strong>Direcci\u00f3n<\/strong><\/div><div class=\"su-service-content su-u-clearfix su-u-trim\" style=\"padding-left:46px\">C. Fundadores Cooperativa, 72, 38639 Las Chafiras, Santa Cruz de Tenerife<\/div><\/div>\n\n\n\n<div class=\"su-service\"><div class=\"su-service-title\" style=\"padding-left:46px;min-height:32px;line-height:32px\"><i class=\"sui sui-volume-control-phone\" style=\"font-size:32px;color:#2471a3\"><\/i> <strong>Tel\u00e9fono<\/strong><\/div><div class=\"su-service-content su-u-clearfix su-u-trim\" style=\"padding-left:46px\">922 73 58 24<\/div><\/div>\n\n\n\n<div class=\"su-service\"><div class=\"su-service-title\" style=\"padding-left:46px;min-height:32px;line-height:32px\"><i class=\"sui sui-globe\" style=\"font-size:32px;color:#2471a3\"><\/i> <strong>Sitio web<\/strong><\/div><div class=\"su-service-content su-u-clearfix su-u-trim\" style=\"padding-left:46px\">https:\/\/donperro.net\/<\/div><\/div>\n\n\n\n<div class=\"su-service\"><div class=\"su-service-title\" style=\"padding-left:46px;min-height:32px;line-height:32px\"><i class=\"sui sui-star\" style=\"font-size:32px;color:#2471a3\"><\/i> Valoraci\u00f3n de los clientes<\/div><div class=\"su-service-content su-u-clearfix su-u-trim\" style=\"padding-left:46px\">4.3 \/ 5 (731)<\/div><\/div>\n<\/div>\n<\/div>\n<\/div>\n\n\n\n<div class=\"wp-block-columns is-layout-flex wp-container-core-columns-is-layout-9d6595d7 wp-block-columns-is-layout-flex\">\n<div class=\"wp-block-column mapa2 is-layout-flow wp-block-column-is-layout-flow\">\n<h2 class=\"wp-block-heading\">Ubicaci\u00f3n de Don Perro &#8211; Veterinario &#8211; Adiestrador &#8211; Hotel Canino En Tenerife<\/h2>\n\n\n\n<div class=\"su-gmap su-u-responsive-media-yes mapa\"><iframe loading=\"lazy\" width=\"600\" height=\"280\" src=\"\/\/maps.google.com\/maps?q=Don%20Perro%20-%20Veterinario%20-%20Adiestrador%20-%20Hotel%20Canino%20En%20Tenerife%2C%20C.%20Fundadores%20Cooperativa%2C%2072%2C%2038639%20Las%20Chafiras%2C%20Santa%20Cruz%20de%20Tenerife&amp;output=embed&amp;z=20\" title=\"\"><\/iframe><\/div>\n\n\n\n<h2 class=\"wp-block-heading\">Horarios de Don Perro &#8211; Veterinario &#8211; Adiestrador &#8211; Hotel Canino En Tenerife<\/h2>\n\n\n\n<figure class=\"wp-block-table\"><table><tbody><tr><td><strong>Lunes<\/strong><\/td><td>lunes: 9:30\u201317:00<\/td><\/tr><tr><td><strong>Martes<\/strong><\/td><td>martes: 9:30\u201317:00<\/td><\/tr><tr><td><strong>Mi\u00e9rcoles<\/strong><\/td><td>mi\u00e9rcoles: 9:30\u201317:00<\/td><\/tr><tr><td><strong>Jueves<\/strong><\/td><td>jueves: 9:30\u201317:00<\/td><\/tr><tr><td><strong>Viernes<\/strong><\/td><td>viernes: 9:30\u201317:00<\/td><\/tr><tr><td><strong>S\u00e1bado<\/strong><\/td><td>s\u00e1bado: 9:30\u201314:00<\/td><\/tr><tr><td><strong>Domingo<\/strong><\/td><td>domingo: Cerrado<\/td><\/tr><\/tbody><\/table><\/figure>\n\n\n\n<h2 class=\"wp-block-heading\">Tel\u00e9fono de Don Perro &#8211; Veterinario &#8211; Adiestrador &#8211; Hotel Canino En Tenerife<\/h2>\n\n\n\n<p>Si quieres comunicarte con <strong>Don Perro &#8211; Veterinario &#8211; Adiestrador &#8211; Hotel Canino En Tenerife<\/strong>, puedes hacerlo directamente llamando al siguiente n\u00famero:<\/p>\n\n\n\n<div class=\"wp-block-buttons is-content-justification-center is-layout-flex wp-container-core-buttons-is-layout-16018d1d wp-block-buttons-is-layout-flex\">\n<div class=\"wp-block-button is-style-fill\"><a class=\"wp-block-button__link has-background has-medium-font-size has-custom-font-size wp-element-button\" href=\"tel:922 73 58 24\" style=\"border-radius:6px;background-color:#2471a3\">Llamar ahora<\/a><\/div>\n<\/div>\n\n\n\n<h2 class=\"wp-block-heading\">M\u00e1s informaci\u00f3n<\/h2>\n\n\n\n<p>En el centro de adiestramiento canino Don Perro, ubicado en C. Fundadores Cooperativa, 72, 38639 Las Chafiras, Santa Cruz de Tenerife, ofrecemos un enfoque integral para adiestrar perros y asegurar su bienestar. Nuestros servicios incluyen adiestramiento en obediencia, socializaci\u00f3n, modificaci\u00f3n de conducta y m\u00e1s, adaptados a las necesidades espec\u00edficas de cada mascota. Con un equipo de adiestradores de perros en Santa Cruz de Tenerife altamente cualificados, garantizamos un aprendizaje efectivo y armonioso, creando un v\u00ednculo s\u00f3lido entre el perro y su due\u00f1o. Adem\u00e1s, contamos con un hotel canino que proporciona un ambiente seguro y acogedor para tu mascota mientras est\u00e1s fuera. En Don Perro, nos destacamos por nuestra metodolog\u00eda personalizada y el compromiso con la educaci\u00f3n positiva, convirti\u00e9ndonos en la mejor opci\u00f3n para quienes buscan adiestramiento canino en Las Chafiras.<\/p>\n\n\n\n<p>Situado en C. Fundadores Cooperativa, 72, 38639 Las Chafiras, Santa Cruz de Tenerife, este centro de adiestramiento canino en Las Chafiras ha sido reconocido por su atenci\u00f3n cercano, expertise y resultados notables. Mira las opiniones de otros usuarios para entender su testimonio.<\/p>\n<\/div>\n<\/div>\n\n\n\n<p><\/p>\n\n\n\n<p>Si necesitas conocer otros (PONER NEGOCIO, ej: asesor\u00eda legal, decoraci\u00f3n de eventos, instalaciones el\u00e9ctricas) puedes <strong><a href=\"\/\">visitar nuestra p\u00e1gina principal<\/a><\/strong>.<\/p>\n","protected":false},"excerpt":{"rendered":"<p>Si buscas buscando un sitio confiable id\u00f3neo para adiestramiento de perros en el \u00e1rea de Las Chafiras, nuestra instituci\u00f3n es una excelente opci\u00f3n. Este centro se dedica en el entrenamiento de mascotas de todas las edades y razas, siempre con respetuosos adem\u00e1s de efectivos. Don Perro &#8211; Veterinario &#8211; Adiestrador &#8211; Hotel Canino En Tenerife [&hellip;]<\/p>\n","protected":false},"author":2,"featured_media":0,"parent":8414,"menu_order":0,"comment_status":"closed","ping_status":"closed","template":"","meta":{"_et_pb_use_builder":"","_et_pb_old_content":"","_et_gb_content_width":"","footnotes":""},"tags":[1206],"class_list":["post-10405","page","type-page","status-publish","hentry","tag-las-chafiras"],"_links":{"self":[{"href":"https:\/\/www.adiestradorcanino.com\/webdelperro\/wp-json\/wp\/v2\/pages\/10405","targetHints":{"allow":["GET"]}}],"collection":[{"href":"https:\/\/www.adiestradorcanino.com\/webdelperro\/wp-json\/wp\/v2\/pages"}],"about":[{"href":"https:\/\/www.adiestradorcanino.com\/webdelperro\/wp-json\/wp\/v2\/types\/page"}],"author":[{"embeddable":true,"href":"https:\/\/www.adiestradorcanino.com\/webdelperro\/wp-json\/wp\/v2\/users\/2"}],"replies":[{"embeddable":true,"href":"https:\/\/www.adiestradorcanino.com\/webdelperro\/wp-json\/wp\/v2\/comments?post=10405"}],"version-history":[{"count":0,"href":"https:\/\/www.adiestradorcanino.com\/webdelperro\/wp-json\/wp\/v2\/pages\/10405\/revisions"}],"up":[{"embeddable":true,"href":"https:\/\/www.adiestradorcanino.com\/webdelperro\/wp-json\/wp\/v2\/pages\/8414"}],"wp:attachment":[{"href":"https:\/\/www.adiestradorcanino.com\/webdelperro\/wp-json\/wp\/v2\/media?parent=10405"}],"wp:term":[{"taxonomy":"post_tag","embeddable":true,"href":"https:\/\/www.adiestradorcanino.com\/webdelperro\/wp-json\/wp\/v2\/tags?post=10405"}],"curies":[{"name":"wp","href":"https:\/\/api.w.org\/{rel}","templated":true}]}}