{"id":10398,"date":"2025-07-09T08:26:04","date_gmt":"2025-07-09T08:26:04","guid":{"rendered":"https:\/\/www.adiestradorcanino.com\/webdelperro\/santa-cruz-de-tenerife\/icod-de-los-vinos\/adiestramiento-canino-cein-k9-tenerife-en-icod-de-los-vinos-santa-cruz-de-tenerife\/"},"modified":"2025-07-09T08:26:04","modified_gmt":"2025-07-09T08:26:04","slug":"adiestramiento-canino-cein-k9-tenerife-en-icod-de-los-vinos-santa-cruz-de-tenerife","status":"publish","type":"page","link":"https:\/\/www.adiestradorcanino.com\/webdelperro\/santa-cruz-de-tenerife\/icod-de-los-vinos\/adiestramiento-canino-cein-k9-tenerife-en-icod-de-los-vinos-santa-cruz-de-tenerife\/","title":{"rendered":"Adiestramiento canino Cein K9 Tenerife en Icod De Los Vinos, Santa Cruz De Tenerife"},"content":{"rendered":"\n<p>En caso de que buscas buscando un espacio confiable para el adiestramiento de perros en el \u00e1rea de Icod De Los Vinos, nuestra instituci\u00f3n es una excelente opci\u00f3n. Nuestra instalaci\u00f3n se dedica con canes de cualquier edad y raza, usando con respetuosos adem\u00e1s de efectivos.<\/p>\n\n\n\n<h2 class=\"wp-block-heading has-text-align-left nombreclinica\">Cein K9 Tenerife<\/h2>\n\n\n\n<div class=\"wp-block-group is-layout-constrained wp-block-group-is-layout-constrained\">\n<div class=\"wp-block-columns nc-clase-ficha is-layout-flex wp-container-core-columns-is-layout-9d6595d7 wp-block-columns-is-layout-flex\">\n<div class=\"wp-block-column is-vertically-aligned-center is-layout-flow wp-block-column-is-layout-flow\">\n<figure class=\"wp-block-image size-full\"><img decoding=\"async\" src=\"https:\/\/www.adiestradorcanino.com\/webdelperro\/wp-content\/uploads\/2025\/07\/Cein-K9-Tenerife.png\" alt=\"Cein K9 Tenerife\" class=\"wp-image-19766\"\/><\/figure>\n\n\n\n<p>Entre nuestros tratamientos m\u00e1s solicitados se encuentran la cursos de obediencia b\u00e1sica, la correcci\u00f3n de conductas no deseadas, la interacci\u00f3n con otros animales y las clases dirigidas a cachorros. Adem\u00e1s, en el centro se adaptan a las necesidades concretas de cada familia y su mascota.<\/p>\n<\/div>\n\n\n\n<div class=\"wp-block-column is-vertically-aligned-center is-layout-flow wp-block-column-is-layout-flow\">\n<div class=\"su-service\"><div class=\"su-service-title\" style=\"padding-left:46px;min-height:32px;line-height:32px\"><i class=\"sui sui-user\" style=\"font-size:32px;color:#2471a3\"><\/i> <strong>Nombre<\/strong><\/div><div class=\"su-service-content su-u-clearfix su-u-trim\" style=\"padding-left:46px\">Cein K9 Tenerife<\/div><\/div>\n\n\n\n<div class=\"su-service\"><div class=\"su-service-title\" style=\"padding-left:46px;min-height:32px;line-height:32px\"><i class=\"sui sui-map-marker\" style=\"font-size:32px;color:#2471a3\"><\/i> <strong>Direcci\u00f3n<\/strong><\/div><div class=\"su-service-content su-u-clearfix su-u-trim\" style=\"padding-left:46px\">TF-342, 7b, 38434 Icod de los Vinos, Santa Cruz de Tenerife<\/div><\/div>\n\n\n\n<div class=\"su-service\"><div class=\"su-service-title\" style=\"padding-left:46px;min-height:32px;line-height:32px\"><i class=\"sui sui-volume-control-phone\" style=\"font-size:32px;color:#2471a3\"><\/i> <strong>Tel\u00e9fono<\/strong><\/div><div class=\"su-service-content su-u-clearfix su-u-trim\" style=\"padding-left:46px\">660 17 22 48<\/div><\/div>\n\n\n\n<div class=\"su-service\"><div class=\"su-service-title\" style=\"padding-left:46px;min-height:32px;line-height:32px\"><i class=\"sui sui-globe\" style=\"font-size:32px;color:#2471a3\"><\/i> <strong>Sitio web<\/strong><\/div><div class=\"su-service-content su-u-clearfix su-u-trim\" style=\"padding-left:46px\">https:\/\/ceintenerifek9.com\/<\/div><\/div>\n\n\n\n<div class=\"su-service\"><div class=\"su-service-title\" style=\"padding-left:46px;min-height:32px;line-height:32px\"><i class=\"sui sui-star\" style=\"font-size:32px;color:#2471a3\"><\/i> Valoraci\u00f3n de los clientes<\/div><div class=\"su-service-content su-u-clearfix su-u-trim\" style=\"padding-left:46px\">4.9 \/ 5 (145)<\/div><\/div>\n<\/div>\n<\/div>\n<\/div>\n\n\n\n<div class=\"wp-block-columns is-layout-flex wp-container-core-columns-is-layout-9d6595d7 wp-block-columns-is-layout-flex\">\n<div class=\"wp-block-column mapa2 is-layout-flow wp-block-column-is-layout-flow\">\n<h2 class=\"wp-block-heading\">Ubicaci\u00f3n de Cein K9 Tenerife<\/h2>\n\n\n\n<div class=\"su-gmap su-u-responsive-media-yes mapa\"><iframe loading=\"lazy\" width=\"600\" height=\"280\" src=\"\/\/maps.google.com\/maps?q=Cein%20K9%20Tenerife%2C%20TF-342%2C%207b%2C%2038434%20Icod%20de%20los%20Vinos%2C%20Santa%20Cruz%20de%20Tenerife&amp;output=embed&amp;z=20\" title=\"\"><\/iframe><\/div>\n\n\n\n<h2 class=\"wp-block-heading\">Horarios de Cein K9 Tenerife<\/h2>\n\n\n\n<figure class=\"wp-block-table\"><table><tbody><tr><td><strong>Lunes<\/strong><\/td><td>lunes: 9:00\u201314:00, 16:00\u201320:00<\/td><\/tr><tr><td><strong>Martes<\/strong><\/td><td>martes: 9:00\u201314:00, 16:00\u201320:00<\/td><\/tr><tr><td><strong>Mi\u00e9rcoles<\/strong><\/td><td>mi\u00e9rcoles: 9:00\u201314:00, 16:00\u201320:00<\/td><\/tr><tr><td><strong>Jueves<\/strong><\/td><td>jueves: 9:00\u201314:00, 16:00\u201320:00<\/td><\/tr><tr><td><strong>Viernes<\/strong><\/td><td>viernes: 9:00\u201314:00, 16:00\u201320:00<\/td><\/tr><tr><td><strong>S\u00e1bado<\/strong><\/td><td>s\u00e1bado: 10:00\u201313:00<\/td><\/tr><tr><td><strong>Domingo<\/strong><\/td><td>domingo: Cerrado<\/td><\/tr><\/tbody><\/table><\/figure>\n\n\n\n<h2 class=\"wp-block-heading\">Tel\u00e9fono de Cein K9 Tenerife<\/h2>\n\n\n\n<p>Si quieres comunicarte con <strong>Cein K9 Tenerife<\/strong>, puedes hacerlo directamente llamando al siguiente n\u00famero:<\/p>\n\n\n\n<div class=\"wp-block-buttons is-content-justification-center is-layout-flex wp-container-core-buttons-is-layout-16018d1d wp-block-buttons-is-layout-flex\">\n<div class=\"wp-block-button is-style-fill\"><a class=\"wp-block-button__link has-background has-medium-font-size has-custom-font-size wp-element-button\" href=\"tel:660 17 22 48\" style=\"border-radius:6px;background-color:#2471a3\">Llamar ahora<\/a><\/div>\n<\/div>\n\n\n\n<h2 class=\"wp-block-heading\">M\u00e1s informaci\u00f3n<\/h2>\n\n\n\n<p>En Cein K9 Tenerife, ubicado en TF-342, 7b, 38434 Icod de los Vinos, Santa Cruz de Tenerife, ofrecemos un servicio integral de adiestramiento canino en Icod De Los Vinos, dise\u00f1ado para satisfacer las necesidades de cada perro y su due\u00f1o. Nuestro enfoque abarca desde la obediencia b\u00e1sica y avanzada hasta la socializaci\u00f3n y la modificaci\u00f3n de conducta, garantizando que cada mascota reciba la atenci\u00f3n personalizada que merece. Con un equipo de adiestradores de perros en Santa Cruz de Tenerife altamente cualificados, utilizamos m\u00e9todos positivos que fomentan un v\u00ednculo s\u00f3lido entre el perro y su propietario, destac\u00e1ndonos por nuestra filosof\u00eda centrada en el bienestar animal. En Cein K9, no solo adiestramos perros, sino que tambi\u00e9n transformamos la relaci\u00f3n entre t\u00fa y tu mascota, asegurando una convivencia armoniosa y feliz. Si buscas un centro de adiestramiento canino en Icod De Los Vinos que combine profesionalismo y cercan\u00eda, \u00a1te invitamos a conocernos!<\/p>\n\n\n\n<p>Localizado en TF-342, 7b, 38434 Icod de los Vinos, Santa Cruz de Tenerife, este centro de adiestramiento canino en Icod De Los Vinos se considera reconocido por su trato cercano, expertise y resultados visibles. Consulta las valoraciones de otros usuarios para descubrir su opini\u00f3n.<\/p>\n<\/div>\n<\/div>\n\n\n\n<p><\/p>\n\n\n\n<p>Si necesitas conocer otros (PONER NEGOCIO, ej: asesor\u00eda legal, decoraci\u00f3n de eventos, instalaciones el\u00e9ctricas) puedes <strong><a href=\"\/\">visitar nuestra p\u00e1gina principal<\/a><\/strong>.<\/p>\n","protected":false},"excerpt":{"rendered":"<p>En caso de que buscas buscando un espacio confiable para el adiestramiento de perros en el \u00e1rea de Icod De Los Vinos, nuestra instituci\u00f3n es una excelente opci\u00f3n. Nuestra instalaci\u00f3n se dedica con canes de cualquier edad y raza, usando con respetuosos adem\u00e1s de efectivos. Cein K9 Tenerife Entre nuestros tratamientos m\u00e1s solicitados se encuentran [&hellip;]<\/p>\n","protected":false},"author":2,"featured_media":0,"parent":8399,"menu_order":0,"comment_status":"closed","ping_status":"closed","template":"","meta":{"_et_pb_use_builder":"","_et_pb_old_content":"","_et_gb_content_width":"","footnotes":""},"tags":[1201],"class_list":["post-10398","page","type-page","status-publish","hentry","tag-icod-de-los-vinos"],"_links":{"self":[{"href":"https:\/\/www.adiestradorcanino.com\/webdelperro\/wp-json\/wp\/v2\/pages\/10398","targetHints":{"allow":["GET"]}}],"collection":[{"href":"https:\/\/www.adiestradorcanino.com\/webdelperro\/wp-json\/wp\/v2\/pages"}],"about":[{"href":"https:\/\/www.adiestradorcanino.com\/webdelperro\/wp-json\/wp\/v2\/types\/page"}],"author":[{"embeddable":true,"href":"https:\/\/www.adiestradorcanino.com\/webdelperro\/wp-json\/wp\/v2\/users\/2"}],"replies":[{"embeddable":true,"href":"https:\/\/www.adiestradorcanino.com\/webdelperro\/wp-json\/wp\/v2\/comments?post=10398"}],"version-history":[{"count":0,"href":"https:\/\/www.adiestradorcanino.com\/webdelperro\/wp-json\/wp\/v2\/pages\/10398\/revisions"}],"up":[{"embeddable":true,"href":"https:\/\/www.adiestradorcanino.com\/webdelperro\/wp-json\/wp\/v2\/pages\/8399"}],"wp:attachment":[{"href":"https:\/\/www.adiestradorcanino.com\/webdelperro\/wp-json\/wp\/v2\/media?parent=10398"}],"wp:term":[{"taxonomy":"post_tag","embeddable":true,"href":"https:\/\/www.adiestradorcanino.com\/webdelperro\/wp-json\/wp\/v2\/tags?post=10398"}],"curies":[{"name":"wp","href":"https:\/\/api.w.org\/{rel}","templated":true}]}}