{"id":10252,"date":"2025-07-09T08:11:12","date_gmt":"2025-07-09T08:11:12","guid":{"rendered":"https:\/\/www.adiestradorcanino.com\/webdelperro\/illes-balears\/es-mercadal\/adiestramiento-canino-grup-cani-es-mercadal-en-es-mercadal-illes-balears\/"},"modified":"2025-07-09T08:11:12","modified_gmt":"2025-07-09T08:11:12","slug":"adiestramiento-canino-grup-cani-es-mercadal-en-es-mercadal-illes-balears","status":"publish","type":"page","link":"https:\/\/www.adiestradorcanino.com\/webdelperro\/illes-balears\/es-mercadal\/adiestramiento-canino-grup-cani-es-mercadal-en-es-mercadal-illes-balears\/","title":{"rendered":"Adiestramiento canino Grup Cani Es Mercadal en Es Mercadal, Illes Balears"},"content":{"rendered":"\n<p>Si est\u00e1s buscando un sitio seguro id\u00f3neo para el adiestramiento canino en Es Mercadal, nuestra instituci\u00f3n es una excelente opci\u00f3n. Este centro se dedica en el entrenamiento de canes sin importar la raza o edad, siempre utilizando m\u00e9todos respetuosos adem\u00e1s de eficaces.<\/p>\n\n\n\n<h2 class=\"wp-block-heading has-text-align-left nombreclinica\">Grup Cani Es Mercadal<\/h2>\n\n\n\n<div class=\"wp-block-group is-layout-constrained wp-block-group-is-layout-constrained\">\n<div class=\"wp-block-columns nc-clase-ficha is-layout-flex wp-container-core-columns-is-layout-9d6595d7 wp-block-columns-is-layout-flex\">\n<div class=\"wp-block-column is-vertically-aligned-center is-layout-flow wp-block-column-is-layout-flow\">\n<figure class=\"wp-block-image size-full\"><img decoding=\"async\" src=\"https:\/\/www.adiestradorcanino.com\/webdelperro\/wp-content\/uploads\/2025\/07\/Grup-Cani-Es-Mercadal.png\" alt=\"Grup Cani Es Mercadal\" class=\"wp-image-19766\"\/><\/figure>\n\n\n\n<p>Dentro de los tratamientos m\u00e1s solicitados est\u00e1n los entrenamiento de obediencia, la correcci\u00f3n de conductas inapropiadas, la socializaci\u00f3n con otros animales y las clases espec\u00edficas para cachorros. Adem\u00e1s, en el centro se adaptan a las particularidades de cada hogar y su animal.<\/p>\n<\/div>\n\n\n\n<div class=\"wp-block-column is-vertically-aligned-center is-layout-flow wp-block-column-is-layout-flow\">\n<div class=\"su-service\"><div class=\"su-service-title\" style=\"padding-left:46px;min-height:32px;line-height:32px\"><i class=\"sui sui-user\" style=\"font-size:32px;color:#2471a3\"><\/i> <strong>Nombre<\/strong><\/div><div class=\"su-service-content su-u-clearfix su-u-trim\" style=\"padding-left:46px\">Grup Cani Es Mercadal<\/div><\/div>\n\n\n\n<div class=\"su-service\"><div class=\"su-service-title\" style=\"padding-left:46px;min-height:32px;line-height:32px\"><i class=\"sui sui-map-marker\" style=\"font-size:32px;color:#2471a3\"><\/i> <strong>Direcci\u00f3n<\/strong><\/div><div class=\"su-service-content su-u-clearfix su-u-trim\" style=\"padding-left:46px\">Recinte Firal Carretera M-18, As Palmas, 07740 Es Mercadal, Illes Balears<\/div><\/div>\n\n\n\n<div class=\"su-service\"><div class=\"su-service-title\" style=\"padding-left:46px;min-height:32px;line-height:32px\"><i class=\"sui sui-volume-control-phone\" style=\"font-size:32px;color:#2471a3\"><\/i> <strong>Tel\u00e9fono<\/strong><\/div><div class=\"su-service-content su-u-clearfix su-u-trim\" style=\"padding-left:46px\">679 21 25 80<\/div><\/div>\n\n\n\n<div class=\"su-service\"><div class=\"su-service-title\" style=\"padding-left:46px;min-height:32px;line-height:32px\"><i class=\"sui sui-globe\" style=\"font-size:32px;color:#2471a3\"><\/i> <strong>Sitio web<\/strong><\/div><div class=\"su-service-content su-u-clearfix su-u-trim\" style=\"padding-left:46px\"><\/div><\/div>\n\n\n\n<div class=\"su-service\"><div class=\"su-service-title\" style=\"padding-left:46px;min-height:32px;line-height:32px\"><i class=\"sui sui-star\" style=\"font-size:32px;color:#2471a3\"><\/i> Valoraci\u00f3n de los clientes<\/div><div class=\"su-service-content su-u-clearfix su-u-trim\" style=\"padding-left:46px\">5 \/ 5 (3)<\/div><\/div>\n<\/div>\n<\/div>\n<\/div>\n\n\n\n<div class=\"wp-block-columns is-layout-flex wp-container-core-columns-is-layout-9d6595d7 wp-block-columns-is-layout-flex\">\n<div class=\"wp-block-column mapa2 is-layout-flow wp-block-column-is-layout-flow\">\n<h2 class=\"wp-block-heading\">Ubicaci\u00f3n de Grup Cani Es Mercadal<\/h2>\n\n\n\n<div class=\"su-gmap su-u-responsive-media-yes mapa\"><iframe loading=\"lazy\" width=\"600\" height=\"280\" src=\"\/\/maps.google.com\/maps?q=Grup%20Cani%20Es%20Mercadal%2C%20Recinte%20Firal%20Carretera%20M-18%2C%20As%20Palmas%2C%2007740%20Es%20Mercadal%2C%20Illes%20Balears&amp;output=embed&amp;z=20\" title=\"\"><\/iframe><\/div>\n\n\n\n<h2 class=\"wp-block-heading\">Horarios de Grup Cani Es Mercadal<\/h2>\n\n\n\n<figure class=\"wp-block-table\"><table><tbody><tr><td><strong>Lunes<\/strong><\/td><td>lunes: 19:30\u201320:30<\/td><\/tr><tr><td><strong>Martes<\/strong><\/td><td>martes: Cerrado<\/td><\/tr><tr><td><strong>Mi\u00e9rcoles<\/strong><\/td><td>mi\u00e9rcoles: 19:30\u201320:30<\/td><\/tr><tr><td><strong>Jueves<\/strong><\/td><td>jueves: Cerrado<\/td><\/tr><tr><td><strong>Viernes<\/strong><\/td><td>viernes: Cerrado<\/td><\/tr><tr><td><strong>S\u00e1bado<\/strong><\/td><td>s\u00e1bado: Cerrado<\/td><\/tr><tr><td><strong>Domingo<\/strong><\/td><td>domingo: 17:00\u201318:00<\/td><\/tr><\/tbody><\/table><\/figure>\n\n\n\n<h2 class=\"wp-block-heading\">Tel\u00e9fono de Grup Cani Es Mercadal<\/h2>\n\n\n\n<p>Si quieres comunicarte con <strong>Grup Cani Es Mercadal<\/strong>, puedes hacerlo directamente llamando al siguiente n\u00famero:<\/p>\n\n\n\n<div class=\"wp-block-buttons is-content-justification-center is-layout-flex wp-container-core-buttons-is-layout-16018d1d wp-block-buttons-is-layout-flex\">\n<div class=\"wp-block-button is-style-fill\"><a class=\"wp-block-button__link has-background has-medium-font-size has-custom-font-size wp-element-button\" href=\"tel:679 21 25 80\" style=\"border-radius:6px;background-color:#2471a3\">Llamar ahora<\/a><\/div>\n<\/div>\n\n\n\n<h2 class=\"wp-block-heading\">M\u00e1s informaci\u00f3n<\/h2>\n\n\n\n<p>El centro de adiestramiento canino Grup Cani Es Mercadal, ubicado en el Recinte Firal Carretera M-18, As Palmas, 07740 Es Mercadal, Illes Balears, se destaca como una opci\u00f3n de referencia para quienes buscan adiestrar perros en Es Mercadal. Nuestros servicios abarcan desde la obediencia b\u00e1sica y la socializaci\u00f3n hasta la modificaci\u00f3n de conducta, adapt\u00e1ndose a las necesidades espec\u00edficas de cada perro y su due\u00f1o. Nuestro enfoque se basa en t\u00e9cnicas positivas y una comprensi\u00f3n profunda del comportamiento canino, lo que garantiza un aprendizaje efectivo y armonioso. Adem\u00e1s, contamos con un equipo de adiestradores de perros en Illes Balears altamente capacitados, comprometidos con el bienestar animal y la creaci\u00f3n de un v\u00ednculo s\u00f3lido entre el perro y su propietario. En Grup Cani, tu mascota no solo aprender\u00e1 a obedecer, sino que tambi\u00e9n disfrutar\u00e1 del proceso, convirtiendo el adiestramiento en una experiencia enriquecedora y divertida.<\/p>\n\n\n\n<p>Situado en Recinte Firal Carretera M-18, As Palmas, 07740 Es Mercadal, Illes Balears, este centro de adiestramiento canino en Es Mercadal se considera reconocido por su trato afectuoso, profesionalidad y resultados visibles. Mira las valoraciones de otros clientes para entender su experiencia.<\/p>\n<\/div>\n<\/div>\n\n\n\n<p><\/p>\n\n\n\n<p>Si necesitas conocer otros (PONER NEGOCIO, ej: asesor\u00eda legal, decoraci\u00f3n de eventos, instalaciones el\u00e9ctricas) puedes <strong><a href=\"\/\">visitar nuestra p\u00e1gina principal<\/a><\/strong>.<\/p>\n","protected":false},"excerpt":{"rendered":"<p>Si est\u00e1s buscando un sitio seguro id\u00f3neo para el adiestramiento canino en Es Mercadal, nuestra instituci\u00f3n es una excelente opci\u00f3n. Este centro se dedica en el entrenamiento de canes sin importar la raza o edad, siempre utilizando m\u00e9todos respetuosos adem\u00e1s de eficaces. Grup Cani Es Mercadal Dentro de los tratamientos m\u00e1s solicitados est\u00e1n los entrenamiento [&hellip;]<\/p>\n","protected":false},"author":2,"featured_media":0,"parent":8211,"menu_order":0,"comment_status":"closed","ping_status":"closed","template":"","meta":{"_et_pb_use_builder":"","_et_pb_old_content":"","_et_gb_content_width":"","footnotes":""},"tags":[1161],"class_list":["post-10252","page","type-page","status-publish","hentry","tag-es-mercadal"],"_links":{"self":[{"href":"https:\/\/www.adiestradorcanino.com\/webdelperro\/wp-json\/wp\/v2\/pages\/10252","targetHints":{"allow":["GET"]}}],"collection":[{"href":"https:\/\/www.adiestradorcanino.com\/webdelperro\/wp-json\/wp\/v2\/pages"}],"about":[{"href":"https:\/\/www.adiestradorcanino.com\/webdelperro\/wp-json\/wp\/v2\/types\/page"}],"author":[{"embeddable":true,"href":"https:\/\/www.adiestradorcanino.com\/webdelperro\/wp-json\/wp\/v2\/users\/2"}],"replies":[{"embeddable":true,"href":"https:\/\/www.adiestradorcanino.com\/webdelperro\/wp-json\/wp\/v2\/comments?post=10252"}],"version-history":[{"count":0,"href":"https:\/\/www.adiestradorcanino.com\/webdelperro\/wp-json\/wp\/v2\/pages\/10252\/revisions"}],"up":[{"embeddable":true,"href":"https:\/\/www.adiestradorcanino.com\/webdelperro\/wp-json\/wp\/v2\/pages\/8211"}],"wp:attachment":[{"href":"https:\/\/www.adiestradorcanino.com\/webdelperro\/wp-json\/wp\/v2\/media?parent=10252"}],"wp:term":[{"taxonomy":"post_tag","embeddable":true,"href":"https:\/\/www.adiestradorcanino.com\/webdelperro\/wp-json\/wp\/v2\/tags?post=10252"}],"curies":[{"name":"wp","href":"https:\/\/api.w.org\/{rel}","templated":true}]}}

<p>Si estás buscando un sitio seguro idóneo para el adiestramiento canino en Es Mercadal, nuestra institución es una excelente opción. Este centro se dedica en el entrenamiento de canes sin importar la raza o edad, siempre utilizando métodos respetuosos además de eficaces.</p>



<h2 class="wp-block-heading has-text-align-left nombreclinica">Grup Cani Es Mercadal</h2>



<div class="wp-block-group is-layout-constrained wp-block-group-is-layout-constrained">
<div class="wp-block-columns nc-clase-ficha is-layout-flex wp-container-core-columns-is-layout-9d6595d7 wp-block-columns-is-layout-flex">
<div class="wp-block-column is-vertically-aligned-center is-layout-flow wp-block-column-is-layout-flow">
<figure class="wp-block-image size-full"><img decoding="async" src="https://www.adiestradorcanino.com/webdelperro/wp-content/uploads/2025/07/Grup-Cani-Es-Mercadal.png" alt="Grup Cani Es Mercadal" class="wp-image-19766"/></figure>



<p>Dentro de los tratamientos más solicitados están los entrenamiento de obediencia, la corrección de conductas inapropiadas, la socialización con otros animales y las clases específicas para cachorros. Además, en el centro se adaptan a las particularidades de cada hogar y su animal.</p>
</div>



<div class="wp-block-column is-vertically-aligned-center is-layout-flow wp-block-column-is-layout-flow">
<div class="su-service"><div class="su-service-title" style="padding-left:46px;min-height:32px;line-height:32px"><i class="sui sui-user" style="font-size:32px;color:#2471a3"></i> <strong>Nombre</strong></div><div class="su-service-content su-u-clearfix su-u-trim" style="padding-left:46px">Grup Cani Es Mercadal</div></div>



<div class="su-service"><div class="su-service-title" style="padding-left:46px;min-height:32px;line-height:32px"><i class="sui sui-map-marker" style="font-size:32px;color:#2471a3"></i> <strong>Dirección</strong></div><div class="su-service-content su-u-clearfix su-u-trim" style="padding-left:46px">Recinte Firal Carretera M-18, As Palmas, 07740 Es Mercadal, Illes Balears</div></div>



<div class="su-service"><div class="su-service-title" style="padding-left:46px;min-height:32px;line-height:32px"><i class="sui sui-volume-control-phone" style="font-size:32px;color:#2471a3"></i> <strong>Teléfono</strong></div><div class="su-service-content su-u-clearfix su-u-trim" style="padding-left:46px">679 21 25 80</div></div>



<div class="su-service"><div class="su-service-title" style="padding-left:46px;min-height:32px;line-height:32px"><i class="sui sui-globe" style="font-size:32px;color:#2471a3"></i> <strong>Sitio web</strong></div><div class="su-service-content su-u-clearfix su-u-trim" style="padding-left:46px"></div></div>



<div class="su-service"><div class="su-service-title" style="padding-left:46px;min-height:32px;line-height:32px"><i class="sui sui-star" style="font-size:32px;color:#2471a3"></i> Valoración de los clientes</div><div class="su-service-content su-u-clearfix su-u-trim" style="padding-left:46px">5 / 5 (3)</div></div>
</div>
</div>
</div>



<div class="wp-block-columns is-layout-flex wp-container-core-columns-is-layout-9d6595d7 wp-block-columns-is-layout-flex">
<div class="wp-block-column mapa2 is-layout-flow wp-block-column-is-layout-flow">
<h2 class="wp-block-heading">Ubicación de Grup Cani Es Mercadal</h2>



<div class="su-gmap su-u-responsive-media-yes mapa"><iframe loading="lazy" width="600" height="280" src="//maps.google.com/maps?q=Grup%20Cani%20Es%20Mercadal%2C%20Recinte%20Firal%20Carretera%20M-18%2C%20As%20Palmas%2C%2007740%20Es%20Mercadal%2C%20Illes%20Balears&amp;output=embed&amp;z=20" title=""></iframe></div>



<h2 class="wp-block-heading">Horarios de Grup Cani Es Mercadal</h2>



<figure class="wp-block-table"><table><tbody><tr><td><strong>Lunes</strong></td><td>lunes: 19:30–20:30</td></tr><tr><td><strong>Martes</strong></td><td>martes: Cerrado</td></tr><tr><td><strong>Miércoles</strong></td><td>miércoles: 19:30–20:30</td></tr><tr><td><strong>Jueves</strong></td><td>jueves: Cerrado</td></tr><tr><td><strong>Viernes</strong></td><td>viernes: Cerrado</td></tr><tr><td><strong>Sábado</strong></td><td>sábado: Cerrado</td></tr><tr><td><strong>Domingo</strong></td><td>domingo: 17:00–18:00</td></tr></tbody></table></figure>



<h2 class="wp-block-heading">Teléfono de Grup Cani Es Mercadal</h2>



<p>Si quieres comunicarte con <strong>Grup Cani Es Mercadal</strong>, puedes hacerlo directamente llamando al siguiente número:</p>



<div class="wp-block-buttons is-content-justification-center is-layout-flex wp-container-core-buttons-is-layout-16018d1d wp-block-buttons-is-layout-flex">
<div class="wp-block-button is-style-fill"><a class="wp-block-button__link has-background has-medium-font-size has-custom-font-size wp-element-button" href="tel:679 21 25 80" style="border-radius:6px;background-color:#2471a3">Llamar ahora</a></div>
</div>



<h2 class="wp-block-heading">Más información</h2>



<p>El centro de adiestramiento canino Grup Cani Es Mercadal, ubicado en el Recinte Firal Carretera M-18, As Palmas, 07740 Es Mercadal, Illes Balears, se destaca como una opción de referencia para quienes buscan adiestrar perros en Es Mercadal. Nuestros servicios abarcan desde la obediencia básica y la socialización hasta la modificación de conducta, adaptándose a las necesidades específicas de cada perro y su dueño. Nuestro enfoque se basa en técnicas positivas y una comprensión profunda del comportamiento canino, lo que garantiza un aprendizaje efectivo y armonioso. Además, contamos con un equipo de adiestradores de perros en Illes Balears altamente capacitados, comprometidos con el bienestar animal y la creación de un vínculo sólido entre el perro y su propietario. En Grup Cani, tu mascota no solo aprenderá a obedecer, sino que también disfrutará del proceso, convirtiendo el adiestramiento en una experiencia enriquecedora y divertida.</p>



<p>Situado en Recinte Firal Carretera M-18, As Palmas, 07740 Es Mercadal, Illes Balears, este centro de adiestramiento canino en Es Mercadal se considera reconocido por su trato afectuoso, profesionalidad y resultados visibles. Mira las valoraciones de otros clientes para entender su experiencia.</p>
</div>
</div>



<p></p>



<p>Si necesitas conocer otros (PONER NEGOCIO, ej: asesoría legal, decoración de eventos, instalaciones eléctricas) puedes <strong><a href="/">visitar nuestra página principal</a></strong>.</p>

<p>Si estás buscando un sitio seguro idóneo para el adiestramiento canino en Es Mercadal, nuestra institución es una excelente opción. Este centro se dedica en el entrenamiento de canes sin importar la raza o edad, siempre utilizando métodos respetuosos además de eficaces. Grup Cani Es Mercadal Dentro de los tratamientos más solicitados están los entrenamiento [&hellip;]</p>
