{"id":10244,"date":"2025-07-09T08:10:25","date_gmt":"2025-07-09T08:10:25","guid":{"rendered":"https:\/\/www.adiestradorcanino.com\/webdelperro\/illes-balears\/menorca\/adiestramiento-canino-residencia-canina-y-felina-alaior-boarding-kennels-cattery-alaior-escuela-de-adiestramiento-canino-dog-training-school-en-menorca-illes-balears\/"},"modified":"2025-07-09T08:10:25","modified_gmt":"2025-07-09T08:10:25","slug":"adiestramiento-canino-residencia-canina-y-felina-alaior-boarding-kennels-cattery-alaior-escuela-de-adiestramiento-canino-dog-training-school-en-menorca-illes-balears","status":"publish","type":"page","link":"https:\/\/www.adiestradorcanino.com\/webdelperro\/illes-balears\/menorca\/adiestramiento-canino-residencia-canina-y-felina-alaior-boarding-kennels-cattery-alaior-escuela-de-adiestramiento-canino-dog-training-school-en-menorca-illes-balears\/","title":{"rendered":"Adiestramiento canino Residencia Canina Y Felina Alaior. Boarding Kennels &amp; Cattery Alaior. Escuela De Adiestramiento Canino . Dog Training School en Menorca, Illes Balears"},"content":{"rendered":"\n<p>En caso de que est\u00e1s buscando un espacio confiable para el entrenamiento canino dentro de Menorca,  Residencia Canina Y Felina Alaior. Boarding Kennels &amp; Cattery Alaior. Escuela De Adiestramiento Canino . Dog Training School se presenta como una opci\u00f3n destacada. Este lugar se dedica en el manejo de canes sin importar la raza o edad, usando m\u00e9todos \u00e9ticos y eficaces.<\/p>\n\n\n\n<h2 class=\"wp-block-heading has-text-align-left nombreclinica\">Residencia Canina Y Felina Alaior. Boarding Kennels &amp; Cattery Alaior. Escuela De Adiestramiento Canino . Dog Training School<\/h2>\n\n\n\n<div class=\"wp-block-group is-layout-constrained wp-block-group-is-layout-constrained\">\n<div class=\"wp-block-columns nc-clase-ficha is-layout-flex wp-container-core-columns-is-layout-9d6595d7 wp-block-columns-is-layout-flex\">\n<div class=\"wp-block-column is-vertically-aligned-center is-layout-flow wp-block-column-is-layout-flow\">\n<figure class=\"wp-block-image size-full\"><img decoding=\"async\" src=\"https:\/\/www.adiestradorcanino.com\/webdelperro\/wp-content\/uploads\/2025\/07\/Residencia-Canina-Y-Felina-Alaior.-Boarding-Kennels-Cattery-Alaior.-Escuela-De-Adiestramiento-Canino-.-Dog-Training-School.png\" alt=\"Residencia Canina Y Felina Alaior. Boarding Kennels &amp; Cattery Alaior. Escuela De Adiestramiento Canino . Dog Training School\" class=\"wp-image-19766\"\/><\/figure>\n\n\n\n<p>Entre nuestros tratamientos m\u00e1s demandados est\u00e1n los entrenamiento de obediencia, la correcci\u00f3n de conductas inapropiadas, la socializaci\u00f3n con otros perros y las sesiones especiales para cachorros. Adem\u00e1s, en el centro nos adaptamos a las particularidades de cada hogar y su animal.<\/p>\n<\/div>\n\n\n\n<div class=\"wp-block-column is-vertically-aligned-center is-layout-flow wp-block-column-is-layout-flow\">\n<div class=\"su-service\"><div class=\"su-service-title\" style=\"padding-left:46px;min-height:32px;line-height:32px\"><i class=\"sui sui-user\" style=\"font-size:32px;color:#2471a3\"><\/i> <strong>Nombre<\/strong><\/div><div class=\"su-service-content su-u-clearfix su-u-trim\" style=\"padding-left:46px\">Residencia Canina Y Felina Alaior. Boarding Kennels &amp; Cattery Alaior. Escuela De Adiestramiento Canino . Dog Training School<\/div><\/div>\n\n\n\n<div class=\"su-service\"><div class=\"su-service-title\" style=\"padding-left:46px;min-height:32px;line-height:32px\"><i class=\"sui sui-map-marker\" style=\"font-size:32px;color:#2471a3\"><\/i> <strong>Direcci\u00f3n<\/strong><\/div><div class=\"su-service-content su-u-clearfix su-u-trim\" style=\"padding-left:46px\">Carretera General, km 10.7 S\/N, 07730 Alaior, Illes Balears<\/div><\/div>\n\n\n\n<div class=\"su-service\"><div class=\"su-service-title\" style=\"padding-left:46px;min-height:32px;line-height:32px\"><i class=\"sui sui-volume-control-phone\" style=\"font-size:32px;color:#2471a3\"><\/i> <strong>Tel\u00e9fono<\/strong><\/div><div class=\"su-service-content su-u-clearfix su-u-trim\" style=\"padding-left:46px\">629 81 40 80<\/div><\/div>\n\n\n\n<div class=\"su-service\"><div class=\"su-service-title\" style=\"padding-left:46px;min-height:32px;line-height:32px\"><i class=\"sui sui-globe\" style=\"font-size:32px;color:#2471a3\"><\/i> <strong>Sitio web<\/strong><\/div><div class=\"su-service-content su-u-clearfix su-u-trim\" style=\"padding-left:46px\">https:\/\/www.residenciacaninamenorca.com\/<\/div><\/div>\n\n\n\n<div class=\"su-service\"><div class=\"su-service-title\" style=\"padding-left:46px;min-height:32px;line-height:32px\"><i class=\"sui sui-star\" style=\"font-size:32px;color:#2471a3\"><\/i> Valoraci\u00f3n de los clientes<\/div><div class=\"su-service-content su-u-clearfix su-u-trim\" style=\"padding-left:46px\">4.5 \/ 5 (45)<\/div><\/div>\n<\/div>\n<\/div>\n<\/div>\n\n\n\n<div class=\"wp-block-columns is-layout-flex wp-container-core-columns-is-layout-9d6595d7 wp-block-columns-is-layout-flex\">\n<div class=\"wp-block-column mapa2 is-layout-flow wp-block-column-is-layout-flow\">\n<h2 class=\"wp-block-heading\">Ubicaci\u00f3n de Residencia Canina Y Felina Alaior. Boarding Kennels &amp; Cattery Alaior. Escuela De Adiestramiento Canino . Dog Training School<\/h2>\n\n\n\n<div class=\"su-gmap su-u-responsive-media-yes mapa\"><iframe loading=\"lazy\" width=\"600\" height=\"280\" src=\"\/\/maps.google.com\/maps?q=Residencia%20Canina%20Y%20Felina%20Alaior.%20Boarding%20Kennels%20%26amp%3B%20Cattery%20Alaior.%20Escuela%20De%20Adiestramiento%20Canino%20.%20Dog%20Training%20School%2C%20Carretera%20General%2C%20km%2010.7%20S%2FN%2C%2007730%20Alaior%2C%20Illes%20Balears&amp;output=embed&amp;z=20\" title=\"\"><\/iframe><\/div>\n\n\n\n<h2 class=\"wp-block-heading\">Horarios de Residencia Canina Y Felina Alaior. Boarding Kennels &amp; Cattery Alaior. Escuela De Adiestramiento Canino . Dog Training School<\/h2>\n\n\n\n<figure class=\"wp-block-table\"><table><tbody><tr><td><strong>Lunes<\/strong><\/td><td>lunes: 10:30\u201312:30, 18:00\u201320:00<\/td><\/tr><tr><td><strong>Martes<\/strong><\/td><td>martes: 10:30\u201312:30, 18:00\u201320:00<\/td><\/tr><tr><td><strong>Mi\u00e9rcoles<\/strong><\/td><td>mi\u00e9rcoles: 10:30\u201312:30, 18:00\u201320:00<\/td><\/tr><tr><td><strong>Jueves<\/strong><\/td><td>jueves: 10:30\u201312:30, 18:00\u201320:00<\/td><\/tr><tr><td><strong>Viernes<\/strong><\/td><td>viernes: 10:30\u201312:30, 18:00\u201320:00<\/td><\/tr><tr><td><strong>S\u00e1bado<\/strong><\/td><td>s\u00e1bado: 10:30\u201312:30, 19:00\u201319:30<\/td><\/tr><tr><td><strong>Domingo<\/strong><\/td><td>domingo: Cerrado<\/td><\/tr><\/tbody><\/table><\/figure>\n\n\n\n<h2 class=\"wp-block-heading\">Tel\u00e9fono de Residencia Canina Y Felina Alaior. Boarding Kennels &amp; Cattery Alaior. Escuela De Adiestramiento Canino . Dog Training School<\/h2>\n\n\n\n<p>Si quieres comunicarte con <strong>Residencia Canina Y Felina Alaior. Boarding Kennels &amp; Cattery Alaior. Escuela De Adiestramiento Canino . Dog Training School<\/strong>, puedes hacerlo directamente llamando al siguiente n\u00famero:<\/p>\n\n\n\n<div class=\"wp-block-buttons is-content-justification-center is-layout-flex wp-container-core-buttons-is-layout-16018d1d wp-block-buttons-is-layout-flex\">\n<div class=\"wp-block-button is-style-fill\"><a class=\"wp-block-button__link has-background has-medium-font-size has-custom-font-size wp-element-button\" href=\"tel:629 81 40 80\" style=\"border-radius:6px;background-color:#2471a3\">Llamar ahora<\/a><\/div>\n<\/div>\n\n\n\n<h2 class=\"wp-block-heading\">M\u00e1s informaci\u00f3n<\/h2>\n\n\n\n<p>En el coraz\u00f3n de Menorca, en Carretera General, km 10.7 S\/N, se encuentra el centro de adiestramiento canino Residencia Canina y Felina Alaior, un referente en adiestramiento canino en Menorca. Nuestro equipo de adiestradores de perros en Illes Balears ofrece una variedad de servicios que abarcan desde la obediencia b\u00e1sica y la socializaci\u00f3n hasta la modificaci\u00f3n de conducta, adaptando cada programa a las necesidades espec\u00edficas de su mascota. En nuestra escuela de adiestramiento canino, utilizamos m\u00e9todos positivos y respetuosos que fomentan una conexi\u00f3n s\u00f3lida entre el perro y su due\u00f1o, garantizando un aprendizaje efectivo y duradero. Lo que nos diferencia de otros centros es nuestro enfoque integral, que combina el bienestar animal con t\u00e9cnicas de adiestramiento modernas y personalizadas, asegurando que cada perro no solo aprenda, sino que tambi\u00e9n disfrute del proceso. Si busca adiestrar perros de manera profesional y cari\u00f1osa, nuestra residencia es la opci\u00f3n ideal para lograr un compa\u00f1ero equilibrado y feliz.<\/p>\n\n\n\n<p>Situado en Carretera General, km 10.7 S\/N, 07730 Alaior, Illes Balears, el centro de adiestramiento canino en Menorca es famoso por su atenci\u00f3n afectuoso, seriedad y logros visibles. Revisa las rese\u00f1as de otros due\u00f1os de mascotas para descubrir su opini\u00f3n.<\/p>\n<\/div>\n<\/div>\n\n\n\n<p><\/p>\n\n\n\n<p>Si necesitas conocer otros (PONER NEGOCIO, ej: asesor\u00eda legal, decoraci\u00f3n de eventos, instalaciones el\u00e9ctricas) puedes <strong><a href=\"\/\">visitar nuestra p\u00e1gina principal<\/a><\/strong>.<\/p>\n","protected":false},"excerpt":{"rendered":"<p>En caso de que est\u00e1s buscando un espacio confiable para el entrenamiento canino dentro de Menorca, Residencia Canina Y Felina Alaior. Boarding Kennels &amp; Cattery Alaior. Escuela De Adiestramiento Canino . Dog Training School se presenta como una opci\u00f3n destacada. Este lugar se dedica en el manejo de canes sin importar la raza o edad, [&hellip;]<\/p>\n","protected":false},"author":2,"featured_media":0,"parent":8196,"menu_order":0,"comment_status":"closed","ping_status":"closed","template":"","meta":{"_et_pb_use_builder":"","_et_pb_old_content":"","_et_gb_content_width":"","footnotes":""},"tags":[1156],"class_list":["post-10244","page","type-page","status-publish","hentry","tag-menorca"],"_links":{"self":[{"href":"https:\/\/www.adiestradorcanino.com\/webdelperro\/wp-json\/wp\/v2\/pages\/10244","targetHints":{"allow":["GET"]}}],"collection":[{"href":"https:\/\/www.adiestradorcanino.com\/webdelperro\/wp-json\/wp\/v2\/pages"}],"about":[{"href":"https:\/\/www.adiestradorcanino.com\/webdelperro\/wp-json\/wp\/v2\/types\/page"}],"author":[{"embeddable":true,"href":"https:\/\/www.adiestradorcanino.com\/webdelperro\/wp-json\/wp\/v2\/users\/2"}],"replies":[{"embeddable":true,"href":"https:\/\/www.adiestradorcanino.com\/webdelperro\/wp-json\/wp\/v2\/comments?post=10244"}],"version-history":[{"count":0,"href":"https:\/\/www.adiestradorcanino.com\/webdelperro\/wp-json\/wp\/v2\/pages\/10244\/revisions"}],"up":[{"embeddable":true,"href":"https:\/\/www.adiestradorcanino.com\/webdelperro\/wp-json\/wp\/v2\/pages\/8196"}],"wp:attachment":[{"href":"https:\/\/www.adiestradorcanino.com\/webdelperro\/wp-json\/wp\/v2\/media?parent=10244"}],"wp:term":[{"taxonomy":"post_tag","embeddable":true,"href":"https:\/\/www.adiestradorcanino.com\/webdelperro\/wp-json\/wp\/v2\/tags?post=10244"}],"curies":[{"name":"wp","href":"https:\/\/api.w.org\/{rel}","templated":true}]}}