{"id":10092,"date":"2025-07-09T07:54:13","date_gmt":"2025-07-09T07:54:13","guid":{"rendered":"https:\/\/www.adiestradorcanino.com\/webdelperro\/cadiz\/puerto-real\/adiestramiento-canino-residencia-canina-cadiz-adiestramiento-canino-el-almendralincineracion-de-mascotas-animales-cadiz-en-puerto-real-cadiz\/"},"modified":"2025-07-09T07:54:13","modified_gmt":"2025-07-09T07:54:13","slug":"adiestramiento-canino-residencia-canina-cadiz-adiestramiento-canino-el-almendralincineracion-de-mascotas-animales-cadiz-en-puerto-real-cadiz","status":"publish","type":"page","link":"https:\/\/www.adiestradorcanino.com\/webdelperro\/cadiz\/puerto-real\/adiestramiento-canino-residencia-canina-cadiz-adiestramiento-canino-el-almendralincineracion-de-mascotas-animales-cadiz-en-puerto-real-cadiz\/","title":{"rendered":"Adiestramiento canino Residencia Canina Cadiz (adiestramiento Canino El Almendral)(incineraci\u00f3n De Mascotas Animales C\u00e1diz) en Puerto Real, C\u00e1diz"},"content":{"rendered":"\n<p>En caso de que est\u00e1s buscando un espacio seguro para adiestramiento de perros dentro de Puerto Real,  Residencia Canina Cadiz (adiestramiento Canino El Almendral)(incineraci\u00f3n De Mascotas Animales C\u00e1diz) representa una alternativa destacada. Este centro trabaja con mascotas de cualquier edad y raza, usando t\u00e9cnicas respetuosos y eficaces.<\/p>\n\n\n\n<h2 class=\"wp-block-heading has-text-align-left nombreclinica\">Residencia Canina Cadiz (adiestramiento Canino El Almendral)(incineraci\u00f3n De Mascotas Animales C\u00e1diz)<\/h2>\n\n\n\n<div class=\"wp-block-group is-layout-constrained wp-block-group-is-layout-constrained\">\n<div class=\"wp-block-columns nc-clase-ficha is-layout-flex wp-container-core-columns-is-layout-9d6595d7 wp-block-columns-is-layout-flex\">\n<div class=\"wp-block-column is-vertically-aligned-center is-layout-flow wp-block-column-is-layout-flow\">\n<figure class=\"wp-block-image size-full\"><img decoding=\"async\" src=\"https:\/\/www.adiestradorcanino.com\/webdelperro\/wp-content\/uploads\/2025\/07\/Residencia-Canina-Cadiz-adiestramiento-Canino-El-Almendralincineracion-De-Mascotas-Animales-Cadiz.jpg\" alt=\"Residencia Canina Cadiz (adiestramiento Canino El Almendral)(incineraci\u00f3n De Mascotas Animales C\u00e1diz)\" class=\"wp-image-19766\"\/><\/figure>\n\n\n\n<p>Entre los servicios m\u00e1s demandados est\u00e1n los cursos de obediencia b\u00e1sica, la correcci\u00f3n de conductas inapropiadas, la socializaci\u00f3n con otros animales y las sesiones especiales para cachorros. Adem\u00e1s, en nuestro centro se adaptan a las necesidades espec\u00edficas de cada familia y animal.<\/p>\n<\/div>\n\n\n\n<div class=\"wp-block-column is-vertically-aligned-center is-layout-flow wp-block-column-is-layout-flow\">\n<div class=\"su-service\"><div class=\"su-service-title\" style=\"padding-left:46px;min-height:32px;line-height:32px\"><i class=\"sui sui-user\" style=\"font-size:32px;color:#2471a3\"><\/i> <strong>Nombre<\/strong><\/div><div class=\"su-service-content su-u-clearfix su-u-trim\" style=\"padding-left:46px\">Residencia Canina Cadiz (adiestramiento Canino El Almendral)(incineraci\u00f3n De Mascotas Animales C\u00e1diz)<\/div><\/div>\n\n\n\n<div class=\"su-service\"><div class=\"su-service-title\" style=\"padding-left:46px;min-height:32px;line-height:32px\"><i class=\"sui sui-map-marker\" style=\"font-size:32px;color:#2471a3\"><\/i> <strong>Direcci\u00f3n<\/strong><\/div><div class=\"su-service-content su-u-clearfix su-u-trim\" style=\"padding-left:46px\">Carretera de Puerto Real A, Paterna, 11510 Puerto Real, C\u00e1diz<\/div><\/div>\n\n\n\n<div class=\"su-service\"><div class=\"su-service-title\" style=\"padding-left:46px;min-height:32px;line-height:32px\"><i class=\"sui sui-volume-control-phone\" style=\"font-size:32px;color:#2471a3\"><\/i> <strong>Tel\u00e9fono<\/strong><\/div><div class=\"su-service-content su-u-clearfix su-u-trim\" style=\"padding-left:46px\">687 54 94 71<\/div><\/div>\n\n\n\n<div class=\"su-service\"><div class=\"su-service-title\" style=\"padding-left:46px;min-height:32px;line-height:32px\"><i class=\"sui sui-globe\" style=\"font-size:32px;color:#2471a3\"><\/i> <strong>Sitio web<\/strong><\/div><div class=\"su-service-content su-u-clearfix su-u-trim\" style=\"padding-left:46px\"><\/div><\/div>\n\n\n\n<div class=\"su-service\"><div class=\"su-service-title\" style=\"padding-left:46px;min-height:32px;line-height:32px\"><i class=\"sui sui-star\" style=\"font-size:32px;color:#2471a3\"><\/i> Valoraci\u00f3n de los clientes<\/div><div class=\"su-service-content su-u-clearfix su-u-trim\" style=\"padding-left:46px\">4.5 \/ 5 (36)<\/div><\/div>\n<\/div>\n<\/div>\n<\/div>\n\n\n\n<div class=\"wp-block-columns is-layout-flex wp-container-core-columns-is-layout-9d6595d7 wp-block-columns-is-layout-flex\">\n<div class=\"wp-block-column mapa2 is-layout-flow wp-block-column-is-layout-flow\">\n<h2 class=\"wp-block-heading\">Ubicaci\u00f3n de Residencia Canina Cadiz (adiestramiento Canino El Almendral)(incineraci\u00f3n De Mascotas Animales C\u00e1diz)<\/h2>\n\n\n\n<div class=\"su-gmap su-u-responsive-media-yes mapa\"><iframe loading=\"lazy\" width=\"600\" height=\"280\" src=\"\/\/maps.google.com\/maps?q=Residencia%20Canina%20Cadiz%20%28adiestramiento%20Canino%20El%20Almendral%29%28incineraci%C3%B3n%20De%20Mascotas%20Animales%20C%C3%A1diz%29%2C%20Carretera%20de%20Puerto%20Real%20A%2C%20Paterna%2C%2011510%20Puerto%20Real%2C%20C%C3%A1diz&amp;output=embed&amp;z=20\" title=\"\"><\/iframe><\/div>\n\n\n\n<h2 class=\"wp-block-heading\">Horarios de Residencia Canina Cadiz (adiestramiento Canino El Almendral)(incineraci\u00f3n De Mascotas Animales C\u00e1diz)<\/h2>\n\n\n\n<figure class=\"wp-block-table\"><table><tbody><tr><td><strong>Lunes<\/strong><\/td><td><\/td><\/tr><tr><td><strong>Martes<\/strong><\/td><td><\/td><\/tr><tr><td><strong>Mi\u00e9rcoles<\/strong><\/td><td><\/td><\/tr><tr><td><strong>Jueves<\/strong><\/td><td><\/td><\/tr><tr><td><strong>Viernes<\/strong><\/td><td><\/td><\/tr><tr><td><strong>S\u00e1bado<\/strong><\/td><td><\/td><\/tr><tr><td><strong>Domingo<\/strong><\/td><td><\/td><\/tr><\/tbody><\/table><\/figure>\n\n\n\n<h2 class=\"wp-block-heading\">Tel\u00e9fono de Residencia Canina Cadiz (adiestramiento Canino El Almendral)(incineraci\u00f3n De Mascotas Animales C\u00e1diz)<\/h2>\n\n\n\n<p>Si quieres comunicarte con <strong>Residencia Canina Cadiz (adiestramiento Canino El Almendral)(incineraci\u00f3n De Mascotas Animales C\u00e1diz)<\/strong>, puedes hacerlo directamente llamando al siguiente n\u00famero:<\/p>\n\n\n\n<div class=\"wp-block-buttons is-content-justification-center is-layout-flex wp-container-core-buttons-is-layout-16018d1d wp-block-buttons-is-layout-flex\">\n<div class=\"wp-block-button is-style-fill\"><a class=\"wp-block-button__link has-background has-medium-font-size has-custom-font-size wp-element-button\" href=\"tel:687 54 94 71\" style=\"border-radius:6px;background-color:#2471a3\">Llamar ahora<\/a><\/div>\n<\/div>\n\n\n\n<h2 class=\"wp-block-heading\">M\u00e1s informaci\u00f3n<\/h2>\n\n\n\n<p>En el centro de adiestramiento canino Residencia Canina C\u00e1diz, ubicado en Carretera de Puerto Real A, Paterna, 11510 Puerto Real, C\u00e1diz, ofrecemos una amplia gama de servicios dise\u00f1ados para satisfacer las necesidades de tu mascota. Nuestro enfoque en el adiestramiento canino en Puerto Real se centra en la obediencia, socializaci\u00f3n y modificaci\u00f3n de conducta, utilizando m\u00e9todos positivos y respetuosos que garantizan un aprendizaje efectivo y placentero tanto para perros como para sus due\u00f1os. Contamos con un equipo de adiestradores de perros en C\u00e1diz altamente capacitados y apasionados por la educaci\u00f3n canina, quienes se esfuerzan por crear un ambiente seguro y acogedor, destacando por nuestro compromiso con el bienestar animal. Adem\u00e1s, ofrecemos servicios complementarios como la incineraci\u00f3n de mascotas, asegurando un trato digno y respetuoso en momentos dif\u00edciles. Si buscas adiestrar perros de manera profesional y personalizada, Residencia Canina C\u00e1diz es tu mejor opci\u00f3n para lograr un v\u00ednculo s\u00f3lido y armonioso con tu mejor amigo.<\/p>\n\n\n\n<p>Localizado en Carretera de Puerto Real A, Paterna, 11510 Puerto Real, C\u00e1diz, este centro de adiestramiento canino en Puerto Real es famoso por su trato afectuoso, profesionalidad y logros notables. Revisa las opiniones de otros clientes para descubrir su experiencia.<\/p>\n<\/div>\n<\/div>\n\n\n\n<p><\/p>\n\n\n\n<p>Si necesitas conocer otros (PONER NEGOCIO, ej: asesor\u00eda legal, decoraci\u00f3n de eventos, instalaciones el\u00e9ctricas) puedes <strong><a href=\"\/\">visitar nuestra p\u00e1gina principal<\/a><\/strong>.<\/p>\n","protected":false},"excerpt":{"rendered":"<p>En caso de que est\u00e1s buscando un espacio seguro para adiestramiento de perros dentro de Puerto Real, Residencia Canina Cadiz (adiestramiento Canino El Almendral)(incineraci\u00f3n De Mascotas Animales C\u00e1diz) representa una alternativa destacada. Este centro trabaja con mascotas de cualquier edad y raza, usando t\u00e9cnicas respetuosos y eficaces. Residencia Canina Cadiz (adiestramiento Canino El Almendral)(incineraci\u00f3n De [&hellip;]<\/p>\n","protected":false},"author":2,"featured_media":0,"parent":7901,"menu_order":0,"comment_status":"closed","ping_status":"closed","template":"","meta":{"_et_pb_use_builder":"","_et_pb_old_content":"","_et_gb_content_width":"","footnotes":""},"tags":[1083],"class_list":["post-10092","page","type-page","status-publish","hentry","tag-puerto-real"],"_links":{"self":[{"href":"https:\/\/www.adiestradorcanino.com\/webdelperro\/wp-json\/wp\/v2\/pages\/10092","targetHints":{"allow":["GET"]}}],"collection":[{"href":"https:\/\/www.adiestradorcanino.com\/webdelperro\/wp-json\/wp\/v2\/pages"}],"about":[{"href":"https:\/\/www.adiestradorcanino.com\/webdelperro\/wp-json\/wp\/v2\/types\/page"}],"author":[{"embeddable":true,"href":"https:\/\/www.adiestradorcanino.com\/webdelperro\/wp-json\/wp\/v2\/users\/2"}],"replies":[{"embeddable":true,"href":"https:\/\/www.adiestradorcanino.com\/webdelperro\/wp-json\/wp\/v2\/comments?post=10092"}],"version-history":[{"count":0,"href":"https:\/\/www.adiestradorcanino.com\/webdelperro\/wp-json\/wp\/v2\/pages\/10092\/revisions"}],"up":[{"embeddable":true,"href":"https:\/\/www.adiestradorcanino.com\/webdelperro\/wp-json\/wp\/v2\/pages\/7901"}],"wp:attachment":[{"href":"https:\/\/www.adiestradorcanino.com\/webdelperro\/wp-json\/wp\/v2\/media?parent=10092"}],"wp:term":[{"taxonomy":"post_tag","embeddable":true,"href":"https:\/\/www.adiestradorcanino.com\/webdelperro\/wp-json\/wp\/v2\/tags?post=10092"}],"curies":[{"name":"wp","href":"https:\/\/api.w.org\/{rel}","templated":true}]}}