{"id":10074,"date":"2025-07-09T07:52:28","date_gmt":"2025-07-09T07:52:28","guid":{"rendered":"https:\/\/www.adiestradorcanino.com\/webdelperro\/bizkaia\/muskiz\/adiestramiento-canino-centro-de-educacion-canina-la-llamada-de-buck-margen-izquierda-en-muskiz-bizkaia\/"},"modified":"2025-07-09T07:52:28","modified_gmt":"2025-07-09T07:52:28","slug":"adiestramiento-canino-centro-de-educacion-canina-la-llamada-de-buck-margen-izquierda-en-muskiz-bizkaia","status":"publish","type":"page","link":"https:\/\/www.adiestradorcanino.com\/webdelperro\/bizkaia\/muskiz\/adiestramiento-canino-centro-de-educacion-canina-la-llamada-de-buck-margen-izquierda-en-muskiz-bizkaia\/","title":{"rendered":"Adiestramiento canino Centro De Educaci\u00f3n Canina &#8211; La Llamada De Buck &#8211; Margen Izquierda en Muskiz, Bizkaia"},"content":{"rendered":"\n<p>Si buscas en la b\u00fasqueda de un lugar de confianza id\u00f3neo para adiestramiento de perros dentro de Muskiz, nuestra instituci\u00f3n se presenta como una alternativa destacada. Este centro trabaja en el entrenamiento de canes de todas las edades y razas, siempre utilizando con amigables adem\u00e1s de \u00fatiles.<\/p>\n\n\n\n<h2 class=\"wp-block-heading has-text-align-left nombreclinica\">Centro De Educaci\u00f3n Canina &#8211; La Llamada De Buck &#8211; Margen Izquierda<\/h2>\n\n\n\n<div class=\"wp-block-group is-layout-constrained wp-block-group-is-layout-constrained\">\n<div class=\"wp-block-columns nc-clase-ficha is-layout-flex wp-container-core-columns-is-layout-9d6595d7 wp-block-columns-is-layout-flex\">\n<div class=\"wp-block-column is-vertically-aligned-center is-layout-flow wp-block-column-is-layout-flow\">\n<figure class=\"wp-block-image size-full\"><img decoding=\"async\" src=\"https:\/\/www.adiestradorcanino.com\/webdelperro\/wp-content\/uploads\/2025\/07\/Centro-De-Educacion-Canina-La-Llamada-De-Buck-Margen-Izquierda.png\" alt=\"Centro De Educaci\u00f3n Canina - La Llamada De Buck - Margen Izquierda\" class=\"wp-image-19766\"\/><\/figure>\n\n\n\n<p>Dentro de los tratamientos m\u00e1s demandados est\u00e1n los obediencia b\u00e1sica, la correcci\u00f3n de conductas inapropiadas, la socializaci\u00f3n con otros perros y las clases espec\u00edficas para cachorros. Asimismo, en nuestro centro se adaptan a las necesidades espec\u00edficas de cada familia y su mascota.<\/p>\n<\/div>\n\n\n\n<div class=\"wp-block-column is-vertically-aligned-center is-layout-flow wp-block-column-is-layout-flow\">\n<div class=\"su-service\"><div class=\"su-service-title\" style=\"padding-left:46px;min-height:32px;line-height:32px\"><i class=\"sui sui-user\" style=\"font-size:32px;color:#2471a3\"><\/i> <strong>Nombre<\/strong><\/div><div class=\"su-service-content su-u-clearfix su-u-trim\" style=\"padding-left:46px\">Centro De Educaci\u00f3n Canina &#8211; La Llamada De Buck &#8211; Margen Izquierda<\/div><\/div>\n\n\n\n<div class=\"su-service\"><div class=\"su-service-title\" style=\"padding-left:46px;min-height:32px;line-height:32px\"><i class=\"sui sui-map-marker\" style=\"font-size:32px;color:#2471a3\"><\/i> <strong>Direcci\u00f3n<\/strong><\/div><div class=\"su-service-content su-u-clearfix su-u-trim\" style=\"padding-left:46px\">Autonomia Kalea, N\u00ba15, Bajo C, 48550 Muskiz, Bizkaia<\/div><\/div>\n\n\n\n<div class=\"su-service\"><div class=\"su-service-title\" style=\"padding-left:46px;min-height:32px;line-height:32px\"><i class=\"sui sui-volume-control-phone\" style=\"font-size:32px;color:#2471a3\"><\/i> <strong>Tel\u00e9fono<\/strong><\/div><div class=\"su-service-content su-u-clearfix su-u-trim\" style=\"padding-left:46px\">616 93 59 23<\/div><\/div>\n\n\n\n<div class=\"su-service\"><div class=\"su-service-title\" style=\"padding-left:46px;min-height:32px;line-height:32px\"><i class=\"sui sui-globe\" style=\"font-size:32px;color:#2471a3\"><\/i> <strong>Sitio web<\/strong><\/div><div class=\"su-service-content su-u-clearfix su-u-trim\" style=\"padding-left:46px\">http:\/\/dogtrain.es\/<\/div><\/div>\n\n\n\n<div class=\"su-service\"><div class=\"su-service-title\" style=\"padding-left:46px;min-height:32px;line-height:32px\"><i class=\"sui sui-star\" style=\"font-size:32px;color:#2471a3\"><\/i> Valoraci\u00f3n de los clientes<\/div><div class=\"su-service-content su-u-clearfix su-u-trim\" style=\"padding-left:46px\">4 \/ 5 (1)<\/div><\/div>\n<\/div>\n<\/div>\n<\/div>\n\n\n\n<div class=\"wp-block-columns is-layout-flex wp-container-core-columns-is-layout-9d6595d7 wp-block-columns-is-layout-flex\">\n<div class=\"wp-block-column mapa2 is-layout-flow wp-block-column-is-layout-flow\">\n<h2 class=\"wp-block-heading\">Ubicaci\u00f3n de Centro De Educaci\u00f3n Canina &#8211; La Llamada De Buck &#8211; Margen Izquierda<\/h2>\n\n\n\n<div class=\"su-gmap su-u-responsive-media-yes mapa\"><iframe loading=\"lazy\" width=\"600\" height=\"280\" src=\"\/\/maps.google.com\/maps?q=Centro%20De%20Educaci%C3%B3n%20Canina%20-%20La%20Llamada%20De%20Buck%20-%20Margen%20Izquierda%2C%20Autonomia%20Kalea%2C%20N%C2%BA15%2C%20Bajo%20C%2C%2048550%20Muskiz%2C%20Bizkaia&amp;output=embed&amp;z=20\" title=\"\"><\/iframe><\/div>\n\n\n\n<h2 class=\"wp-block-heading\">Horarios de Centro De Educaci\u00f3n Canina &#8211; La Llamada De Buck &#8211; Margen Izquierda<\/h2>\n\n\n\n<figure class=\"wp-block-table\"><table><tbody><tr><td><strong>Lunes<\/strong><\/td><td>lunes: 7:00\u201321:00<\/td><\/tr><tr><td><strong>Martes<\/strong><\/td><td>martes: 7:00\u201321:00<\/td><\/tr><tr><td><strong>Mi\u00e9rcoles<\/strong><\/td><td>mi\u00e9rcoles: 7:00\u201321:00<\/td><\/tr><tr><td><strong>Jueves<\/strong><\/td><td>jueves: 7:00\u201321:00<\/td><\/tr><tr><td><strong>Viernes<\/strong><\/td><td>viernes: 7:00\u201321:00<\/td><\/tr><tr><td><strong>S\u00e1bado<\/strong><\/td><td>s\u00e1bado: 7:00\u201314:00<\/td><\/tr><tr><td><strong>Domingo<\/strong><\/td><td>domingo: 7:00\u201314:00<\/td><\/tr><\/tbody><\/table><\/figure>\n\n\n\n<h2 class=\"wp-block-heading\">Tel\u00e9fono de Centro De Educaci\u00f3n Canina &#8211; La Llamada De Buck &#8211; Margen Izquierda<\/h2>\n\n\n\n<p>Si quieres comunicarte con <strong>Centro De Educaci\u00f3n Canina &#8211; La Llamada De Buck &#8211; Margen Izquierda<\/strong>, puedes hacerlo directamente llamando al siguiente n\u00famero:<\/p>\n\n\n\n<div class=\"wp-block-buttons is-content-justification-center is-layout-flex wp-container-core-buttons-is-layout-16018d1d wp-block-buttons-is-layout-flex\">\n<div class=\"wp-block-button is-style-fill\"><a class=\"wp-block-button__link has-background has-medium-font-size has-custom-font-size wp-element-button\" href=\"tel:616 93 59 23\" style=\"border-radius:6px;background-color:#2471a3\">Llamar ahora<\/a><\/div>\n<\/div>\n\n\n\n<h2 class=\"wp-block-heading\">M\u00e1s informaci\u00f3n<\/h2>\n\n\n\n<p>En el Centro De Educaci\u00f3n Canina &#8211; La Llamada De Buck, ubicado en Autonomia Kalea, N\u00ba15, Bajo C, 48550 Muskiz, Bizkaia, ofrecemos un enfoque integral para el adiestramiento canino en Muskiz, dise\u00f1ado para mejorar la convivencia entre perros y sus due\u00f1os. Nuestros servicios abarcan desde la obediencia b\u00e1sica y avanzada hasta la socializaci\u00f3n y la modificaci\u00f3n de conducta, adapt\u00e1ndonos a las necesidades espec\u00edficas de cada mascota. Contamos con un equipo de adiestradores de perros en Bizkaia altamente capacitados que utilizan m\u00e9todos positivos y respetuosos, lo que nos diferencia de otros centros. Nuestro compromiso es brindar un ambiente c\u00e1lido y profesional, donde tu perro pueda aprender y desarrollarse de manera positiva, garantizando as\u00ed una relaci\u00f3n armoniosa y duradera. Si buscas adiestrar perros de manera eficaz en Muskiz, en La Llamada De Buck encontrar\u00e1s el apoyo y la experiencia que necesitas.<\/p>\n\n\n\n<p>Situado en Autonomia Kalea, N\u00ba15, Bajo C, 48550 Muskiz, Bizkaia, el centro de adiestramiento canino en Muskiz ha sido destacado por su atenci\u00f3n afectuoso, profesionalidad y logros notables. Mira las valoraciones de otros clientes para entender su experiencia.<\/p>\n<\/div>\n<\/div>\n\n\n\n<p><\/p>\n\n\n\n<p>Si necesitas conocer otros (PONER NEGOCIO, ej: asesor\u00eda legal, decoraci\u00f3n de eventos, instalaciones el\u00e9ctricas) puedes <strong><a href=\"\/\">visitar nuestra p\u00e1gina principal<\/a><\/strong>.<\/p>\n","protected":false},"excerpt":{"rendered":"<p>Si buscas en la b\u00fasqueda de un lugar de confianza id\u00f3neo para adiestramiento de perros dentro de Muskiz, nuestra instituci\u00f3n se presenta como una alternativa destacada. Este centro trabaja en el entrenamiento de canes de todas las edades y razas, siempre utilizando con amigables adem\u00e1s de \u00fatiles. Centro De Educaci\u00f3n Canina &#8211; La Llamada De [&hellip;]<\/p>\n","protected":false},"author":2,"featured_media":0,"parent":7883,"menu_order":0,"comment_status":"closed","ping_status":"closed","template":"","meta":{"_et_pb_use_builder":"","_et_pb_old_content":"","_et_gb_content_width":"","footnotes":""},"tags":[1080],"class_list":["post-10074","page","type-page","status-publish","hentry","tag-muskiz"],"_links":{"self":[{"href":"https:\/\/www.adiestradorcanino.com\/webdelperro\/wp-json\/wp\/v2\/pages\/10074","targetHints":{"allow":["GET"]}}],"collection":[{"href":"https:\/\/www.adiestradorcanino.com\/webdelperro\/wp-json\/wp\/v2\/pages"}],"about":[{"href":"https:\/\/www.adiestradorcanino.com\/webdelperro\/wp-json\/wp\/v2\/types\/page"}],"author":[{"embeddable":true,"href":"https:\/\/www.adiestradorcanino.com\/webdelperro\/wp-json\/wp\/v2\/users\/2"}],"replies":[{"embeddable":true,"href":"https:\/\/www.adiestradorcanino.com\/webdelperro\/wp-json\/wp\/v2\/comments?post=10074"}],"version-history":[{"count":0,"href":"https:\/\/www.adiestradorcanino.com\/webdelperro\/wp-json\/wp\/v2\/pages\/10074\/revisions"}],"up":[{"embeddable":true,"href":"https:\/\/www.adiestradorcanino.com\/webdelperro\/wp-json\/wp\/v2\/pages\/7883"}],"wp:attachment":[{"href":"https:\/\/www.adiestradorcanino.com\/webdelperro\/wp-json\/wp\/v2\/media?parent=10074"}],"wp:term":[{"taxonomy":"post_tag","embeddable":true,"href":"https:\/\/www.adiestradorcanino.com\/webdelperro\/wp-json\/wp\/v2\/tags?post=10074"}],"curies":[{"name":"wp","href":"https:\/\/api.w.org\/{rel}","templated":true}]}}

Adiestramiento canino Centro De Educación Canina &#8211; La Llamada De Buck &#8211; Margen Izquierda en Muskiz, Bizkaia

<p>Si buscas en la búsqueda de un lugar de confianza idóneo para adiestramiento de perros dentro de Muskiz, nuestra institución se presenta como una alternativa destacada. Este centro trabaja en el entrenamiento de canes de todas las edades y razas, siempre utilizando con amigables además de útiles.</p>



<h2 class="wp-block-heading has-text-align-left nombreclinica">Centro De Educación Canina &#8211; La Llamada De Buck &#8211; Margen Izquierda</h2>



<div class="wp-block-group is-layout-constrained wp-block-group-is-layout-constrained">
<div class="wp-block-columns nc-clase-ficha is-layout-flex wp-container-core-columns-is-layout-9d6595d7 wp-block-columns-is-layout-flex">
<div class="wp-block-column is-vertically-aligned-center is-layout-flow wp-block-column-is-layout-flow">
<figure class="wp-block-image size-full"><img decoding="async" src="https://www.adiestradorcanino.com/webdelperro/wp-content/uploads/2025/07/Centro-De-Educacion-Canina-La-Llamada-De-Buck-Margen-Izquierda.png" alt="Centro De Educación Canina - La Llamada De Buck - Margen Izquierda" class="wp-image-19766"/></figure>



<p>Dentro de los tratamientos más demandados están los obediencia básica, la corrección de conductas inapropiadas, la socialización con otros perros y las clases específicas para cachorros. Asimismo, en nuestro centro se adaptan a las necesidades específicas de cada familia y su mascota.</p>
</div>



<div class="wp-block-column is-vertically-aligned-center is-layout-flow wp-block-column-is-layout-flow">
<div class="su-service"><div class="su-service-title" style="padding-left:46px;min-height:32px;line-height:32px"><i class="sui sui-user" style="font-size:32px;color:#2471a3"></i> <strong>Nombre</strong></div><div class="su-service-content su-u-clearfix su-u-trim" style="padding-left:46px">Centro De Educación Canina &#8211; La Llamada De Buck &#8211; Margen Izquierda</div></div>



<div class="su-service"><div class="su-service-title" style="padding-left:46px;min-height:32px;line-height:32px"><i class="sui sui-map-marker" style="font-size:32px;color:#2471a3"></i> <strong>Dirección</strong></div><div class="su-service-content su-u-clearfix su-u-trim" style="padding-left:46px">Autonomia Kalea, Nº15, Bajo C, 48550 Muskiz, Bizkaia</div></div>



<div class="su-service"><div class="su-service-title" style="padding-left:46px;min-height:32px;line-height:32px"><i class="sui sui-volume-control-phone" style="font-size:32px;color:#2471a3"></i> <strong>Teléfono</strong></div><div class="su-service-content su-u-clearfix su-u-trim" style="padding-left:46px">616 93 59 23</div></div>



<div class="su-service"><div class="su-service-title" style="padding-left:46px;min-height:32px;line-height:32px"><i class="sui sui-globe" style="font-size:32px;color:#2471a3"></i> <strong>Sitio web</strong></div><div class="su-service-content su-u-clearfix su-u-trim" style="padding-left:46px">http://dogtrain.es/</div></div>



<div class="su-service"><div class="su-service-title" style="padding-left:46px;min-height:32px;line-height:32px"><i class="sui sui-star" style="font-size:32px;color:#2471a3"></i> Valoración de los clientes</div><div class="su-service-content su-u-clearfix su-u-trim" style="padding-left:46px">4 / 5 (1)</div></div>
</div>
</div>
</div>



<div class="wp-block-columns is-layout-flex wp-container-core-columns-is-layout-9d6595d7 wp-block-columns-is-layout-flex">
<div class="wp-block-column mapa2 is-layout-flow wp-block-column-is-layout-flow">
<h2 class="wp-block-heading">Ubicación de Centro De Educación Canina &#8211; La Llamada De Buck &#8211; Margen Izquierda</h2>



<div class="su-gmap su-u-responsive-media-yes mapa"><iframe loading="lazy" width="600" height="280" src="//maps.google.com/maps?q=Centro%20De%20Educaci%C3%B3n%20Canina%20-%20La%20Llamada%20De%20Buck%20-%20Margen%20Izquierda%2C%20Autonomia%20Kalea%2C%20N%C2%BA15%2C%20Bajo%20C%2C%2048550%20Muskiz%2C%20Bizkaia&amp;output=embed&amp;z=20" title=""></iframe></div>



<h2 class="wp-block-heading">Horarios de Centro De Educación Canina &#8211; La Llamada De Buck &#8211; Margen Izquierda</h2>



<figure class="wp-block-table"><table><tbody><tr><td><strong>Lunes</strong></td><td>lunes: 7:00–21:00</td></tr><tr><td><strong>Martes</strong></td><td>martes: 7:00–21:00</td></tr><tr><td><strong>Miércoles</strong></td><td>miércoles: 7:00–21:00</td></tr><tr><td><strong>Jueves</strong></td><td>jueves: 7:00–21:00</td></tr><tr><td><strong>Viernes</strong></td><td>viernes: 7:00–21:00</td></tr><tr><td><strong>Sábado</strong></td><td>sábado: 7:00–14:00</td></tr><tr><td><strong>Domingo</strong></td><td>domingo: 7:00–14:00</td></tr></tbody></table></figure>



<h2 class="wp-block-heading">Teléfono de Centro De Educación Canina &#8211; La Llamada De Buck &#8211; Margen Izquierda</h2>



<p>Si quieres comunicarte con <strong>Centro De Educación Canina &#8211; La Llamada De Buck &#8211; Margen Izquierda</strong>, puedes hacerlo directamente llamando al siguiente número:</p>



<div class="wp-block-buttons is-content-justification-center is-layout-flex wp-container-core-buttons-is-layout-16018d1d wp-block-buttons-is-layout-flex">
<div class="wp-block-button is-style-fill"><a class="wp-block-button__link has-background has-medium-font-size has-custom-font-size wp-element-button" href="tel:616 93 59 23" style="border-radius:6px;background-color:#2471a3">Llamar ahora</a></div>
</div>



<h2 class="wp-block-heading">Más información</h2>



<p>En el Centro De Educación Canina &#8211; La Llamada De Buck, ubicado en Autonomia Kalea, Nº15, Bajo C, 48550 Muskiz, Bizkaia, ofrecemos un enfoque integral para el adiestramiento canino en Muskiz, diseñado para mejorar la convivencia entre perros y sus dueños. Nuestros servicios abarcan desde la obediencia básica y avanzada hasta la socialización y la modificación de conducta, adaptándonos a las necesidades específicas de cada mascota. Contamos con un equipo de adiestradores de perros en Bizkaia altamente capacitados que utilizan métodos positivos y respetuosos, lo que nos diferencia de otros centros. Nuestro compromiso es brindar un ambiente cálido y profesional, donde tu perro pueda aprender y desarrollarse de manera positiva, garantizando así una relación armoniosa y duradera. Si buscas adiestrar perros de manera eficaz en Muskiz, en La Llamada De Buck encontrarás el apoyo y la experiencia que necesitas.</p>



<p>Situado en Autonomia Kalea, Nº15, Bajo C, 48550 Muskiz, Bizkaia, el centro de adiestramiento canino en Muskiz ha sido destacado por su atención afectuoso, profesionalidad y logros notables. Mira las valoraciones de otros clientes para entender su experiencia.</p>
</div>
</div>



<p></p>



<p>Si necesitas conocer otros (PONER NEGOCIO, ej: asesoría legal, decoración de eventos, instalaciones eléctricas) puedes <strong><a href="/">visitar nuestra página principal</a></strong>.</p>

<p>Si buscas en la búsqueda de un lugar de confianza idóneo para adiestramiento de perros dentro de Muskiz, nuestra institución se presenta como una alternativa destacada. Este centro trabaja en el entrenamiento de canes de todas las edades y razas, siempre utilizando con amigables además de útiles. Centro De Educación Canina &#8211; La Llamada De [&hellip;]</p>
